000
CXAK56 PAFC 011256
CF6SNP
PRELIMINARY LOCAL CLIMATOLOGICAL DATA (WS FORM: F-6)
STATION: SAINT PAUL ISLAND
MONTH: NOVEMBER
YEAR: 2022
LATITUDE: 57 9 N
LONGITUDE: 170 13 W
TEMPERATURE IN F: :PCPN: SNOW: WIND :SUNSHINE: SKY :PK WND
================================================================================
1 2 3 4 5 6A 6B 7 8 9 10 11 12 13 14 15 16 17 18
12Z AVG MX 2MIN
DY MAX MIN AVG DEP HDD CDD WTR SNW DPTH SPD SPD DIR MIN PSBL S-S WX SPD DR
================================================================================
1 39 33 36 0 29 0 0.42 M M 20.9 36 280 M M 9 1 47 280
2 38 31 35 -1 30 0 0.02 M M 18.5 37 260 M M 8 18 48 270
3 36 32 34 -2 31 0 0.02 M M 12.0 22 230 M M 10 27 230
4 42 33 38 2 27 0 0.02 M M 16.8 30 270 M M 7 1 37 270
5 41 35 38 2 27 0 T M M 16.8 28 180 M M 9 34 190
6 43 36 40 4 25 0 0.72 M M 28.0 41 110 M M 10 18 52 110
7 44 40 42 7 23 0 0.25 M M 23.8 35 250 M M 9 18 43 250
8 43 35 39 4 26 0 0.02 M M 14.0 22 280 M M 4 27 240
9 43 29 36 1 29 0 0.01 M M 14.6 30 240 M M 3 18 36 240
10 40 37 39 4 26 0 0.17 M M 32.0 47 80 M M 10 1 58 70
11 38 34 36 1 29 0 0.29 M M 30.5 43 50 M M 10 1 55 50
12 35 31 33 -1 32 0 0.10 M M 25.3 33 40 M M 9 1 41 40
13 34 30 32 -2 33 0 T M M 25.6 33 30 M M 9 42 30
14 35 32 34 0 31 0 0.00 M M 12.9 23 20 M M 10 27 20
15 40 31 36 2 29 0 0.00 M M 20.0 30 140 M M 6 1 35 140
16 42 39 41 7 24 0 0.21 M M 16.4 28 130 M M 8 1 34 130
17 41 40 41 7 24 0 T M M 15.1 22 160 M M 10 1 28 180
18 39 38 39 6 26 0 T M M 10.4 17 140 M M 10 12 19 140
19 41 36 39 6 26 0 0.05 M M 14.1 21 90 M M 10 1 24 80
20 40 36 38 5 27 0 0.12 M M 14.1 32 350 M M 10 1 39 350
21 36 24 30 -3 35 0 0.02 M M 28.3 37 330 M M 9 18 50 320
22 29 26 28 -5 37 0 0.03 M M 21.5 31 330 M M 9 18 39 330
23 41 25 33 0 32 0 0.14 M M 14.1 29 230 M M 9 1 37 220
24 37 33 35 3 30 0 0.04 M M 14.6 31 270 M M 3 18 38 270
25 36 27 32 0 33 0 0.04 M M 13.9 29 290 M M 7 18 38 270
26 36 29 33 1 32 0 T M M 17.5 46 90 M M 10 8 56 100
27 40 33 37 5 28 0 0.19 M M 25.3 48 90 M M 10 128 58 90
28 39 36 38 6 27 0 T M M 10.4 16 140 M M 10 12 19 140
29 40 37 39 7 26 0 T M M 19.5 29 140 M M 10 1 33 140
30 42 39 41 9 24 0 0.14 M M 12.1 24 180 M M 10 12 29 180
================================================================================
SM 1170 997 858 0 3.02 M 559.0 M 258
================================================================================
AV 39.0 33.2 18.6 FASTST M M 9 MAX(MPH)
MISC ----> 48 90 # 58 70
================================================================================
NOTES:
# LAST OF SEVERAL OCCURRENCES
COLUMN 17 PEAK WIND IN M.P.H.
PRELIMINARY LOCAL CLIMATOLOGICAL DATA (WS FORM: F-6) , PAGE 2
STATION: SAINT PAUL ISLAND
MONTH: NOVEMBER
YEAR: 2022
LATITUDE: 57 9 N
LONGITUDE: 170 13 W
[TEMPERATURE DATA] [PRECIPITATION DATA] SYMBOLS USED IN COLUMN 16
AVERAGE MONTHLY: 36.1 TOTAL FOR MONTH: 3.02 1 = FOG OR MIST
DPTR FM NORMAL: 2.2 DPTR FM NORMAL: 0.05 2 = FOG REDUCING VISIBILITY
HIGHEST: 44 ON 7 GRTST 24HR 0.97 ON 6- 7 TO 1/4 MILE OR LESS
LOWEST: 24 ON 21 3 = THUNDER
SNOW, ICE PELLETS, HAIL 4 = ICE PELLETS
TOTAL MONTH: M 5 = HAIL
GRTST 24HR M ON M 6 = FREEZING RAIN OR DRIZZLE
GRTST DEPTH: M ON M 7 = DUSTSTORM OR SANDSTORM:
VSBY 1/2 MILE OR LESS
8 = SMOKE OR HAZE
[NO. OF DAYS WITH] [WEATHER - DAYS WITH] 9 = BLOWING SNOW
X = TORNADO
MAX 32 OR BELOW: 1 0.01 INCH OR MORE: 21
MAX 90 OR ABOVE: 0 0.10 INCH OR MORE: 11
MIN 32 OR BELOW: 12 0.50 INCH OR MORE: 1
MIN 0 OR BELOW: 0 1.00 INCH OR MORE: 0
[HDD (BASE 65) ]
TOTAL THIS MO. 858 CLEAR (SCALE 0-3) 0
DPTR FM NORMAL -75 PTCLDY (SCALE 4-7) 7
TOTAL FM JUL 1 3293 CLOUDY (SCALE 8-10) 23
DPTR FM NORMAL -11
[CDD (BASE 65) ]
TOTAL THIS MO. 0
DPTR FM NORMAL 0 [PRESSURE DATA]
TOTAL FM JAN 1 0 HIGHEST SLP 30.65 ON 5
DPTR FM NORMAL 0 LOWEST SLP 29.02 ON 11
[REMARKS]
#FINAL-11-22#