000
CXAK56 PAFC 011005
CF6SNP
PRELIMINARY LOCAL CLIMATOLOGICAL DATA (WS FORM: F-6)
STATION: SAINT PAUL ISLAND
MONTH: FEBRUARY
YEAR: 2021
LATITUDE: 57 9 N
LONGITUDE: 170 13 W
TEMPERATURE IN F: :PCPN: SNOW: WIND :SUNSHINE: SKY :PK WND
================================================================================
1 2 3 4 5 6A 6B 7 8 9 10 11 12 13 14 15 16 17 18
12Z AVG MX 2MIN
DY MAX MIN AVG DEP HDD CDD WTR SNW DPTH SPD SPD DIR MIN PSBL S-S WX SPD DR
================================================================================
1 40 35 38 14 27 0 0.06 M M 14.5 33 140 M M 10 1 43 140
2 38 30 34 10 31 0 T M M 12.1 17 280 M M 2 1 M M
3 37 32 35 11 30 0 0.01 M M 16.2 26 170 M M 8 1 36 170
4 38 34 36 12 29 0 0.04 M M 21.3 36 250 M M 9 1 47 250
5 37 29 33 9 32 0 0.06 M M 16.9 30 250 M M 5 18 45 230
6 M M M M M M 0.00 M M M M M M M 0 M M
7 38 36 37 13 28 0 0.03 M M 10.3 13 300 M M 5 1 M M
8 38 32 35 11 30 0 T M M 10.7 17 340 M M 6 1 M M
9 36 32 34 10 31 0 0.09 M M 20.3 30 70 M M 10 1 41 70
10 35 32 34 10 31 0 0.03 M M 28.7 35 70 M M 10 1 45 60
11 35 33 34 10 31 0 0.15 M M 27.1 38 60 M M 10 1 51 60
12 41 34 38 14 27 0 0.10 M M 14.3 21 120 M M 8 1 31 110
13 39 34 37 13 28 0 T M M 26.8 33 60 M M 10 1 51 70
14 39 33 36 12 29 0 0.06 M M 23.6 35 60 M M 8 18 51 60
15 39 36 38 14 27 0 0.09 M M 18.4 23 70 M M 10 1 35 80
16 39 36 38 14 27 0 0.04 M M 12.7 18 70 M M 10 1 22 80
17 36 32 34 10 31 0 T M M 11.8 15 360 M M 8 1 M M
18 29 26 28 4 37 0 T M M 11.6 24 90 M M 6 1 33 90
19 33 29 31 7 34 0 0.31 M M 29.6 39 90 M M 7 12 53 100
20 32 26 29 5 36 0 T M M 17.7 22 70 M M 6 1 M M
21 20 16 18 -6 47 0 0.02 M M 13.7 18 340 M M 10 24 20
22 38 16 27 3 38 0 0.14 M M 18.6 37 90 M M 5 9 52 110
23 38 33 36 11 29 0 0.11 M M 16.1 25 180 M M 6 1 30 200
24 37 32 35 10 30 0 0.30 M M 14.6 29 230 M M 7 18 39 250
25 39 34 37 12 28 0 0.08 M M 17.3 31 240 M M 8 1 46 250
26 37 30 34 9 31 0 0.19 M M 7.3 17 230 M M 8 1 25 230
27 34 21 28 3 37 0 0.01 M M 16.0 21 340 M M 10 27 340
28 38 21 30 5 35 0 0.10 M M 25.6 41 150 M M 9 18 52 140
================================================================================
SM 980 814 851 0 2.02 M 473.8 M 211
================================================================================
AV 36.3 30.1 17.5 FASTST M M 8 MAX(MPH)
MISC ----> 41 150 53 100
================================================================================
NOTES:
# LAST OF SEVERAL OCCURRENCES
COLUMN 17 PEAK WIND IN M.P.H.
PRELIMINARY LOCAL CLIMATOLOGICAL DATA (WS FORM: F-6) , PAGE 2
STATION: SAINT PAUL ISLAND
MONTH: FEBRUARY
YEAR: 2021
LATITUDE: 57 9 N
LONGITUDE: 170 13 W
[TEMPERATURE DATA] [PRECIPITATION DATA] SYMBOLS USED IN COLUMN 16
AVERAGE MONTHLY: 33.2 TOTAL FOR MONTH: 2.02 1 = FOG OR MIST
DPTR FM NORMAL: 8.8 DPTR FM NORMAL: 0.72 2 = FOG REDUCING VISIBILITY
HIGHEST: 41 ON 12 GRTST 24HR 0.31 ON 19-19 TO 1/4 MILE OR LESS
LOWEST: 16 ON 22,21 3 = THUNDER
SNOW, ICE PELLETS, HAIL 4 = ICE PELLETS
TOTAL MONTH: M 5 = HAIL
GRTST 24HR M ON M 6 = FREEZING RAIN OR DRIZZLE
GRTST DEPTH: M ON M 7 = DUSTSTORM OR SANDSTORM:
VSBY 1/2 MILE OR LESS
8 = SMOKE OR HAZE
[NO. OF DAYS WITH] [WEATHER - DAYS WITH] 9 = BLOWING SNOW
X = TORNADO
MAX 32 OR BELOW: 3 0.01 INCH OR MORE: 21
MAX 90 OR ABOVE: 0 0.10 INCH OR MORE: 7
MIN 32 OR BELOW: 16 0.50 INCH OR MORE: 0
MIN 0 OR BELOW: 0 1.00 INCH OR MORE: 0
[HDD (BASE 65) ]
TOTAL THIS MO. 851 CLEAR (SCALE 0-3) 2
DPTR FM NORMAL -287 PTCLDY (SCALE 4-7) 15
TOTAL FM JUL 1 5574 CLOUDY (SCALE 8-10) 11
DPTR FM NORMAL -1345
[CDD (BASE 65) ]
TOTAL THIS MO. 0
DPTR FM NORMAL 0 [PRESSURE DATA]
TOTAL FM JAN 1 0 HIGHEST SLP M ON M
DPTR FM NORMAL 0 LOWEST SLP M ON M
[REMARKS]
#FINAL-02-21#