000
CXAK56 PAFC 011204
CF6SNP
PRELIMINARY LOCAL CLIMATOLOGICAL DATA (WS FORM: F-6)
STATION: SAINT PAUL ISLAND
MONTH: NOVEMBER
YEAR: 2023
LATITUDE: 57 9 N
LONGITUDE: 170 13 W
TEMPERATURE IN F: :PCPN: SNOW: WIND :SUNSHINE: SKY :PK WND
================================================================================
1 2 3 4 5 6A 6B 7 8 9 10 11 12 13 14 15 16 17 18
12Z AVG MX 2MIN
DY MAX MIN AVG DEP HDD CDD WTR SNW DPTH SPD SPD DIR MIN PSBL S-S WX SPD DR
================================================================================
1 42 39 41 5 24 0 0.29 M M 21.6 33 30 M M 10 1 44 30
2 43 39 41 5 24 0 0.35 M M 22.9 30 30 M M 10 1 39 40
3 39 34 37 1 28 0 T M M 21.4 29 10 M M 10 1 37 20
4 39 32 36 0 29 0 0.01 M M 8.1 20 350 M M 10 1 29 330
5 45 35 40 4 25 0 0.27 M M 17.1 25 260 M M 9 1 36 270
6 42 33 38 2 27 0 0.08 M M 18.6 38 250 M M 6 18 54 250
7 37 33 35 0 30 0 0.07 M M 19.4 35 340 M M 9 18 46 350
8 38 24 31 -4 34 0 T M M 10.8 26 330 M M 7 36 330
9 39 27 33 -2 32 0 0.03 M M 11.4 23 330 M M 9 18 29 320
10 37 31 34 -1 31 0 0.05 M M 23.4 37 300 M M 7 18 55 290
11 45 36 41 6 24 0 0.19 M M 19.6 28 270 M M 10 1 38 270
12 45 37 41 7 24 0 0.11 M M 21.9 37 260 M M 9 18 50 250
13 44 36 40 6 25 0 0.01 M M 20.2 43 260 M M 8 18 56 260
14 48 40 44 10 21 0 0.38 M M 23.9 40 220 M M 9 18 56 220
15 42 29 36 2 29 0 0.01 M M 27.0 46 210 M M 10 18 63 210
16 32 23 28 -6 37 0 0.02 M M 13.6 27 330 M M 7 1 45 330
17 36 18 27 -7 38 0 0.08 M M 5.8 17 260 M M 7 1 22 270
18 37 13 25 -8 40 0 0.02 M M 3.8 15 300 M M 3 1 M M
19 40 32 36 3 29 0 T M M 27.1 45 150 M M 8 57 150
20 41 39 40 7 25 0 0.09 M M 32.0 41 150 M M 10 18 59 150
21 42 39 41 8 24 0 0.01 M M 11.6 21 90 M M 8 1 27 90
22 43 39 41 8 24 0 0.05 M M 27.4 36 70 M M 10 1 52 70
23 45 40 43 10 22 0 0.02 M M 19.0 25 70 M M 10 1 35 70
24 42 37 40 8 25 0 0.02 M M 16.1 22 20 M M 10 1 30 30
25 39 32 36 4 29 0 T M M 12.4 37 140 M M 10 12 46 140
26 43 33 38 6 27 0 0.31 M M 27.8 45 270 M M 10 1 71 270
27 36 31 34 2 31 0 0.10 M M 17.4 37 220 M M 4 18 52 230
28 34 23 29 -3 36 0 0.14 M M 7.4 28 220 M M 4 18 37 200
29 37 28 33 1 32 0 0.01 M M 18.1 32 90 M M 6 18 42 90
30 37 33 35 3 30 0 T M M 25.2 29 70 M M 7 43 80
================================================================================
SM 1209 965 856 0 2.72 M 552.0 M 247
================================================================================
AV 40.3 32.2 18.4 FASTST M M 8 MAX(MPH)
MISC ----> 46 210 71 270
================================================================================
NOTES:
# LAST OF SEVERAL OCCURRENCES
COLUMN 17 PEAK WIND IN M.P.H.
PRELIMINARY LOCAL CLIMATOLOGICAL DATA (WS FORM: F-6) , PAGE 2
STATION: SAINT PAUL ISLAND
MONTH: NOVEMBER
YEAR: 2023
LATITUDE: 57 9 N
LONGITUDE: 170 13 W
[TEMPERATURE DATA] [PRECIPITATION DATA] SYMBOLS USED IN COLUMN 16
AVERAGE MONTHLY: 36.2 TOTAL FOR MONTH: 2.72 1 = FOG OR MIST
DPTR FM NORMAL: 2.3 DPTR FM NORMAL: -0.25 2 = FOG REDUCING VISIBILITY
HIGHEST: 48 ON 14 GRTST 24HR 0.53 ON 1- 2 TO 1/4 MILE OR LESS
LOWEST: 13 ON 18 3 = THUNDER
SNOW, ICE PELLETS, HAIL 4 = ICE PELLETS
TOTAL MONTH: M 5 = HAIL
GRTST 24HR M ON M 6 = FREEZING RAIN OR DRIZZLE
GRTST DEPTH: M ON M 7 = DUSTSTORM OR SANDSTORM:
VSBY 1/2 MILE OR LESS
8 = SMOKE OR HAZE
[NO. OF DAYS WITH] [WEATHER - DAYS WITH] 9 = BLOWING SNOW
X = TORNADO
MAX 32 OR BELOW: 1 0.01 INCH OR MORE: 25
MAX 90 OR ABOVE: 0 0.10 INCH OR MORE: 9
MIN 32 OR BELOW: 13 0.50 INCH OR MORE: 0
MIN 0 OR BELOW: 0 1.00 INCH OR MORE: 0
[HDD (BASE 65) ]
TOTAL THIS MO. 856 CLEAR (SCALE 0-3) 1
DPTR FM NORMAL -77 PTCLDY (SCALE 4-7) 11
TOTAL FM JUL 1 3124 CLOUDY (SCALE 8-10) 18
DPTR FM NORMAL -180
[CDD (BASE 65) ]
TOTAL THIS MO. 0
DPTR FM NORMAL 0 [PRESSURE DATA]
TOTAL FM JAN 1 0 HIGHEST SLP M ON M
DPTR FM NORMAL 0 LOWEST SLP 28.65 ON 15
[REMARKS]
#FINAL-11-23#