000
CXUS53 KCYS 070134
CLASNY
CLIMATE REPORT
NATIONAL WEATHER SERVICE CHEYENNE WY
629 PM MST FRI JAN 06 2023
...................................
...THE SIDNEY NEBRASKA AIRPORT CLIMATE SUMMARY FOR THE YEAR OF 2022...
CLIMATE NORMAL PERIOD 1991 TO 2020
CLIMATE RECORD PERIOD 1948 TO 2023
WEATHER OBSERVED NORMAL DEPART LAST YEAR`S
VALUE DATE(S) VALUE FROM VALUE DATE(S)
NORMAL
................................................................
TEMPERATURE (F)
RECORD
HIGH 111 06/26/2012
LOW -39 12/22/1989
HIGHEST 106 07/18 MM MM 103 06/16
LOWEST -19 12/22 MM MM -31 02/14
AVG. MAXIMUM 64.8 63.8 1.0 65.2
AVG. MINIMUM 31.7 33.1 -1.4 33.4
MEAN 48.2 48.5 -0.3 49.3
DAYS MAX >= 90 69 47.0 22.0 51
DAYS MAX <= 32 34 29.0 5.0 18
DAYS MIN <= 32 193 179.8 13.2 186
DAYS MIN <= 0 24 10.8 13.2 11
PRECIPITATION (INCHES)
RECORD
MAXIMUM 27.82 2011
MINIMUM 5.83 2020
TOTALS MM 15.84 MM 8.46
DAILY AVG. 0.02 0.04 -0.02 0.02
DAYS >= .01 45 84.2 -39.2 42
DAYS >= .10 16 33.9 -17.9 22
DAYS >= .50 1 7.7 -6.7 3
DAYS >= 1.00 1 1.9 -0.9 2
GREATEST
24 HR. TOTAL 1.01 05/01 TO 05/02 1.91 07/31 TO 07/31
07/31 TO 07/31
STORM TOTAL 1.00 1.91
(MM/DD(HH)) MM
DEGREE DAYS
HEATING TOTAL 7003 6680 323 6409
SINCE 7/1 2828 2714 114 MM
COOLING TOTAL 1010 692 318 699
SINCE 1/1 1010 692 318 MM
................................................................
WIND (MPH)
AVERAGE WIND SPEED 12.6
HIGHEST WIND SPEED/DIRECTION 54/340 DATE 04/07
HIGHEST GUST SPEED/DIRECTION 76/160 DATE 04/22
SKY COVER
POSSIBLE SUNSHINE (PERCENT) MM
AVERAGE SKY COVER 0.21
NUMBER OF DAYS FAIR 279
NUMBER OF DAYS PC 63
NUMBER OF DAYS CLOUDY 23
AVERAGE RH (PERCENT) 56
WEATHER CONDITIONS. NUMBER OF DAYS WITH
THUNDERSTORM 40 MIXED PRECIP 0
HEAVY RAIN 12 RAIN 21
LIGHT RAIN 71 FREEZING RAIN 0
LT FREEZING RAIN 3 HAIL 0
HEAVY SNOW 7 SNOW 11
LIGHT SNOW 40 SLEET 0
FOG 86 FOG W/VIS <= 1/4 MILE 20
HAZE 50
- INDICATES NEGATIVE NUMBERS.
R INDICATES RECORD WAS SET OR TIED.
MM INDICATES DATA IS MISSING.
T INDICATES TRACE AMOUNT.
$$