000
CXUS55 KPUB 011210
CF6SPD
PRELIMINARY LOCAL CLIMATOLOGICAL DATA (WS FORM: F-6)
STATION: SPRINGFIELD CO
MONTH: MAY
YEAR: 2023
LATITUDE: 37 16 N
LONGITUDE: 102 37 W
TEMPERATURE IN F: :PCPN: SNOW: WIND :SUNSHINE: SKY :PK WND
================================================================================
1 2 3 4 5 6A 6B 7 8 9 10 11 12 13 14 15 16 17 18
12Z AVG MX 2MIN
DY MAX MIN AVG DEP HDD CDD WTR SNW DPTH SPD SPD DIR MIN PSBL S-S WX SPD DR
================================================================================
1 81 40 61 7 4 0 0.00 M M 10.1 23 40 M M 0 30 220
2 73 41 57 2 8 0 0.00 M M 11.4 21 140 M M 0 30 150
3 82 51 67 12 0 2 0.00 M M 14.7 31 180 M M 0 39 180
4 83 52 68 13 0 3 0.01 M M 12.9 37 320 M M 0 52 310
5 85 48 67 11 0 2 0.00 M M 15.4 32 230 M M 0 44 220
6 83 45 64 8 1 0 0.00 M M 13.2 29 190 M M 0 38 180
7 84 49 67 11 0 2 0.00 M M 10.6 21 30 M M 0 28 260
8 81 46 64 7 1 0 0.00 M M 13.2 23 140 M M 0 30 120
9 91 50 71 14 0 6 0.00 M M 11.4 24 170 M M 0 35 200
10 89 57 73 15 0 8 0.00 M M 21.4 37 150 M M 0 49 150
11 75 52 64 6 1 0 0.00 M M 20.5 35 150 M M 0 46 140
12 73 50 62 4 3 0 0.00 M M 19.6 35 310 M M 0 45 340
13 66 51 59 0 6 0 0.02 M M 13.8 25 330 M M 0 33 330
14 67 53 60 1 5 0 0.34 M M 14.4 22 20 M M 0 28 30
15 65 46 56 -4 9 0 0.01 M M 13.3 22 350 M M 0 28 350
16 83 43 63 3 2 0 0.00 M M 5.9 15 20 M M 0 22 20
17 80 51 66 5 0 1 0.00 M M 9.5 30 190 M M 0 37 190
18 79 47 63 2 2 0 0.19 M M 11.0 31 320 M M 0 39 310
19 61 46 54 -8 11 0 0.16 M M 11.9 25 360 M M 0 31 10
20 73 42 58 -4 7 0 0.00 M M 11.5 23 180 M M 0 41 170
21 79 49 64 2 1 0 0.05 M M 6.9 29 160 M M 0 37 160
22 73 56 65 2 0 0 0.01 M M 5.7 17 80 M M 0 21 70
23 65 51 58 -5 7 0 0.00 M M 7.3 16 130 M M 0 19 130
24 72 55 64 0 1 0 0.00 M M 10.4 21 110 M M 0 28 130
25 76 51 64 0 1 0 0.08 M M 12.6 25 220 M M 0 39 150
26 76 54 65 0 0 0 0.71 M M 17.5 30 160 M M 0 40 170
27 79 54 67 2 0 2 0.00 M M 18.4 31 190 M M 0 43 200
28 81 55 68 3 0 3 0.16 M M 10.3 23 170 M M 0 37 160
29 81 55 68 2 0 3 0.00 M M 11.8 23 170 M M 0 34 170
30 86 56 71 5 0 6 0.04 M M 15.8 30 200 M M 0 47 220
31 80 55 68 2 0 3 0.23 M M 16.7 31 200 M M 0 42 200
================================================================================
SM 2402 1551 70 41 2.01 M 399.1 M 0
================================================================================
AV 77.5 50.0 12.9 FASTST M M 0 MAX(MPH)
MISC ----> # 37 320 52 310
================================================================================
NOTES:
# LAST OF SEVERAL OCCURRENCES
COLUMN 17 PEAK WIND IN M.P.H.
PRELIMINARY LOCAL CLIMATOLOGICAL DATA (WS FORM: F-6) , PAGE 2
STATION: SPRINGFIELD CO
MONTH: MAY
YEAR: 2023
LATITUDE: 37 16 N
LONGITUDE: 102 37 W
[TEMPERATURE DATA] [PRECIPITATION DATA] SYMBOLS USED IN COLUMN 16
AVERAGE MONTHLY: 63.8 TOTAL FOR MONTH: 2.01 1 = FOG OR MIST
DPTR FM NORMAL: 3.5 DPTR FM NORMAL: 0.26 2 = FOG REDUCING VISIBILITY
HIGHEST: 91 ON 9 GRTST 24HR 0.71 ON 26-26 TO 1/4 MILE OR LESS
LOWEST: 40 ON 1 3 = THUNDER
SNOW, ICE PELLETS, HAIL 4 = ICE PELLETS
TOTAL MONTH: M 5 = HAIL
GRTST 24HR M ON M 6 = FREEZING RAIN OR DRIZZLE
GRTST DEPTH: M ON M 7 = DUSTSTORM OR SANDSTORM:
VSBY 1/2 MILE OR LESS
8 = SMOKE OR HAZE
[NO. OF DAYS WITH] [WEATHER - DAYS WITH] 9 = BLOWING SNOW
X = TORNADO
MAX 32 OR BELOW: 0 0.01 INCH OR MORE: 13
MAX 90 OR ABOVE: 1 0.10 INCH OR MORE: 6
MIN 32 OR BELOW: 0 0.50 INCH OR MORE: 1
MIN 0 OR BELOW: 0 1.00 INCH OR MORE: 0
[HDD (BASE 65) ]
TOTAL THIS MO. 70 CLEAR (SCALE 0-3) 31
DPTR FM NORMAL -123 PTCLDY (SCALE 4-7) 0
TOTAL FM JUL 1 5014 CLOUDY (SCALE 8-10) 0
DPTR FM NORMAL -376
[CDD (BASE 65) ]
TOTAL THIS MO. 41
DPTR FM NORMAL -6 [PRESSURE DATA]
TOTAL FM JAN 1 52 HIGHEST SLP 30.33 ON 15
DPTR FM NORMAL 3 LOWEST SLP 29.48 ON 11
[REMARKS]
#FINAL-05-23#