000
CXUS54 KOUN 011740
CLMSPS
CLIMATE REPORT
NATIONAL WEATHER SERVICE NORMAN OK
1240 PM CDT SAT JUL 01 2023
...................................
...THE WICHITA FALLS CLIMATE SUMMARY FOR THE MONTH OF JUNE 2023...
CLIMATE NORMAL PERIOD 1991 TO 2020
CLIMATE RECORD PERIOD 1897 TO 2023
WEATHER OBSERVED NORMAL DEPART LAST YEAR`S
VALUE DATE(S) VALUE FROM VALUE
NORMAL
..............................................................
TEMPERATURE (F)
RECORD
HIGH 117 06/28/1980
LOW 50 06/05/1928
HIGHEST 110 102 8 106
LOWEST 62 58 4 62
AVG. MAXIMUM 95.4 92.0 3.4 95.8
AVG. MINIMUM 68.7 68.3 0.4 70.7
MEAN 82.0 80.1 1.9 83.3
DAYS MAX >= 90 23 20.5 2.5 25
DAYS MAX <= 32 0 0.0 0.0 0
DAYS MIN <= 32 0 0.0 0.0 0
DAYS MIN <= 0 0 0.0 0.0 0
PRECIPITATION (INCHES)
RECORD
MAXIMUM 8.60 1989
MINIMUM T 2001
TOTALS 1.19 3.35 -2.16 2.66
DAILY AVG. 0.04 0.11 -0.07 0.09
DAYS >= .01 10 7.3 2.7 6
DAYS >= .10 6 4.6 1.4 5
DAYS >= .50 0 2.5 -2.5 2
DAYS >= 1.00 0 1.2 -1.2 1
GREATEST
24 HR. TOTAL 0.36 06/05 TO 06/05
DEGREE DAYS
COOLING TOTAL 519 455 64
SINCE 1/1 823 787 36
..............................................................
WIND (MPH)
AVERAGE WIND SPEED 9.9
HIGHEST WIND SPEED/DIRECTION 37/280 DATE 06/02
HIGHEST GUST SPEED/DIRECTION 48/280 DATE 06/02
WEATHER CONDITIONS. NUMBER OF DAYS WITH
THUNDERSTORM 13 MIXED PRECIP 0
HEAVY RAIN 1 RAIN 2
LIGHT RAIN 15 FREEZING RAIN 0
LT FREEZING RAIN 0 HAIL 0
HEAVY SNOW 0 SNOW 0
LIGHT SNOW 0 SLEET 0
FOG 16 FOG W/VIS <= 1/4 MILE 1
HAZE 1
- INDICATES NEGATIVE NUMBERS.
R INDICATES RECORD WAS SET OR TIED.
MM INDICATES DATA IS MISSING.
T INDICATES TRACE AMOUNT.
$$
RECORDS/REMARKS
RECORD COLD MAXIMUM TEMPERATURE OF 77 DEGREES SET ON JUNE 12TH
JANUARY-JUNE 2023 PRECIPITATION TOTAL IS 12.43