000
CXUS52 KTBW 011122
CF6SRQ
PRELIMINARY LOCAL CLIMATOLOGICAL DATA (WS FORM: F-6)
STATION: Sarasota Bradenton
MONTH: SEPTEMBER
YEAR: 2020
LATITUDE: 27 23 N
LONGITUDE: 82 33 W
TEMPERATURE IN F: :PCPN: SNOW: WIND :SUNSHINE: SKY :PK WND
================================================================================
1 2 3 4 5 6A 6B 7 8 9 10 11 12 13 14 15 16 17 18
12Z AVG MX 2MIN
DY MAX MIN AVG DEP HDD CDD WTR SNW DPTH SPD SPD DIR MIN PSBL S-S WX SPD DR
================================================================================
1 91 77 84 2 0 19 0.00 0.0 0 6.2 16 220 M M 1 3 19 220
2 94 79 87 5 0 22 0.02 0.0 0 5.8 18 150 M M 3 22 160
3 95 78 87 5 0 22 0.05 0.0 0 6.4 15 160 M M 1 3 19 320
4 96 79 88 6 0 23 0.00 0.0 0 5.4 15 290 M M 1 17 300
5 95 77 86 4 0 21 0.27 0.0 0 6.3 25 140 M M 4 13 29 150
6 94 77 86 4 0 21 0.13 0.0 0 5.8 16 150 M M 2 19 140
7 91 75 83 1 0 18 0.28 0.0 0 6.4 14 300 M M 2 13 16 310
8 92 75 84 2 0 19 0.73 0.0 0 7.4 17 40 M M 2 13 22 40
9 88 77 83 1 0 18 0.17 0.0 0 7.1 15 160 M M 4 13 19 160
10 93 75 84 2 0 19 2.50 0.0 0 7.0 22 110 M M 3 138 34 70
11 94 77 86 4 0 21 0.36 0.0 0 6.1 21 100 M M 2 13 26 100
12 90 78 84 2 0 19 T 0.0 0 13.8 28 110 M M 5 13 35 100
13 79 76 78 -4 0 13 1.26 0.0 0 14.6 28 110 M M 8 18 39 110
14 86 76 81 -1 0 16 0.01 0.0 0 8.4 16 140 M M 4 21 150
15 88 77 83 1 0 18 0.25 0.0 0 6.6 14 150 M M 3 1 17 110
16 91 78 85 3 0 20 0.18 0.0 0 11.8 22 190 M M 1 1 29 190
17 90 80 85 3 0 20 0.02 0.0 0 11.9 20 210 M M 4 25 210
18 88 79 84 3 0 19 0.85 0.0 0 6.7 15 280 M M 2 1 18 270
19 92 76 84 3 0 19 0.00 0.0 0 5.8 15 280 M M 1 19 290
20 91 78 85 4 0 20 T 0.0 0 12.7 25 50 M M 7 35 70
21 90 75 83 2 0 18 T 0.0 0 14.0 26 80 M M 4 8 33 70
22 90 72 81 0 0 16 0.00 0.0 0 11.4 22 110 M M 2 8 27 110
23 89 71 80 -1 0 15 0.00 0.0 0 7.6 16 120 M M 1 21 100
24 89 73 81 0 0 16 0.00 0.0 0 8.1 16 150 M M 2 20 140
25 89 77 83 2 0 18 0.00 0.0 0 6.0 13 280 M M 2 15 280
26 91 76 84 3 0 19 0.00 0.0 0 5.2 14 280 M M 2 3 18 270
27 91 77 84 4 0 19 0.00 0.0 0 4.5 12 270 M M 1 3 17 280
28 89 77 83 3 0 18 0.00 0.0 0 6.0 13 300 M M 2 16 280
29 90 76 83 3 0 18 0.75 0.0 0 7.0 23 250 M M 4 13 29 250
30 80 66 73 -7 0 8 0.00 0.0 0 10.0 20 30 M M 7 26 20
================================================================================
SM 2706 2284 0 552 7.83 0.0 242.0 M 87
================================================================================
AV 90.2 76.1 8.1 FASTST M M 3 MAX(MPH)
MISC ----> # 28 110 # 39 110
================================================================================
NOTES:
# LAST OF SEVERAL OCCURRENCES
COLUMN 17 PEAK WIND IN M.P.H.
PRELIMINARY LOCAL CLIMATOLOGICAL DATA (WS FORM: F-6) , PAGE 2
STATION: Sarasota Bradenton
MONTH: SEPTEMBER
YEAR: 2020
LATITUDE: 27 23 N
LONGITUDE: 82 33 W
[TEMPERATURE DATA] [PRECIPITATION DATA] SYMBOLS USED IN COLUMN 16
AVERAGE MONTHLY: 83.2 TOTAL FOR MONTH: 7.83 1 = FOG OR MIST
DPTR FM NORMAL: 1.8 DPTR FM NORMAL: 0.73 2 = FOG REDUCING VISIBILITY
HIGHEST: 96 ON 4 GRTST 24HR 2.50 ON 10-10 TO 1/4 MILE OR LESS
LOWEST: 66 ON 30 3 = THUNDER
SNOW, ICE PELLETS, HAIL 4 = ICE PELLETS
TOTAL MONTH: 0.0 INCH 5 = HAIL
GRTST 24HR 0.0 6 = FREEZING RAIN OR DRIZZLE
GRTST DEPTH: 0 7 = DUSTSTORM OR SANDSTORM:
VSBY 1/2 MILE OR LESS
8 = SMOKE OR HAZE
[NO. OF DAYS WITH] [WEATHER - DAYS WITH] 9 = BLOWING SNOW
X = TORNADO
MAX 32 OR BELOW: 0 0.01 INCH OR MORE: 16
MAX 90 OR ABOVE: 20 0.10 INCH OR MORE: 12
MIN 32 OR BELOW: 0 0.50 INCH OR MORE: 5
MIN 0 OR BELOW: 0 1.00 INCH OR MORE: 2
[HDD (BASE 65) ]
TOTAL THIS MO. 0 CLEAR (SCALE 0-3) 19
DPTR FM NORMAL 0 PTCLDY (SCALE 4-7) 11
TOTAL FM JUL 1 0 CLOUDY (SCALE 8-10) 0
DPTR FM NORMAL 0
[CDD (BASE 65) ]
TOTAL THIS MO. 552
DPTR FM NORMAL 60 [PRESSURE DATA]
TOTAL FM JAN 1 3628 HIGHEST SLP 30.10 ON 5
DPTR FM NORMAL 839 LOWEST SLP 29.71 ON 12
[REMARKS]
#FINAL-09-20#