000
CXUS52 KTBW 011014
CF6SRQ
PRELIMINARY LOCAL CLIMATOLOGICAL DATA (WS FORM: F-6)
STATION: SARASOTA BRADENTON
MONTH: SEPTEMBER
YEAR: 2023
LATITUDE: 27 23 N
LONGITUDE: 82 33 W
TEMPERATURE IN F: :PCPN: SNOW: WIND :SUNSHINE: SKY :PK WND
================================================================================
1 2 3 4 5 6A 6B 7 8 9 10 11 12 13 14 15 16 17 18
12Z AVG MX 2MIN
DY MAX MIN AVG DEP HDD CDD WTR SNW DPTH SPD SPD DIR MIN PSBL S-S WX SPD DR
================================================================================
1 91 78 85 2 0 20 0.00 0.0 0 7.3 14 60 M M 1 13 27 230
2 92 76 84 1 0 19 0.00 0.0 0 8.5 18 80 M M 2 29 90
3 92 74 83 0 0 18 0.00 0.0 0 9.9 18 90 M M 1 24 100
4 92 73 83 0 0 18 0.00 0.0 0 9.3 16 110 M M 1 33 140
5 93 74 84 1 0 19 0.00 0.0 0 6.8 13 280 M M 2 19 280
6 92 75 84 1 0 19 0.00 0.0 0 6.5 12 270 M M 1 18 260
7 91 76 84 1 0 19 0.00 0.0 0 5.2 12 260 M M 0 3 17 290
8 86 73 80 -3 0 15 0.79 0.0 0 7.1 23 350 M M 2 138 34 350
9 89 72 81 -2 0 16 0.00 0.0 0 5.7 17 270 M M 1 24 270
10 90 74 82 -1 0 17 0.00 0.0 0 5.4 12 260 M M 1 8 18 260
11 91 77 84 1 0 19 T 0.0 0 5.3 14 300 M M 1 3 20 270
12 95 75 85 2 0 20 0.00 0.0 0 6.2 18 100 M M 1 3 24 110
13 93 77 85 3 0 20 0.00 0.0 0 5.9 17 280 M M 1 23 310
14 92 77 85 3 0 20 0.00 0.0 0 6.9 18 280 M M 1 26 280
15 92 77 85 3 0 20 0.00 0.0 0 7.2 17 280 M M 1 22 290
16 95 76 86 4 0 21 0.00 0.0 0 6.9 16 290 M M 1 3 21 290
17 92 77 85 3 0 20 T 0.0 0 6.3 17 270 M M 0 26 260
18 93 77 85 3 0 20 0.17 0.0 0 5.9 17 90 M M 3 13 22 100
19 88 76 82 0 0 17 0.00 0.0 0 9.6 20 90 M M 1 26 100
20 91 73 82 0 0 17 0.91 0.0 0 8.8 24 180 M M 3 13 40 180
21 89 72 81 -1 0 16 0.00 0.0 0 6.5 17 70 M M 3 3 24 70
22 91 73 82 0 0 17 0.00 0.0 0 7.1 14 100 M M 2 20 70
23 88 70 79 -3 0 14 0.00 0.0 0 6.4 14 330 M M 1 20 340
24 91 72 82 0 0 17 0.00 0.0 0 8.7 18 110 M M 2 3 23 110
25 89 73 81 0 0 16 T 0.0 0 8.8 20 110 M M 1 26 140
26 86 76 81 0 0 16 T 0.0 0 7.1 13 140 M M 1 17 140
27 87 76 82 1 0 17 0.01 0.0 0 7.8 17 210 M M 3 21 200
28 91 74 83 2 0 18 T 0.0 0 7.1 14 60 M M 5 21 50
29 87 76 82 1 0 17 T 0.0 0 7.0 14 60 M M 5 3 20 60
30 94 76 85 4 0 20 0.00 0.0 0 7.1 20 60 M M 5 3 26 60
================================================================================
SM 2723 2245 0 542 1.88 0.0 214.3 M 53
================================================================================
AV 90.8 74.8 7.1 FASTST M M 2 MAX(MPH)
MISC ----> 24 180 40 180
================================================================================
NOTES:
# LAST OF SEVERAL OCCURRENCES
COLUMN 17 PEAK WIND IN M.P.H.
PRELIMINARY LOCAL CLIMATOLOGICAL DATA (WS FORM: F-6) , PAGE 2
STATION: SARASOTA BRADENTON
MONTH: SEPTEMBER
YEAR: 2023
LATITUDE: 27 23 N
LONGITUDE: 82 33 W
[TEMPERATURE DATA] [PRECIPITATION DATA] SYMBOLS USED IN COLUMN 16
AVERAGE MONTHLY: 82.8 TOTAL FOR MONTH: 1.88 1 = FOG OR MIST
DPTR FM NORMAL: 0.6 DPTR FM NORMAL: -4.12 2 = FOG REDUCING VISIBILITY
HIGHEST: 95 ON 16,12 GRTST 24HR 0.91 ON 20-20 TO 1/4 MILE OR LESS
LOWEST: 70 ON 23 3 = THUNDER
SNOW, ICE PELLETS, HAIL 4 = ICE PELLETS
TOTAL MONTH: 0.0 INCH 5 = HAIL
GRTST 24HR 0.0 6 = FREEZING RAIN OR DRIZZLE
GRTST DEPTH: 0 7 = DUSTSTORM OR SANDSTORM:
VSBY 1/2 MILE OR LESS
8 = SMOKE OR HAZE
[NO. OF DAYS WITH] [WEATHER - DAYS WITH] 9 = BLOWING SNOW
X = TORNADO
MAX 32 OR BELOW: 0 0.01 INCH OR MORE: 4
MAX 90 OR ABOVE: 21 0.10 INCH OR MORE: 3
MIN 32 OR BELOW: 0 0.50 INCH OR MORE: 2
MIN 0 OR BELOW: 0 1.00 INCH OR MORE: 0
[HDD (BASE 65) ]
TOTAL THIS MO. 0 CLEAR (SCALE 0-3) 25
DPTR FM NORMAL 0 PTCLDY (SCALE 4-7) 5
TOTAL FM JUL 1 0 CLOUDY (SCALE 8-10) 0
DPTR FM NORMAL 0
[CDD (BASE 65) ]
TOTAL THIS MO. 542
DPTR FM NORMAL 28 [PRESSURE DATA]
TOTAL FM JAN 1 3634 HIGHEST SLP 30.07 ON 2
DPTR FM NORMAL 577 LOWEST SLP 29.82 ON 23
[REMARKS]
#FINAL-09-23#