000
CXUS54 KEPZ 011030
CF6SRR
PRELIMINARY LOCAL CLIMATOLOGICAL DATA (WS FORM: F-6)
STATION: RUIDOSO AWOS
MONTH: JULY
YEAR: 2021
LATITUDE: 33 28 N
LONGITUDE: 105 32 W
TEMPERATURE IN F: :PCPN: SNOW: WIND :SUNSHINE: SKY :PK WND
================================================================================
1 2 3 4 5 6A 6B 7 8 9 10 11 12 13 14 15 16 17 18
12Z AVG MX 2MIN
DY MAX MIN AVG DEP HDD CDD WTR SNW DPTH SPD SPD DIR MIN PSBL S-S WX SPD DR
================================================================================
1 72 57 65 M 0 0 0.06 M M 3.4 14 210 M M 6 123 M M
2 72 55 64 M 1 0 T M M 6.8 16 140 M M 5 3 22 150
3 77 57 67 M 0 2 0.15 M M 5.6 29 250 M M 2 3 41 250
4 81 59 70 M 0 5 0.00 M M 7.3 22 160 M M 2 33 220
5 82 57 70 M 0 5 0.00 M M 8.0 15 120 M M 3 12 20 120
6 75 59 67 M 0 2 0.30 M M 8.8 16 150 M M 4 3 21 150
7 72 57 65 M 0 0 0.05 M M 5.7 10 130 M M 5 1 16 120
8 79 55 67 M 0 2 0.00 M M 4.8 13 140 M M 0 16 120
9 84 59 72 M 0 7 0.00 M M 7.3 14 130 M M 0 17 140
10 84 63 74 M 0 9 0.00 M M 7.9 15 120 M M 0 21 120
11 77 57 67 M 0 2 0.79 M M 7.7 17 150 M M 3 13 40 150
12 75 55 65 M 0 0 0.00 M M 5.3 15 110 M M 3 12 21 130
13 77 55 66 M 0 1 0.00 M M 7.6 15 140 M M 1 21 110
14 79 55 67 M 0 2 0.01 M M 5.9 13 240 M M 2 21 130
15 77 59 68 M 0 3 0.08 M M 6.2 13 150 M M 5 22 330
16 75 63 69 M 0 4 0.02 M M 4.9 13 170 M M 5 18 110
17 79 61 70 M 0 5 0.06 M M 5.6 18 310 M M 4 29 310
18 72 59 66 M 0 1 0.02 M M 3.9 14 140 M M 5 20 140
19 77 57 67 M 0 2 0.00 M M 5.6 14 120 M M 4 1 22 110
20 75 55 65 M 0 0 0.00 M M 5.3 14 100 M M 3 18 100
21 77 57 67 M 0 2 0.00 M M 7.4 14 130 M M 3 17 150
22 79 55 67 M 0 2 0.00 M M 7.3 17 230 M M 2 23 230
23 70 59 65 M 0 0 0.04 M M 8.0 22 220 M M 4 3 30 180
24 77 57 67 M 0 2 0.06 M M 5.2 22 110 M M 5 31 200
25 75 57 66 M 0 1 0.15 M M 4.7 14 230 M M 6 3 31 80
26 73 57 65 M 0 0 0.02 M M 4.4 13 140 M M 4 3 22 140
27 77 59 68 M 0 3 0.00 M M 5.4 15 170 M M 6 3 20 170
28 79 57 68 M 0 3 0.12 M M 4.7 16 210 M M 2 3 28 160
29 75 55 65 M 0 0 0.00 M M 7.9 18 130 M M 1 23 140
30 77 55 66 M 0 1 0.00 M M 7.0 15 130 M M 1 21 130
31 79 57 68 M 0 3 0.12 M M 5.6 13 310 M M 3 3 25 90
================================================================================
SM 2379 1779 1 69 2.05 M 191.1 M 99
================================================================================
AV 76.7 57.4 6.2 FASTST M M 3 MAX(MPH)
MISC ----> 29 250 41 250
================================================================================
NOTES:
# LAST OF SEVERAL OCCURRENCES
COLUMN 17 PEAK WIND IN M.P.H.
PRELIMINARY LOCAL CLIMATOLOGICAL DATA (WS FORM: F-6) , PAGE 2
STATION: RUIDOSO AWOS
MONTH: JULY
YEAR: 2021
LATITUDE: 33 28 N
LONGITUDE: 105 32 W
[TEMPERATURE DATA] [PRECIPITATION DATA] SYMBOLS USED IN COLUMN 16
AVERAGE MONTHLY: 67.1 TOTAL FOR MONTH: 2.05 1 = FOG OR MIST
DPTR FM NORMAL: 0.0 DPTR FM NORMAL: M 2 = FOG REDUCING VISIBILITY
HIGHEST: 84 ON 10, 9 GRTST 24HR 0.79 ON 11-11 TO 1/4 MILE OR LESS
LOWEST: 55 ON 30,29 3 = THUNDER
SNOW, ICE PELLETS, HAIL 4 = ICE PELLETS
TOTAL MONTH: M 5 = HAIL
GRTST 24HR M ON M 6 = FREEZING RAIN OR DRIZZLE
GRTST DEPTH: M ON M 7 = DUSTSTORM OR SANDSTORM:
VSBY 1/2 MILE OR LESS
8 = SMOKE OR HAZE
[NO. OF DAYS WITH] [WEATHER - DAYS WITH] 9 = BLOWING SNOW
X = TORNADO
MAX 32 OR BELOW: 0 0.01 INCH OR MORE: 16
MAX 90 OR ABOVE: 0 0.10 INCH OR MORE: 6
MIN 32 OR BELOW: 0 0.50 INCH OR MORE: 1
MIN 0 OR BELOW: 0 1.00 INCH OR MORE: 0
[HDD (BASE 65) ]
TOTAL THIS MO. 1 CLEAR (SCALE 0-3) 16
DPTR FM NORMAL M PTCLDY (SCALE 4-7) 15
TOTAL FM JUL 1 1 CLOUDY (SCALE 8-10) 0
DPTR FM NORMAL M
[CDD (BASE 65) ]
TOTAL THIS MO. 69
DPTR FM NORMAL M [PRESSURE DATA]
TOTAL FM JAN 1 273 HIGHEST SLP M ON M
DPTR FM NORMAL M LOWEST SLP M ON M
[REMARKS]
#FINAL-07-21#