000
CXUS53 KEAX 010736
CF6STJ
PRELIMINARY LOCAL CLIMATOLOGICAL DATA (WS FORM: F-6)
STATION: ST. JOSEPH MO
MONTH: JULY
YEAR: 2023
LATITUDE: 39 46 N
LONGITUDE: 94 55 W
TEMPERATURE IN F: :PCPN: SNOW: WIND :SUNSHINE: SKY :PK WND
================================================================================
1 2 3 4 5 6A 6B 7 8 9 10 11 12 13 14 15 16 17 18
12Z AVG MX 2MIN
DY MAX MIN AVG DEP HDD CDD WTR SNW DPTH SPD SPD DIR MIN PSBL S-S WX SPD DR
================================================================================
1 84 68 76 -1 0 11 0.10 M M 4.5 25 310 M M 5 13 41 320
2 86 66 76 -1 0 11 0.00 M M 4.6 14 320 M M 1 18 18 340
3 89 63 76 -1 0 11 0.00 M M 2.7 10 180 M M 1 12 15 210
4 94 64 79 2 0 14 1.02 M M 8.4 48 340 M M 1 138 66 360
5 82 66 74 -3 0 9 0.53 M M 5.9 16 220 M M 4 13 21 220
6 79 62 71 -6 0 6 0.00 M M 4.4 9 360 M M 1 13 360
7 79 61 70 -7 0 5 0.06 M M 6.9 23 360 M M 4 138 33 360
8 78 64 71 -7 0 6 0.00 M M 8.2 16 30 M M 6 1 22 40
9 84 58 71 -7 0 6 0.00 M M 2.8 10 330 M M 1 12 16 350
10 86 59 73 -5 0 8 0.00 M M 6.4 16 220 M M 1 12 20 200
11 92 66 79 1 0 14 0.00 M M 6.2 17 200 M M 1 8 22 200
12 89 70 80 2 0 15 0.05 M M 9.2 28 120 M M 2 13 38 10
13 90 68 79 1 0 14 0.00 M M 3.6 14 330 M M 0 1 17 320
14 94 65 80 2 0 15 0.08 M M 2.8 25 160 M M 2 1238 31 160
15 87 64 76 -2 0 11 0.00 M M 2.6 10 260 M M 1 128 14 290
16 85 63 74 -4 0 9 0.17 M M 4.6 16 270 M M 3 1238 22 280
17 87 67 77 -1 0 12 0.03 M M 5.4 21 90 M M 7 1238 28 90
18 83 66 75 -3 0 10 0.49 M M 7.2 24 90 M M 3 138 37 90
19 88 69 79 1 0 14 T M M 5.4 12 70 M M 2 15 70
20 86 65 76 -2 0 11 T M M 6.3 15 320 M M 1 18 22 340
21 82 65 74 -4 0 9 0.00 M M 4.6 14 350 M M 1 19 360
22 88 60 74 -4 0 9 T M M 4.8 14 220 M M 3 128 20 220
23 91 62 77 -1 0 12 0.00 M M 3.6 9 300 M M 1 12 15 230
24 90 67 79 1 0 14 0.54 M M 6.5 35 330 M M 1 138 44 320
25 88 74 81 3 0 16 T M M 7.4 18 140 M M 0 25 140
26 96 76 86 8 0 21 0.00 M M 7.6 15 310 M M 0 1 21 250
27 94 75 85 7 0 20 0.00 M M 6.8 14 170 M M 2 12 18 180
28 99 75 87 9 0 22 T M M 7.8 28 260 M M 0 138 37 260
29 87 70 79 1 0 14 0.47 M M 4.8 38 330 M M 1 138 55 330
30 91 68 80 2 0 15 0.98 M M 5.0 47 360 M M 3 123 67 350
31 83 70 77 -1 0 12 0.21 M M 6.4 21 350 M M 4 13 32 320
================================================================================
SM 2711 2056 0 376 4.73 M 173.4 M 63
================================================================================
AV 87.5 66.3 5.6 FASTST M M 2 MAX(MPH)
MISC ----> 48 340 67 350
================================================================================
NOTES:
# LAST OF SEVERAL OCCURRENCES
COLUMN 17 PEAK WIND IN M.P.H.
PRELIMINARY LOCAL CLIMATOLOGICAL DATA (WS FORM: F-6) , PAGE 2
STATION: ST. JOSEPH MO
MONTH: JULY
YEAR: 2023
LATITUDE: 39 46 N
LONGITUDE: 94 55 W
[TEMPERATURE DATA] [PRECIPITATION DATA] SYMBOLS USED IN COLUMN 16
AVERAGE MONTHLY: 76.9 TOTAL FOR MONTH: 4.73 1 = FOG OR MIST
DPTR FM NORMAL: -0.8 DPTR FM NORMAL: 0.00 2 = FOG REDUCING VISIBILITY
HIGHEST: 99 ON 28 GRTST 24HR 2.26 ON 30- 1 TO 1/4 MILE OR LESS
LOWEST: 58 ON 9 3 = THUNDER
SNOW, ICE PELLETS, HAIL 4 = ICE PELLETS
TOTAL MONTH: M 5 = HAIL
GRTST 24HR M ON M 6 = FREEZING RAIN OR DRIZZLE
GRTST DEPTH: M ON M 7 = DUSTSTORM OR SANDSTORM:
VSBY 1/2 MILE OR LESS
8 = SMOKE OR HAZE
[NO. OF DAYS WITH] [WEATHER - DAYS WITH] 9 = BLOWING SNOW
X = TORNADO
MAX 32 OR BELOW: 0 0.01 INCH OR MORE: 13
MAX 90 OR ABOVE: 10 0.10 INCH OR MORE: 9
MIN 32 OR BELOW: 0 0.50 INCH OR MORE: 4
MIN 0 OR BELOW: 0 1.00 INCH OR MORE: 1
[HDD (BASE 65) ]
TOTAL THIS MO. 0 CLEAR (SCALE 0-3) 24
DPTR FM NORMAL -1 PTCLDY (SCALE 4-7) 7
TOTAL FM JUL 1 0 CLOUDY (SCALE 8-10) 0
DPTR FM NORMAL 0
[CDD (BASE 65) ]
TOTAL THIS MO. 376
DPTR FM NORMAL -18 [PRESSURE DATA]
TOTAL FM JAN 1 835 HIGHEST SLP M ON M
DPTR FM NORMAL 31 LOWEST SLP 29.73 ON 26
[REMARKS]
#FINAL-07-23#