000
CXUS53 KLSX 011558 CCA
CF6STL
PRELIMINARY LOCAL CLIMATOLOGICAL DATA (WS FORM: F-6)
STATION: ST. LOUIS
MONTH: JULY
YEAR: 2023
LATITUDE: 38 45 N
LONGITUDE: 90 23 W
TEMPERATURE IN F: :PCPN: SNOW: WIND :SUNSHINE: SKY :PK WND
================================================================================
1 2 3 4 5 6A 6B 7 8 9 10 11 12 13 14 15 16 17 18
12Z AVG MX 2MIN
DY MAX MIN AVG DEP HDD CDD WTR SNW DPTH SPD SPD DIR MIN PSBL S-S WX SPD DR
================================================================================
1 95 70 83 3 0 18 1.65 0.0 0 7.5 39 250 M M 8 13 56 270
2 87 67 77 -3 0 12 0.03 0.0 0 9.6 20 270 M M 6 3 27 240
3 91 69 80 0 0 15 0.00 0.0 0 5.0 13 250 M M 4 1 16 250
4 96 73 85 5 0 20 0.00 0.0 0 8.6 20 190 M M 5 27 190
5 94 76 85 5 0 20 0.00 0.0 0 6.9 18 280 M M 6 3 24 310
6 86 70 78 -2 0 13 0.00 0.0 0 7.9 15 360 M M 7 22 310
7 86 66 76 -4 0 11 0.02 0.0 0 6.0 13 120 M M 8 18 100
8 80 65 73 -7 0 8 0.04 0.0 0 7.8 20 220 M M 7 3 27 220
9 86 63 75 -5 0 10 0.00 0.0 0 3.9 12 310 M M 5 17 340
10 91 68 80 0 0 15 0.00 0.0 0 6.1 14 140 M M 2 20 250
11 96 73 85 5 0 20 0.00 0.0 0 8.8 18 180 M M 2 26 180
12 95 73 84 4 0 19 0.62 0.0 0 8.5 21 190 M M 6 13 27 190
13 91 72 82 2 0 17 0.36 0.0 0 5.5 21 240 M M 8 138 26 210
14 97 73 85 5 0 20 1.03 0.0 0 6.8 31 60 M M 5 13 41 50
15 89 71 80 0 0 15 0.10 0.0 0 5.2 36 350 M M 6 3 54 340
16 92 70 81 1 0 16 0.03 0.0 0 6.4 31 290 M M 9 38 43 290
17 90 70 80 0 0 15 T 0.0 0 6.7 30 40 M M 7 3 41 40
18 84 71 78 -3 0 13 T 0.0 0 4.5 24 150 M M 8 8 29 150
19 87 74 81 0 0 16 T 0.0 0 6.6 15 200 M M 8 38 21 180
20 93 73 83 2 0 18 0.54 0.0 0 6.3 32 240 M M 7 138 42 260
21 81 68 75 -6 0 10 0.00 0.0 0 4.3 13 340 M M 6 18 350
22 86 65 76 -5 0 11 T 0.0 0 4.7 13 260 M M 3 17 280
23 93 71 82 2 0 17 0.02 0.0 0 6.9 16 230 M M 5 3 20 230
24 93 75 84 4 0 19 0.00 0.0 0 5.4 14 270 M M 5 18 240
25 98 75 87 7 0 22 T 0.0 0 6.8 18 210 M M 4 3 26 210
26 95 84 90 10 0 25 0.01 0.0 0 12.6 24 230 M M 8 3 32 210
27 100 82 91 11 0 26 0.00 0.0 0 10.9 20 260 M M 3 27 270
28 101 85 93 13 0 28 T 0.0 0 10.9 20 240 M M 4 8 26 240
29 98 73 86 6 0 21 0.29 0.0 0 9.1 52 290 M M 6 13 79 290
30 90 73 82 2 0 17 0.00 0.0 0 4.7 12 340 M M 4 16 30
31 84 71 78 -2 0 13 T 0.0 0 6.7 13 100 M M 7 17 80
================================================================================
SM 2825 2229 0 520 4.74 0.0 217.6 M 179
================================================================================
AV 91.1 71.9 7.0 FASTST M M 6 MAX(MPH)
MISC ----> 52 290 79 290
================================================================================
NOTES:
# LAST OF SEVERAL OCCURRENCES
COLUMN 17 PEAK WIND IN M.P.H.
PRELIMINARY LOCAL CLIMATOLOGICAL DATA (WS FORM: F-6) , PAGE 2
STATION: ST. LOUIS
MONTH: JULY
YEAR: 2023
LATITUDE: 38 45 N
LONGITUDE: 90 23 W
[TEMPERATURE DATA] [PRECIPITATION DATA] SYMBOLS USED IN COLUMN 16
AVERAGE MONTHLY: 81.5 TOTAL FOR MONTH: 4.74 1 = FOG OR MIST
DPTR FM NORMAL: 1.1 DPTR FM NORMAL: 0.81 2 = FOG REDUCING VISIBILITY
HIGHEST: 101 ON 28 GRTST 24HR 1.65 ON 1 TO 1/4 MILE OR LESS
LOWEST: 63 ON 9 3 = THUNDER
SNOW, ICE PELLETS, HAIL 4 = ICE PELLETS
TOTAL MONTH: 0.0 INCH 5 = HAIL
GRTST 24HR 0.0 6 = FREEZING RAIN OR DRIZZLE
GRTST DEPTH: 0 7 = DUSTSTORM OR SANDSTORM:
VSBY 1/2 MILE OR LESS
8 = SMOKE OR HAZE
[NO. OF DAYS WITH] [WEATHER - DAYS WITH] 9 = BLOWING SNOW
X = TORNADO
MAX 32 OR BELOW: 0 0.01 INCH OR MORE: 13
MAX 90 OR ABOVE: 20 0.10 INCH OR MORE: 7
MIN 32 OR BELOW: 0 0.50 INCH OR MORE: 4
MIN 0 OR BELOW: 0 1.00 INCH OR MORE: 2
[HDD (BASE 65) ]
TOTAL THIS MO. 0 CLEAR (SCALE 0-3) 4
DPTR FM NORMAL 0 PTCLDY (SCALE 4-7) 20
TOTAL FM JUL 1 0 CLOUDY (SCALE 8-10) 7
DPTR FM NORMAL 0
[CDD (BASE 65) ]
TOTAL THIS MO. 520
DPTR FM NORMAL 44 [PRESSURE DATA]
TOTAL FM JAN 1 1112 HIGHEST SLP 30.12 ON 31
DPTR FM NORMAL 90 LOWEST SLP 29.69 ON 12
[REMARKS]
#FINAL-07-23#