000
CXUS46 KSTO 030919
CLMSTO
CLIMATE REPORT
NATIONAL WEATHER SERVICE SACRAMENTO
219 AM PDT TUE OCT 03 2023
...................................
...THE SACRAMENTO CITY CLIMATE SUMMARY FOR THE MONTH OF SEPTEMBER 2023...
CLIMATE NORMAL PERIOD: 1991 TO 2020
CLIMATE RECORD PERIOD: 1849 TO 2023
WEATHER OBSERVED NORMAL DEPART LAST YEAR`S
VALUE DATE(S) VALUE FROM VALUE
NORMAL
..............................................................
TEMPERATURE (F)
RECORD
HIGH 116 09/06/2022
LOW 44 09/25/1934
09/12/1893
09/18/1882
HIGHEST 96 09/11 MM MM
LOWEST 55 09/24 MM MM
AVG. MAXIMUM 86.1 89.3 -3.2 93.0
AVG. MINIMUM 59.5 58.8 0.7 63.8
MEAN 72.8 74.0 -1.2 78.4
DAYS MAX >= 90 11 16.3 -5.3
DAYS MAX <= 32 0 0.0 0.0
DAYS MIN <= 32 0 0.0 0.0
DAYS MIN <= 0 0 0.0 0.0
PRECIPITATION (INCHES)
RECORD
MAXIMUM 0.49 2022
MINIMUM 0.00 2021
TOTALS 0.07 0.15 -0.08 0.49
DAILY AVG. 0.00
DAYS >= .01 3 3
DAYS >= .10 0 1
DAYS >= .50 0 0
DAYS >= 1.00 0 0
DAYS >= %-5.2F 0 0
GREATEST
24 HR. TOTAL 0.03 09/03 TO 09/03
09/30 TO 09/30
SNOWFALL (INCHES)
RECORDS
TOTAL MM MM
24 HR TOTAL MM
TOTALS 0.0 0.0 0.0
LIQUID EQUIV 0.00 0.00 0.00
SINCE 7/1 0.0 0.0 0.0
LIQUID 7/1 0.00
DAYS >= TRACE 0 0.0 0.0
DAYS >= 1.0 0 0.0 0.0
GREATEST
SNOW DEPTH MM
24 HR TOTAL MM
STORM TOTAL 0.0
(MM/DD(HH))
DEGREE DAYS
HEATING TOTAL 0 3 -3
SINCE 7/1 0 0 0
COOLING TOTAL 242 275 -33
SINCE 1/1 1588 1489 99
..............................................................
WIND (MPH)
AVERAGE WIND SPEED MM
HIGHEST WIND SPEED/DIRECTION MM DATE MM
HIGHEST GUST SPEED/DIRECTION MM DATE MM
SKY COVER
POSSIBLE SUNSHINE (PERCENT) MM
AVERAGE SKY COVER MM
NUMBER OF DAYS FAIR 0
NUMBER OF DAYS PC 0
NUMBER OF DAYS CLOUDY 0
AVERAGE RH (PERCENT) MM
WEATHER CONDITIONS. NUMBER OF DAYS WITH
THUNDERSTORM 0 MIXED PRECIP 0
HEAVY RAIN 0 RAIN 0
LIGHT RAIN 0 FREEZING RAIN 0
LT FREEZING RAIN 0 HAIL 0
HEAVY SNOW 0 SNOW 0
LIGHT SNOW 0 SLEET 0
FOG 0 FOG W/VIS <= 1/4 MILE 0
HAZE 0
- INDICATES NEGATIVE NUMBERS.
R INDICATES RECORD WAS SET OR TIED.
MM INDICATES DATA IS MISSING.
T INDICATES TRACE AMOUNT.
$$