000
CXUS53 KGRB 131431
CF6SUE
PRELIMINARY LOCAL CLIMATOLOGICAL DATA (WS FORM: F-6)
STATION: STURGEON BAY WI
MONTH: JANUARY
YEAR: 2024
LATITUDE: 44 55 N
LONGITUDE: 87 25 W
TEMPERATURE IN F: :PCPN: SNOW: WIND :SUNSHINE: SKY :PK WND
================================================================================
1 2 3 4 5 6A 6B 7 8 9 10 11 12 13 14 15 16 17 18
12Z AVG MX 2MIN
DY MAX MIN AVG DEP HDD CDD WTR SNW DPTH SPD SPD DIR MIN PSBL S-S WX SPD DR
================================================================================
1 27 23 25 7 40 0 M M M 10.3 15 260 M M 10 20 260
2 31 23 27 9 38 0 M M M 10.7 21 270 M M 9 24 270
3 35 24 30 13 35 0 M M M 10.8 20 10 M M 10 1 25 10
4 24 20 22 5 43 0 M M M 8.1 12 290 M M 10 M M
5 31 24 28 11 37 0 M M M 6.3 13 270 M M 10 M M
6 34 30 32 M 33 0 M M M 4.0 8 150 M M 10 1 M M
7 35 30 33 M 32 0 M M M 5.1 9 270 M M 10 1 M M
8 34 30 32 M 33 0 0.02 M M 4.3 9 140 M M 10 1 M M
9 35 31 33 M 32 0 0.20 M M 14.8 28 20 M M 10 1 38 20
10 32 29 31 M 34 0 T M M 11.7 26 360 M M 10 1 36 350
11 33 26 30 M 35 0 0.01 M M 6.2 20 20 M M 9 1 23 360
12 32 24 28 M 37 0 T M M 13.8 26 60 M M 10 12 39 70
13 24 15 20 M 45 0 T M M 18.8 33 10 M M 9 18 47 340
14 15 2 9 M 56 0 T M M 14.8 18 290 M M 8 1 26 280
15 6 -1 3 M 62 0 M M M 13.8 17 260 M M 3 26 260
16 4 -5 0 M 65 0 M M M 14.1 18 250 M M 4 8 24 260
17 10 1 6 M 59 0 M M M 11.7 17 260 M M 5 22 260
18 16 2 9 M 56 0 T M M 7.9 15 10 M M 5 M M
19 17 10 14 M 51 0 T M M 14.8 18 360 M M 8 1 20 10
20 21 8 15 M 50 0 T M M 11.7 18 350 M M 4 24 340
21 18 5 12 M 53 0 M M M 12.0 20 230 M M 4 29 230
22 32 18 25 M 40 0 M M M 8.3 15 240 M M 8 23 240
23 36 28 32 M 33 0 T M M 5.1 9 40 M M 10 1 M M
24 39 32 36 M 29 0 M M M 0.5 5 320 M M 10 1 M M
25 38 32 35 M 30 0 0.08 M M 2.6 7 190 M M 10 128 M M
26 37 33 35 M 30 0 0.24 M M 5.9 10 10 M M 10 12 M M
27 42 33 38 M 27 0 0.01 M M 4.4 10 10 M M 10 12 M M
28 36 26 31 M 34 0 T M M 7.1 13 360 M M 7 1 M M
29 34 27 31 M 34 0 T M M 9.3 16 260 M M 9 12 M M
30 37 33 35 M 30 0 0.02 M M 5.1 12 360 M M 10 1 M M
31 40 33 37 M 28 0 M M M 10.8 16 220 M M 5 23 220
================================================================================
SM 885 646 1241 0 0.58 M 284.8 M 257
================================================================================
AV 28.5 20.8 9.2 FASTST M M 8 MAX(MPH)
MISC ----> 33 10 47 340
================================================================================
NOTES:
# LAST OF SEVERAL OCCURRENCES
COLUMN 17 PEAK WIND IN M.P.H.
PRELIMINARY LOCAL CLIMATOLOGICAL DATA (WS FORM: F-6) , PAGE 2
STATION: STURGEON BAY WI
MONTH: JANUARY
YEAR: 2024
LATITUDE: 44 55 N
LONGITUDE: 87 25 W
[TEMPERATURE DATA] [PRECIPITATION DATA] SYMBOLS USED IN COLUMN 16
AVERAGE MONTHLY: 24.7 TOTAL FOR MONTH: 0.58 1 = FOG OR MIST
DPTR FM NORMAL: 0.0 DPTR FM NORMAL: M 2 = FOG REDUCING VISIBILITY
HIGHEST: 42 ON 27 GRTST 24HR 0.46 ON 9- 9 TO 1/4 MILE OR LESS
LOWEST: -5 ON 16 3 = THUNDER
SNOW, ICE PELLETS, HAIL 4 = ICE PELLETS
TOTAL MONTH: M 5 = HAIL
GRTST 24HR M ON M 6 = FREEZING RAIN OR DRIZZLE
GRTST DEPTH: M ON M 7 = DUSTSTORM OR SANDSTORM:
VSBY 1/2 MILE OR LESS
8 = SMOKE OR HAZE
[NO. OF DAYS WITH] [WEATHER - DAYS WITH] 9 = BLOWING SNOW
X = TORNADO
MAX 32 OR BELOW: 16 0.01 INCH OR MORE: 7
MAX 90 OR ABOVE: 0 0.10 INCH OR MORE: 2
MIN 32 OR BELOW: 27 0.50 INCH OR MORE: 0
MIN 0 OR BELOW: 2 1.00 INCH OR MORE: 0
[HDD (BASE 65) ]
TOTAL THIS MO. 1241 CLEAR (SCALE 0-3) 0
DPTR FM NORMAL 1003 PTCLDY (SCALE 4-7) 10
TOTAL FM JUL 1 3536 CLOUDY (SCALE 8-10) 21
DPTR FM NORMAL 3298
[CDD (BASE 65) ]
TOTAL THIS MO. 0
DPTR FM NORMAL 0 [PRESSURE DATA]
TOTAL FM JAN 1 0 HIGHEST SLP M ON M
DPTR FM NORMAL 0 LOWEST SLP M ON M
[REMARKS]
#FINAL-01-24#