000
CXUS53 KLSX 011500
CF6SUS
PRELIMINARY LOCAL CLIMATOLOGICAL DATA (WS FORM: F-6)
STATION: SPIRIT OF ST LOUIS MO
MONTH: JANUARY
YEAR: 2023
LATITUDE: 38 39 N
LONGITUDE: 90 38 W
TEMPERATURE IN F: :PCPN: SNOW: WIND :SUNSHINE: SKY :PK WND
================================================================================
1 2 3 4 5 6A 6B 7 8 9 10 11 12 13 14 15 16 17 18
12Z AVG MX 2MIN
DY MAX MIN AVG DEP HDD CDD WTR SNW DPTH SPD SPD DIR MIN PSBL S-S WX SPD DR
================================================================================
1 65 35 50 18 15 0 0.00 0.0 0 3.8 14 130 M M 4 12 23 130
2 61 50 56 24 9 0 0.27 0.0 0 4.1 16 150 M M 10 12 25 150
3 70 41 56 24 9 0 0.54 0.0 0 8.5 23 220 M M 4 1 32 240
4 45 36 41 9 24 0 0.00 0.0 0 10.9 20 230 M M 8 29 230
5 39 27 33 1 32 0 0.00 0.0 0 8.0 18 250 M M 5 28 250
6 47 23 35 3 30 0 0.00 0.0 0 2.4 9 260 M M 0 13 280
7 42 28 35 3 30 0 T M 0 6.7 14 20 M M 6 8 20 20
8 41 22 32 1 33 0 T M 0 4.1 10 310 M M 7 18 14 300
9 56 19 38 7 27 0 0.00 0.0 0 3.5 14 170 M M 1 128 19 160
10 58 30 44 13 21 0 0.00 0.0 0 4.0 10 250 M M 0 14 260
11 63 33 48 17 17 0 0.00 0.0 0 2.6 13 250 M M 2 18 17 250
12 50 31 41 10 24 0 0.15 0.0 0 13.0 30 50 M M 9 18 41 50
13 31 18 25 -6 40 0 0.00 0.0 0 9.4 21 300 M M 8 8 28 320
14 41 14 28 -3 37 0 0.00 0.0 0 3.1 9 100 M M 0 13 120
15 53 27 40 9 25 0 0.00 0.0 0 8.1 21 170 M M 0 35 170
16 61 41 51 20 14 0 0.02 0.0 0 9.2 21 180 M M 4 32 170
17 53 29 41 10 24 0 0.00 0.0 0 3.7 13 240 M M 0 17 290
18 42 36 39 8 26 0 0.68 0.0 0 7.3 18 260 M M 8 1 28 260
19 45 35 40 9 25 0 0.01 0.0 0 13.2 28 240 M M 9 1 39 260
20 37 22 30 -1 35 0 0.00 0.0 0 8.2 22 280 M M 8 31 300
21 44 17 31 0 34 0 0.00 0.0 0 3.3 9 70 M M 2 1 14 150
22 41 32 37 6 28 0 0.01 M 0 4.6 16 300 M M 10 18 21 290
23 46 25 36 5 29 0 0.00 0.0 0 6.6 15 260 M M 5 8 20 250
24 44 23 34 3 31 0 0.10 0.0 0 1.9 8 70 M M 4 1 12 70
25 37 32 35 3 30 0 0.36 M M 10.0 21 280 M M 10 1 28 280
26 34 19 27 -5 38 0 0.00 0.0 M 10.4 21 280 M M 5 29 290
27 53 20 37 5 28 0 0.00 0.0 0 9.2 25 240 M M 2 40 230
28 58 26 42 10 23 0 0.00 0.0 0 6.8 21 210 M M 3 31 210
29 48 22 35 3 30 0 T M 0 9.5 16 330 M M 10 168 23 320
30 23 16 20 -12 45 0 M M M 9.2 15 320 M M 10 168 20 340
31 22 11 17 -15 48 0 0.00 0.0 M 4.6 12 360 M M 3 16 10
================================================================================
SM 1450 840 861 0 2.14 0.0 209.9 M 157
================================================================================
AV 46.8 27.1 6.8 FASTST M M 5 MAX(MPH)
MISC ----> 30 50 41 50
================================================================================
NOTES:
# LAST OF SEVERAL OCCURRENCES
COLUMN 17 PEAK WIND IN M.P.H.
PRELIMINARY LOCAL CLIMATOLOGICAL DATA (WS FORM: F-6) , PAGE 2
STATION: SPIRIT OF ST LOUIS MO
MONTH: JANUARY
YEAR: 2023
LATITUDE: 38 39 N
LONGITUDE: 90 38 W
[TEMPERATURE DATA] [PRECIPITATION DATA] SYMBOLS USED IN COLUMN 16
AVERAGE MONTHLY: 36.9 TOTAL FOR MONTH: 2.14 1 = FOG OR MIST
DPTR FM NORMAL: 5.4 DPTR FM NORMAL: -0.24 2 = FOG REDUCING VISIBILITY
HIGHEST: 70 ON 3 GRTST 24HR 0.73 ON 2- 3 TO 1/4 MILE OR LESS
LOWEST: 11 ON 31 3 = THUNDER
SNOW, ICE PELLETS, HAIL 4 = ICE PELLETS
TOTAL MONTH: 0.0 INCH 5 = HAIL
GRTST 24HR 0.0 6 = FREEZING RAIN OR DRIZZLE
GRTST DEPTH: 0 7 = DUSTSTORM OR SANDSTORM:
VSBY 1/2 MILE OR LESS
8 = SMOKE OR HAZE
[NO. OF DAYS WITH] [WEATHER - DAYS WITH] 9 = BLOWING SNOW
X = TORNADO
MAX 32 OR BELOW: 3 0.01 INCH OR MORE: 9
MAX 90 OR ABOVE: 0 0.10 INCH OR MORE: 6
MIN 32 OR BELOW: 23 0.50 INCH OR MORE: 2
MIN 0 OR BELOW: 0 1.00 INCH OR MORE: 0
[HDD (BASE 65) ]
TOTAL THIS MO. 861 CLEAR (SCALE 0-3) 11
DPTR FM NORMAL -177 PTCLDY (SCALE 4-7) 12
TOTAL FM JUL 1 2825 CLOUDY (SCALE 8-10) 8
DPTR FM NORMAL -41
[CDD (BASE 65) ]
TOTAL THIS MO. 0
DPTR FM NORMAL 0 [PRESSURE DATA]
TOTAL FM JAN 1 0 HIGHEST SLP 30.55 ON 31
DPTR FM NORMAL 0 LOWEST SLP 29.48 ON 16
[REMARKS]
#FINAL-01-23#