000
CXUS53 KLSX 032232
CF6SUS
PRELIMINARY LOCAL CLIMATOLOGICAL DATA (WS FORM: F-6)
STATION: SPIRIT OF ST LOUIS MO
MONTH: JUNE
YEAR: 2021
LATITUDE: 38 39 N
LONGITUDE: 90 38 W
TEMPERATURE IN F: :PCPN: SNOW: WIND :SUNSHINE: SKY :PK WND
================================================================================
1 2 3 4 5 6A 6B 7 8 9 10 11 12 13 14 15 16 17 18
12Z AVG MX 2MIN
DY MAX MIN AVG DEP HDD CDD WTR SNW DPTH SPD SPD DIR MIN PSBL S-S WX SPD DR
================================================================================
1 71 59 65 -6 0 0 0.01 0.0 0 2.4 10 90 M M 9 13 70
2 71 62 67 -4 0 2 0.02 0.0 0 4.6 10 30 M M 9 18 17 20
3 83 61 72 0 0 7 0.00 0.0 0 2.6 10 240 M M 5 1 16 240
4 86 56 71 -1 0 6 0.00 0.0 0 4.6 12 190 M M 1 1 17 190
5 87 60 74 2 0 9 0.00 0.0 0 4.7 12 230 M M 1 18 230
6 85 68 77 5 0 12 0.07 0.0 0 5.3 18 170 M M 6 8 27 180
7 84 68 76 3 0 11 0.26 0.0 0 4.6 13 190 M M 6 13 18 190
8 80 66 73 0 0 8 0.00 0.0 0 3.1 9 110 M M 7 18 15 130
9 85 66 76 3 0 11 0.00 0.0 0 2.9 12 70 M M 7 128 18 20
10 93 68 81 7 0 16 0.00 0.0 0 2.2 10 50 M M 2 1 14 360
11 96 69 83 9 0 18 0.00 0.0 0 1.9 9 250 M M 1 1 13 270
12 94 71 83 9 0 18 0.00 0.0 0 5.0 15 300 M M 2 1 19 310
13 91 63 77 3 0 12 0.00 0.0 0 5.5 14 350 M M 0 23 310
14 97 60 79 4 0 14 0.00 0.0 0 6.1 16 330 M M 0 23 40
15 90 57 74 -1 0 9 0.00 0.0 0 1.7 12 340 M M 1 16 20
16 90 62 76 1 0 11 0.00 0.0 0 2.5 10 50 M M 0 15 30
17 96 62 79 4 0 14 0.00 0.0 0 4.0 15 170 M M 2 20 170
18 101 79 90 14 0 25 0.00 0.0 0 9.9 18 200 M M 1 28 250
19 M M M M M M M 0.0 0 8.4 59 50 M M 2 138 77 40
20 M M M M M M M 0.0 0 M M M M M 2 38 M M
21 M 54 M M M M M 0.0 0 9.2 18 310 M M 4 3 27 340
22 79 50 65 -11 0 0 0.00 0.0 0 3.7 9 170 M M 0 1 15 190
23 85 63 74 -3 0 9 0.00 0.0 0 7.4 17 200 M M 0 25 200
24 81 65 73 -4 0 8 0.09 0.0 0 4.6 15 240 M M 3 13 22 260
25 88 70 79 2 0 14 1.27 0.0 0 6.5 21 290 M M 4 13 28 290
26 88 71 80 3 0 15 0.05 0.0 0 8.8 26 220 M M 4 1 43 220
27 87 71 79 2 0 14 0.75 0.0 0 3.9 16 300 M M 6 1238 20 300
28 85 72 79 1 0 14 0.94 0.0 0 1.6 16 270 M M 3 138 23 260
29 90 71 81 3 0 16 0.22 0.0 0 3.1 18 270 M M 4 1238 23 270
30 82 70 76 -2 0 11 0.04 0.0 0 2.3 12 280 M M 7 1 16 290
================================================================================
SM 2345 1814 0 304 3.72 0.0 133.1 M 99
================================================================================
AV 86.9 64.8 4.6 FASTST M M 3 MAX(MPH)
MISC ----> 59 50 77 40
================================================================================
NOTES:
# LAST OF SEVERAL OCCURRENCES
COLUMN 17 PEAK WIND IN M.P.H.
PRELIMINARY LOCAL CLIMATOLOGICAL DATA (WS FORM: F-6) , PAGE 2
STATION: SPIRIT OF ST LOUIS MO
MONTH: JUNE
YEAR: 2021
LATITUDE: 38 39 N
LONGITUDE: 90 38 W
[TEMPERATURE DATA] [PRECIPITATION DATA] SYMBOLS USED IN COLUMN 16
AVERAGE MONTHLY: 75.8 TOTAL FOR MONTH: 3.72 1 = FOG OR MIST
DPTR FM NORMAL: 1.0 DPTR FM NORMAL: -0.59 2 = FOG REDUCING VISIBILITY
HIGHEST: 101 ON 18 GRTST 24HR 1.61 ON 27-28 TO 1/4 MILE OR LESS
LOWEST: 50 ON 22 3 = THUNDER
SNOW, ICE PELLETS, HAIL 4 = ICE PELLETS
TOTAL MONTH: 0.0 INCH 5 = HAIL
GRTST 24HR 0.0 6 = FREEZING RAIN OR DRIZZLE
GRTST DEPTH: 0 7 = DUSTSTORM OR SANDSTORM:
VSBY 1/2 MILE OR LESS
8 = SMOKE OR HAZE
[NO. OF DAYS WITH] [WEATHER - DAYS WITH] 9 = BLOWING SNOW
X = TORNADO
MAX 32 OR BELOW: 0 0.01 INCH OR MORE: 11
MAX 90 OR ABOVE: 10 0.10 INCH OR MORE: 5
MIN 32 OR BELOW: 0 0.50 INCH OR MORE: 3
MIN 0 OR BELOW: 0 1.00 INCH OR MORE: 1
[HDD (BASE 65) ]
TOTAL THIS MO. 0 CLEAR (SCALE 0-3) 16
DPTR FM NORMAL -6 PTCLDY (SCALE 4-7) 12
TOTAL FM JUL 1 4744 CLOUDY (SCALE 8-10) 2
DPTR FM NORMAL 97
[CDD (BASE 65) ]
TOTAL THIS MO. 304
DPTR FM NORMAL 4 [PRESSURE DATA]
TOTAL FM JAN 1 426 HIGHEST SLP 30.18 ON 1
DPTR FM NORMAL -28 LOWEST SLP 29.61 ON 20
[REMARKS]
#FINAL-06-21#