000
CXUS51 KBGM 031820
CLASYR
CLIMATE REPORT
NATIONAL WEATHER SERVICE BINGHAMTON, NY
120 PM EST MON JAN 03 2022
...................................
...THE SYRACUSE NY CLIMATE SUMMARY FOR THE YEAR OF 2021...
CLIMATE NORMAL PERIOD 1991 TO 2020
CLIMATE RECORD PERIOD 1902 TO 2021
WEATHER OBSERVED NORMAL DEPART LAST YEAR`S
VALUE DATE(S) VALUE FROM VALUE DATE(S)
NORMAL
................................................................
TEMPERATURE (F)
RECORD
HIGH 101 07/17/2012
07/21/2011
08/14/2002
LOW -26 02/18/1979
01/26/1966
HIGHEST 96 06/28 57 39 98 07/09
LOWEST 02/12 38 -39 -5 02/15
AVG. MAXIMUM 60.9 57.6 3.3 60.8
AVG. MINIMUM 43.0 39.4 3.6 41.8
MEAN 52.0 48.5 3.5 51.3
DAYS MAX >= 90 18 10.2 7.8 21
DAYS MAX <= 32 36 46.8 -10.8 24
DAYS MIN <= 32 120 132.5 -12.5 127
DAYS MIN <= 0 1 7.7 -6.7 2
PRECIPITATION (INCHES)
RECORD
MAXIMUM 58.17 1976
MINIMUM 27.10 1964
TOTALS 47.84 39.88 7.96 37.02
DAILY AVG. 0.13 0.11 0.02 0.10
DAYS >= .01 169 173.7 -4.7 158
DAYS >= .10 90 90.2 -0.2 80
DAYS >= .50 22 23.8 -1.8 16
DAYS >= 1.00 7 5.9 1.1 5
GREATEST
24 HR. TOTAL 3.64 08/18 TO 08/19 2.36 07/11 TO 07/12
07/11 TO 07/12
STORM TOTAL 3.64 2.36
(MM/DD(HH)) MM
SNOWFALL (INCHES)
RECORDS
TOTAL 192.1 1992
24 HR TOTAL 22.1 03/13/1993 TO 03/13/1993
SNOW DEPTH 48 02/01/1966
02/21/1958
02/20/1958
TOTALS 72.2 127.8 -55.6 72.3
SINCE 7/1 13.7 40.6 -26.9 14.8
SNOWDEPTH AVG. 1 1
DAYS >= TRACE 87 65.5 21.5 92
DAYS >= 1.0 25 34.1 -9.1 20
GREATEST
SNOW DEPTH 16 02/03 13 02/08
02/07
24 HR TOTAL 8.0 02/02 TO 02/03 9.4 02/07 TO 02/08
STORM TOTAL 7.9 3.6
(MM/DD(HH)) MM
DEGREE DAYS
HEATING TOTAL 5589 6588 -999 5892
SINCE 7/1 1785 2384 -599 2063
COOLING TOTAL 975 619 356 991
SINCE 1/1 975 619 356 991
FREEZE DATES
RECORD
EARLIEST 09/23/1963
LATEST 05/24/1963
EARLIEST 11/03
LATEST 04/22
................................................................
WIND (MPH)
AVERAGE WIND SPEED 7.7
RESULTANT WIND SPEED/DIRECTION 3/260
HIGHEST WIND SPEED/DIRECTION 47/260 DATE 06/21
HIGHEST GUST SPEED/DIRECTION 65/220 DATE 06/21
SKY COVER
POSSIBLE SUNSHINE (PERCENT) MM
AVERAGE SKY COVER 0.72
NUMBER OF DAYS FAIR 34
NUMBER OF DAYS PC 144
NUMBER OF DAYS CLOUDY 187
AVERAGE RH (PERCENT) 69
WEATHER CONDITIONS. NUMBER OF DAYS WITH
THUNDERSTORM 32 MIXED PRECIP 1
HEAVY RAIN 34 RAIN 55
LIGHT RAIN 181 FREEZING RAIN 1
LT FREEZING RAIN 9 HAIL 4
HEAVY SNOW 5 SNOW 15
LIGHT SNOW 84 SLEET 7
FOG 168 FOG W/VIS <= 1/4 MILE 8
HAZE 30
- INDICATES NEGATIVE NUMBERS.
R INDICATES RECORD WAS SET OR TIED.
MM INDICATES DATA IS MISSING.
T INDICATES TRACE AMOUNT.
&&
2ND WARMEST YEAR RECORD 2012 52.6F
9TH WETTEST YEAR
3RD LOWEST SNOWFALL FOR YEAR AT SYRACUSE INTERNATIONAL HANCOCK FIELD
$$
TAC