000
CXUS52 KTBW 051618
CF6TBW
PRELIMINARY LOCAL CLIMATOLOGICAL DATA (WS FORM: F-6)
STATION: RUSKIN WFO
MONTH: DECEMBER
YEAR: 2020
LATITUDE: 27 42 N
LONGITUDE: 82 24 W
TEMPERATURE IN F: :PCPN: SNOW: WIND :SUNSHINE: SKY :PK WND
================================================================================
1 2 3 4 5 6A 6B 7 8 9 10 11 12 13 14 15 16 17 18
12Z AVG MX 2MIN
DY MAX MIN AVG DEP HDD CDD WTR SNW DPTH SPD SPD DIR MIN PSBL S-S WX SPD DR
================================================================================
1 61 43 52 M 13 0 0.00 0.0 0 M M M M M M M M
2 63 38 51 M 14 0 0.00 0.0 0 M M M M M M M M
3 75 44 60 M 5 0 0.00 0.0 0 M M M M M M M M
4 75 58 67 M 0 2 0.02 0.0 0 M M M M M M M M
5 76 54 65 M 0 0 0.00 0.0 0 M M M M M M M M
6 74 47 61 M 4 0 0.07 0.0 0 M M M M M M M M
7 64 54 59 M 6 0 0.31 0.0 0 M M M M M M M M
8 57 43 50 M 15 0 0.00 0.0 0 M M M M M M M M
9 64 40 52 M 13 0 0.00 0.0 0 M M M M M M M M
10 73 45 59 M 6 0 0.00 0.0 0 M M M M M M M M
11 74 50 62 M 3 0 0.00 0.0 0 M M M M M M M M
12 80 60 70 M 0 5 0.00 0.0 0 M M M M M M M M
13 82 58 70 M 0 5 0.00 0.0 0 M M M M M M M M
14 78 64 71 M 0 6 0.25 0.0 0 M M M M M M M M
15 71 57 64 M 1 0 0.00 0.0 0 M M M M M M M M
16 76 55 66 M 0 1 0.44 0.0 0 M M M M M M 13 M M
17 67 53 60 M 5 0 0.00 0.0 0 M M M M M M M M
18 62 41 52 M 13 0 0.00 0.0 0 M M M M M M M M
19 73 45 59 M 6 0 0.00 0.0 0 M M M M M M M M
20 71 54 63 M 2 0 0.55 0.0 0 M M M M M M 13 M M
21 69 52 61 M 4 0 0.03 0.0 0 M M M M M M M M
22 71 50 61 M 4 0 0.00 0.0 0 M M M M M M M M
23 76 45 61 M 4 0 0.00 0.0 0 M M M M M M M M
24 80 54 67 M 0 2 0.45 0.0 0 M M M M M M M M
25 59 43 51 M 14 0 0.06 0.0 0 M M M M M M M M
26 54 36 45 M 20 0 0.00 0.0 0 M M M M M M M M
27 70 36 53 M 12 0 0.00 0.0 0 M M M M M M M M
28 76 52 64 M 1 0 0.00 0.0 0 M M M M M M M M
29 76 51 64 M 1 0 0.00 0.0 0 M M M M M M M M
30 78 56 67 M 0 2 0.00 0.0 0 M M M M M M M M
31 84 65 75 M 0 10 0.00 0.0 0 M M M M M M M M
================================================================================
SM 2209 1543 166 33 2.18 0.0 M M M
================================================================================
AV 71.3 49.8 M FASTST M M M MAX(MPH)
MISC ----> M M M M
================================================================================
NOTES:
# LAST OF SEVERAL OCCURRENCES
COLUMN 17 PEAK WIND IN M.P.H.
PRELIMINARY LOCAL CLIMATOLOGICAL DATA (WS FORM: F-6) , PAGE 2
STATION: RUSKIN WFO
MONTH: DECEMBER
YEAR: 2020
LATITUDE: 27 42 N
LONGITUDE: 82 24 W
[TEMPERATURE DATA] [PRECIPITATION DATA] SYMBOLS USED IN COLUMN 16
AVERAGE MONTHLY: 60.5 TOTAL FOR MONTH: 2.18 1 = FOG OR MIST
DPTR FM NORMAL: 0.0 DPTR FM NORMAL: M 2 = FOG REDUCING VISIBILITY
HIGHEST: 84 ON 31 GRTST 24HR 0.55 ON 20-20 TO 1/4 MILE OR LESS
LOWEST: 36 ON 27,26 3 = THUNDER
SNOW, ICE PELLETS, HAIL 4 = ICE PELLETS
TOTAL MONTH: 0.0 INCH 5 = HAIL
GRTST 24HR 0.0 6 = FREEZING RAIN OR DRIZZLE
GRTST DEPTH: 0 7 = DUSTSTORM OR SANDSTORM:
VSBY 1/2 MILE OR LESS
8 = SMOKE OR HAZE
[NO. OF DAYS WITH] [WEATHER - DAYS WITH] 9 = BLOWING SNOW
X = TORNADO
MAX 32 OR BELOW: 0 0.01 INCH OR MORE: 9
MAX 90 OR ABOVE: 0 0.10 INCH OR MORE: 5
MIN 32 OR BELOW: 0 0.50 INCH OR MORE: 1
MIN 0 OR BELOW: 0 1.00 INCH OR MORE: 0
[HDD (BASE 65) ]
TOTAL THIS MO. 166 CLEAR (SCALE 0-3) 0
DPTR FM NORMAL M PTCLDY (SCALE 4-7) 0
TOTAL FM JUL 1 166 CLOUDY (SCALE 8-10) 31
DPTR FM NORMAL M
[CDD (BASE 65) ]
TOTAL THIS MO. 33
DPTR FM NORMAL M [PRESSURE DATA]
TOTAL FM JAN 1 4114 HIGHEST SLP M ON M
DPTR FM NORMAL M LOWEST SLP M ON M
[REMARKS]
#FINAL-12-20#