000
CXUS54 KEPZ 011244
CF6TCS
PRELIMINARY LOCAL CLIMATOLOGICAL DATA (WS FORM: F-6)
STATION: TRUTH OR CONSEQUENCES
MONTH: JANUARY
YEAR: 2021
LATITUDE: 33 13 N
LONGITUDE: 107 16 W
TEMPERATURE IN F: :PCPN: SNOW: WIND :SUNSHINE: SKY :PK WND
================================================================================
1 2 3 4 5 6A 6B 7 8 9 10 11 12 13 14 15 16 17 18
12Z AVG MX 2MIN
DY MAX MIN AVG DEP HDD CDD WTR SNW DPTH SPD SPD DIR MIN PSBL S-S WX SPD DR
================================================================================
1 48 26 37 -3 28 0 0.00 M M 7.3 20 30 M M 0 26 30
2 55 24 40 0 25 0 0.00 M M 8.1 16 300 M M 0 20 300
3 57 28 43 3 22 0 0.00 M M 6.7 15 320 M M 0 22 310
4 59 31 45 5 20 0 0.00 M M 5.0 12 300 M M 0 17 330
5 65 32 49 9 16 0 0.00 M M 8.6 22 310 M M 0 35 320
6 54 30 42 2 23 0 0.00 M M 5.8 14 310 M M 0 20 310
7 57 25 41 1 24 0 0.00 M M 5.0 10 310 M M 0 13 40
8 60 29 45 5 20 0 0.00 M M 4.5 10 20 M M 0 14 20
9 62 28 45 5 20 0 0.00 M M 11.1 38 290 M M 2 8 52 300
10 44 27 36 -5 29 0 0.00 M M 11.7 23 30 M M 1 32 10
11 47 20 34 -7 31 0 0.00 M M 4.6 10 290 M M 0 13 80
12 50 21 36 -5 29 0 0.00 M M 5.2 12 280 M M 0 17 320
13 56 19 38 -3 27 0 0.00 M M 4.3 12 280 M M 0 16 310
14 67 35 51 10 14 0 0.00 M M 8.5 28 330 M M 0 44 310
15 64 35 50 9 15 0 0.00 M M 7.2 20 340 M M 0 35 340
16 61 31 46 4 19 0 0.00 M M 5.4 13 10 M M 0 17 20
17 64 31 48 6 17 0 0.00 M M 7.5 16 200 M M 0 20 330
18 66 32 49 7 16 0 0.00 M M 8.4 22 20 M M 2 31 40
19 55 38 47 5 18 0 0.00 M M 13.1 22 30 M M 3 32 30
20 50 38 44 2 21 0 0.00 M M 4.6 10 190 M M 8 15 30
21 57 40 49 7 16 0 T M M 4.2 17 190 M M 5 22 200
22 61 30 46 4 19 0 0.00 M M 7.8 22 170 M M 2 128 29 190
23 65 33 49 7 16 0 0.00 M M 9.2 26 230 M M 0 38 210
24 57 30 44 1 21 0 0.01 M M 9.9 31 250 M M 3 42 240
25 49 22 36 -7 29 0 T M M 9.4 28 210 M M 3 40 220
26 44 26 35 -8 30 0 0.01 M M 10.4 29 240 M M 4 128 37 240
27 48 19 34 -9 31 0 0.00 M M 5.0 18 300 M M 0 24 300
28 57 29 43 0 22 0 0.00 M M 4.8 12 290 M M 0 15 290
29 59 31 45 2 20 0 T M M 10.8 40 280 M M 2 55 280
30 56 33 45 1 20 0 0.00 M M 11.2 31 300 M M 1 40 300
31 58 29 44 0 21 0 0.00 M M 5.0 12 60 M M 0 17 50
================================================================================
SM 1752 902 679 0 0.02 M 230.3 M 36
================================================================================
AV 56.5 29.1 7.4 FASTST M M 1 MAX(MPH)
MISC ----> 40 280 55 280
================================================================================
NOTES:
# LAST OF SEVERAL OCCURRENCES
COLUMN 17 PEAK WIND IN M.P.H.
PRELIMINARY LOCAL CLIMATOLOGICAL DATA (WS FORM: F-6) , PAGE 2
STATION: TRUTH OR CONSEQUENCES
MONTH: JANUARY
YEAR: 2021
LATITUDE: 33 13 N
LONGITUDE: 107 16 W
[TEMPERATURE DATA] [PRECIPITATION DATA] SYMBOLS USED IN COLUMN 16
AVERAGE MONTHLY: 42.8 TOTAL FOR MONTH: 0.02 1 = FOG OR MIST
DPTR FM NORMAL: 1.2 DPTR FM NORMAL: -0.45 2 = FOG REDUCING VISIBILITY
HIGHEST: 67 ON 14 GRTST 24HR 0.04 ON 20-20 TO 1/4 MILE OR LESS
LOWEST: 19 ON 27,13 3 = THUNDER
SNOW, ICE PELLETS, HAIL 4 = ICE PELLETS
TOTAL MONTH: M 5 = HAIL
GRTST 24HR M ON M 6 = FREEZING RAIN OR DRIZZLE
GRTST DEPTH: M ON M 7 = DUSTSTORM OR SANDSTORM:
VSBY 1/2 MILE OR LESS
8 = SMOKE OR HAZE
[NO. OF DAYS WITH] [WEATHER - DAYS WITH] 9 = BLOWING SNOW
X = TORNADO
MAX 32 OR BELOW: 0 0.01 INCH OR MORE: 2
MAX 90 OR ABOVE: 0 0.10 INCH OR MORE: 0
MIN 32 OR BELOW: 24 0.50 INCH OR MORE: 0
MIN 0 OR BELOW: 0 1.00 INCH OR MORE: 0
[HDD (BASE 65) ]
TOTAL THIS MO. 679 CLEAR (SCALE 0-3) 27
DPTR FM NORMAL -48 PTCLDY (SCALE 4-7) 4
TOTAL FM JUL 1 1823 CLOUDY (SCALE 8-10) 0
DPTR FM NORMAL -304
[CDD (BASE 65) ]
TOTAL THIS MO. 0
DPTR FM NORMAL 0 [PRESSURE DATA]
TOTAL FM JAN 1 0 HIGHEST SLP 30.41 ON 27
DPTR FM NORMAL 0 LOWEST SLP 29.57 ON 24
[REMARKS]
#FINAL-01-21#