000
CXUS52 KTAE 011350
CLMTLH
CLIMATE REPORT
NATIONAL WEATHER SERVICE TALLAHASSEE FL
950 AM EDT THU JUN 01 2023
...................................
...THE TALLAHASSEE CLIMATE SUMMARY FOR THE MONTH OF MAY 2023...
CLIMATE NORMAL PERIOD 1991 TO 2020
CLIMATE RECORD PERIOD 1896 TO 2023
WEATHER OBSERVED NORMAL DEPART LAST YEAR`S
VALUE DATE(S) VALUE FROM VALUE DATE(S)
NORMAL
................................................................
TEMPERATURE (F)
RECORD
HIGH 102 05/27/1953
LOW 34 05/04/1971
HIGHEST 96 05/10 MM MM 94 05/18
05/30
LOWEST 48 05/04 MM MM 54 05/11
05/12
AVG. MAXIMUM 87.1 87.4 -0.3 87.9
AVG. MINIMUM 64.7 63.0 1.7 65.1
MEAN 75.9 75.2 0.7 76.5
DAYS MAX >= 90 9 12.9 -3.9 12
DAYS MAX <= 32 0 0.0 0.0 0
DAYS MIN <= 32 0 0.0 0.0 0
DAYS MIN <= 0 0 0.0 0.0 0
PRECIPITATION (INCHES)
RECORD
MAXIMUM 12.36 1890
MINIMUM T 2019
TOTALS 2.84 3.36 -0.52 3.29
SNOWFALL (INCHES)
RECORDS
TOTAL MM MM
TOTALS MM MM MM MM
SINCE 7/1 MM MM MM MM
DEGREE DAYS
HEATING TOTAL 0 4 -4 0
SINCE 7/1 951 1469 -518 MM
COOLING TOTAL 346 320 26 364
SINCE 1/1 787 514 273 MM
................................................................
WIND (MPH)
AVERAGE WIND SPEED 5.7
RESULTANT WIND SPEED/DIRECTION 1/050
HIGHEST WIND SPEED/DIRECTION 30/140 DATE 05/14
30/110 05/15
HIGHEST GUST SPEED/DIRECTION 38/260 DATE 05/01
SKY COVER
POSSIBLE SUNSHINE (PERCENT) MM
AVERAGE SKY COVER 0.40
NUMBER OF DAYS FAIR 12
NUMBER OF DAYS PC 18
NUMBER OF DAYS CLOUDY 1
AVERAGE RH (PERCENT) 68
WEATHER CONDITIONS. NUMBER OF DAYS WITH
THUNDERSTORM 11 MIXED PRECIP 0
HEAVY RAIN 2 RAIN 5
LIGHT RAIN 11 FREEZING RAIN 0
LT FREEZING RAIN 0 HAIL 0
HEAVY SNOW 0 SNOW 0
LIGHT SNOW 0 SLEET 0
FOG 12 FOG W/VIS <= 1/4 MILE 1
HAZE 4
- INDICATES NEGATIVE NUMBERS.
R INDICATES RECORD WAS SET OR TIED.
MM INDICATES DATA IS MISSING.
T INDICATES TRACE AMOUNT.
$$