000
CXUS52 KMFL 011130
CF6TMB
PRELIMINARY LOCAL CLIMATOLOGICAL DATA (WS FORM: F-6)
STATION: KENDALL-TAMIAMI EXEC ARPT
MONTH: FEBRUARY
YEAR: 2022
LATITUDE: 25 38 N
LONGITUDE: 80 26 W
TEMPERATURE IN F: :PCPN: SNOW: WIND :SUNSHINE: SKY :PK WND
================================================================================
1 2 3 4 5 6A 6B 7 8 9 10 11 12 13 14 15 16 17 18
12Z AVG MX 2MIN
DY MAX MIN AVG DEP HDD CDD WTR SNW DPTH SPD SPD DIR MIN PSBL S-S WX SPD DR
================================================================================
1 77 49 63 -5 2 0 T M M 8.7 23 90 M M 2 30 80
2 79 63 71 3 0 6 0.00 0.0 0 13.8 23 110 M M 1 29 120
3 81 69 75 7 0 10 0.00 M M 11.5 21 120 M M 2 26 130
4 82 66 74 6 0 9 0.00 M M 8.1 16 130 M M 3 20 140
5 83 62 73 5 0 8 T M M 4.3 15 100 M M 4 1 20 110
6 82 65 74 6 0 9 T M M 5.2 12 130 M M 5 12 17 150
7 82 65 74 6 0 9 0.00 M M 6.5 15 130 M M 1 1 18 130
8 82 62 72 4 0 7 T M M 6.0 23 300 M M 5 1 27 330
9 66 60 63 -6 2 0 0.19 M M 8.2 16 350 M M 6 1 20 10
10 80 56 68 -1 0 3 T M M 7.4 14 100 M M 1 18 10
11 82 59 71 2 0 6 0.05 0.0 0 5.1 14 100 M M 3 1 18 100
12 84 62 73 4 0 8 0.00 0.0 0 5.6 15 110 M M 2 1 20 80
13 76 61 69 0 0 4 0.46 0.0 M 7.4 29 300 M M 5 13 34 310
14 72 54 63 -6 2 0 0.00 0.0 0 12.8 22 350 M M 0 29 350
15 78 54 66 -3 0 1 0.00 0.0 0 13.5 28 80 M M 2 34 100
16 80 73 77 8 0 12 T 0.0 0 18.1 25 90 M M 4 33 110
17 82 72 77 8 0 12 0.01 0.0 0 11.2 22 110 M M 7 27 110
18 86 65 76 6 0 11 T 0.0 0 4.9 13 160 M M 5 1 17 130
19 86 70 78 8 0 13 0.01 0.0 0 5.8 20 310 M M 7 25 310
20 80 68 74 4 0 9 0.00 0.0 0 11.5 21 100 M M 10 25 90
21 81 65 73 3 0 8 T M M 6.9 17 100 M M 3 22 80
22 83 64 74 4 0 9 0.00 M M 11.7 24 90 M M 6 28 90
23 82 68 75 5 0 10 0.00 0.0 0 9.8 18 100 M M 2 29 40
24 83 63 73 3 0 8 T 0.0 0 7.9 18 100 M M 2 24 120
25 83 66 75 5 0 10 0.00 0.0 0 9.2 20 100 M M 5 26 130
26 83 65 74 4 0 9 0.00 M M 7.4 17 90 M M 3 23 90
27 85 64 75 5 0 10 0.01 0.0 0 6.6 16 100 M M 4 1 21 120
28 85 64 75 5 0 10 0.00 0.0 0 6.7 16 260 M M 4 20 280
================================================================================
SM 2265 1774 6 211 0.73 0.0 241.8 M 104
================================================================================
AV 80.9 63.4 8.6 FASTST M M 4 MAX(MPH)
MISC ----> 29 300 # 34 310
================================================================================
NOTES:
# LAST OF SEVERAL OCCURRENCES
COLUMN 17 PEAK WIND IN M.P.H.
PRELIMINARY LOCAL CLIMATOLOGICAL DATA (WS FORM: F-6) , PAGE 2
STATION: KENDALL-TAMIAMI EXEC ARPT
MONTH: FEBRUARY
YEAR: 2022
LATITUDE: 25 38 N
LONGITUDE: 80 26 W
[TEMPERATURE DATA] [PRECIPITATION DATA] SYMBOLS USED IN COLUMN 16
AVERAGE MONTHLY: 72.1 TOTAL FOR MONTH: 0.73 1 = FOG OR MIST
DPTR FM NORMAL: 3.0 DPTR FM NORMAL: -1.23 2 = FOG REDUCING VISIBILITY
HIGHEST: 86 ON 19,18 GRTST 24HR 0.46 ON 13-13 TO 1/4 MILE OR LESS
LOWEST: 49 ON 1 3 = THUNDER
SNOW, ICE PELLETS, HAIL 4 = ICE PELLETS
TOTAL MONTH: 0.0 INCH 5 = HAIL
GRTST 24HR 0.0 6 = FREEZING RAIN OR DRIZZLE
GRTST DEPTH: 0 7 = DUSTSTORM OR SANDSTORM:
VSBY 1/2 MILE OR LESS
8 = SMOKE OR HAZE
[NO. OF DAYS WITH] [WEATHER - DAYS WITH] 9 = BLOWING SNOW
X = TORNADO
MAX 32 OR BELOW: 0 0.01 INCH OR MORE: 6
MAX 90 OR ABOVE: 0 0.10 INCH OR MORE: 2
MIN 32 OR BELOW: 0 0.50 INCH OR MORE: 0
MIN 0 OR BELOW: 0 1.00 INCH OR MORE: 0
[HDD (BASE 65) ]
TOTAL THIS MO. 6 CLEAR (SCALE 0-3) 14
DPTR FM NORMAL -25 PTCLDY (SCALE 4-7) 13
TOTAL FM JUL 1 73 CLOUDY (SCALE 8-10) 1
DPTR FM NORMAL -64
[CDD (BASE 65) ]
TOTAL THIS MO. 211
DPTR FM NORMAL 65 [PRESSURE DATA]
TOTAL FM JAN 1 327 HIGHEST SLP 30.35 ON 15
DPTR FM NORMAL 61 LOWEST SLP 29.94 ON 28
[REMARKS]
#FINAL-02-22#