000
CXUS52 KMFL 011130
CF6TMB
PRELIMINARY LOCAL CLIMATOLOGICAL DATA (WS FORM: F-6)
STATION: KENDALL-TAMIAMI EXEC ARPT
MONTH: NOVEMBER
YEAR: 2021
LATITUDE: 25 38 N
LONGITUDE: 80 26 W
TEMPERATURE IN F: :PCPN: SNOW: WIND :SUNSHINE: SKY :PK WND
================================================================================
1 2 3 4 5 6A 6B 7 8 9 10 11 12 13 14 15 16 17 18
12Z AVG MX 2MIN
DY MAX MIN AVG DEP HDD CDD WTR SNW DPTH SPD SPD DIR MIN PSBL S-S WX SPD DR
================================================================================
1 84 67 76 0 0 11 0.00 0.0 0 8.3 15 350 M M 4 20 10
2 79 68 74 -2 0 9 0.75 0.0 0 4.9 14 40 M M 8 1 17 50
3 83 70 77 2 0 12 T M M 6.9 16 60 M M 9 19 70
4 85 70 78 3 0 13 0.00 0.0 0 4.8 13 130 M M 6 16 120
5 79 72 76 1 0 11 1.50 0.0 0 5.3 17 120 M M 7 138 23 110
6 78 65 72 -3 0 7 T 0.0 0 11.1 25 310 M M 2 1 33 320
7 77 56 67 -7 0 2 T 0.0 0 11.1 22 310 M M 1 27 300
8 77 62 70 -4 0 5 0.00 0.0 0 11.2 17 330 M M 3 25 360
9 82 63 73 -1 0 8 T 0.0 0 7.5 17 40 M M 4 23 30
10 85 62 74 0 0 9 T 0.0 0 6.2 17 100 M M 4 21 90
11 84 70 77 3 0 12 T M M 8.0 17 110 M M 3 24 110
12 83 72 78 4 0 13 0.04 M M 3.5 9 310 M M 3 11 320
13 87 69 78 5 0 13 T M M 4.0 13 280 M M 1 12 14 280
14 80 66 73 0 0 8 0.00 M M 7.9 14 360 M M 0 17 360
15 80 60 70 -3 0 5 0.00 0.0 M 8.5 15 50 M M 0 8 19 40
16 81 59 70 -3 0 5 0.00 0.0 M 9.0 21 90 M M 1 1 26 80
17 82 70 76 3 0 11 T 0.0 M 12.3 23 80 M M 5 29 80
18 81 73 77 5 0 12 1.04 0.0 M 9.6 18 90 M M 4 13 23 100
19 85 73 79 7 0 14 1.17 0.0 0 7.8 21 40 M M 8 1 25 350
20 81 74 78 6 0 13 0.20 0.0 M 10.3 21 50 M M 9 1 27 50
21 84 72 78 6 0 13 0.02 0.0 M 7.5 18 100 M M 4 22 110
22 85 65 75 3 0 10 0.01 0.0 0 6.4 23 350 M M 5 12 27 340
23 73 60 67 -5 0 2 0.00 0.0 0 14.4 24 350 M M 1 30 340
24 78 57 68 -4 0 3 0.00 0.0 0 9.6 20 80 M M 4 26 50
25 78 61 70 -2 0 5 M 0.0 0 6.3 18 80 M M 5 21 80
26 80 61 71 -1 0 6 0.00 0.0 0 5.3 12 350 M M 1 13 290
27 78 57 68 -3 0 3 0.00 0.0 0 4.8 12 360 M M 0 15 360
28 81 54 68 -3 0 3 0.00 0.0 0 2.7 10 310 M M 0 1 13 300
29 75 57 66 -5 0 1 T M M 7.7 21 360 M M 3 25 350
30 80 55 68 -3 0 3 0.00 M M 2.8 12 110 M M 1 1 15 100
================================================================================
SM 2425 1940 0 242 4.73 0.0 225.7 M 106
================================================================================
AV 80.8 64.7 7.5 FASTST M M 4 MAX(MPH)
MISC ----> 25 310 33 320
================================================================================
NOTES:
# LAST OF SEVERAL OCCURRENCES
COLUMN 17 PEAK WIND IN M.P.H.
PRELIMINARY LOCAL CLIMATOLOGICAL DATA (WS FORM: F-6) , PAGE 2
STATION: KENDALL-TAMIAMI EXEC ARPT
MONTH: NOVEMBER
YEAR: 2021
LATITUDE: 25 38 N
LONGITUDE: 80 26 W
[TEMPERATURE DATA] [PRECIPITATION DATA] SYMBOLS USED IN COLUMN 16
AVERAGE MONTHLY: 72.8 TOTAL FOR MONTH: 4.73 1 = FOG OR MIST
DPTR FM NORMAL: -0.3 DPTR FM NORMAL: 2.64 2 = FOG REDUCING VISIBILITY
HIGHEST: 87 ON 13 GRTST 24HR 1.95 ON 18-19 TO 1/4 MILE OR LESS
LOWEST: 54 ON 28 3 = THUNDER
SNOW, ICE PELLETS, HAIL 4 = ICE PELLETS
TOTAL MONTH: 0.0 INCH 5 = HAIL
GRTST 24HR 0.0 6 = FREEZING RAIN OR DRIZZLE
GRTST DEPTH: 0 7 = DUSTSTORM OR SANDSTORM:
VSBY 1/2 MILE OR LESS
8 = SMOKE OR HAZE
[NO. OF DAYS WITH] [WEATHER - DAYS WITH] 9 = BLOWING SNOW
X = TORNADO
MAX 32 OR BELOW: 0 0.01 INCH OR MORE: 8
MAX 90 OR ABOVE: 0 0.10 INCH OR MORE: 5
MIN 32 OR BELOW: 0 0.50 INCH OR MORE: 4
MIN 0 OR BELOW: 0 1.00 INCH OR MORE: 3
[HDD (BASE 65) ]
TOTAL THIS MO. 0 CLEAR (SCALE 0-3) 13
DPTR FM NORMAL -7 PTCLDY (SCALE 4-7) 14
TOTAL FM JUL 1 0 CLOUDY (SCALE 8-10) 3
DPTR FM NORMAL 0
[CDD (BASE 65) ]
TOTAL THIS MO. 242
DPTR FM NORMAL -8 [PRESSURE DATA]
TOTAL FM JAN 1 4554 HIGHEST SLP 30.20 ON 24
DPTR FM NORMAL 486 LOWEST SLP 29.80 ON 6
[REMARKS]
#FINAL-11-21#