000
CXUS52 KMFL 011030
CF6TMB
PRELIMINARY LOCAL CLIMATOLOGICAL DATA (WS FORM: F-6)
STATION: KENDALL-TAMIAMI EXEC ARPT
MONTH: APRIL
YEAR: 2021
LATITUDE: 25 38 N
LONGITUDE: 80 26 W
TEMPERATURE IN F: :PCPN: SNOW: WIND :SUNSHINE: SKY :PK WND
================================================================================
1 2 3 4 5 6A 6B 7 8 9 10 11 12 13 14 15 16 17 18
12Z AVG MX 2MIN
DY MAX MIN AVG DEP HDD CDD WTR SNW DPTH SPD SPD DIR MIN PSBL S-S WX SPD DR
================================================================================
1 91 69 80 9 0 15 0.02 M M 6.5 21 40 M M 3 3 25 40
2 81 62 72 1 0 7 T M M 16.4 26 50 M M 5 37 50
3 77 60 69 -2 0 4 0.00 M M 13.9 24 80 M M 7 30 80
4 78 63 71 0 0 6 T M M 11.1 20 100 M M 2 24 80
5 81 60 71 0 0 6 T M M 8.6 21 100 M M 2 27 90
6 81 58 70 -2 0 5 0.00 M M 6.4 17 100 M M 3 22 100
7 82 58 70 -2 0 5 0.00 M M 7.2 18 110 M M 0 25 100
8 83 59 71 -1 0 6 0.00 M M 7.8 16 110 M M 1 20 110
9 84 61 73 1 0 8 T M M 7.7 21 110 M M 0 27 100
10 86 68 77 5 0 12 T M M 10.1 18 360 M M 3 27 150
11 91 66 79 7 0 14 1.18 M M 11.8 45 10 M M 5 138 54 10
12 90 67 79 7 0 14 0.42 M M 8.2 23 280 M M 4 13 28 280
13 89 65 77 5 0 12 T M M 6.0 20 90 M M 0 12 23 100
14 84 62 73 1 0 8 T M M 7.9 20 100 M M 0 1 26 110
15 87 62 75 2 0 10 0.00 M M 6.0 15 150 M M 1 20 140
16 92 67 80 7 0 15 0.00 M M 4.9 15 260 M M 0 19 180
17 91 70 81 8 0 16 T M M 8.1 22 260 M M 1 8 30 260
18 93 72 83 10 0 18 T M M 5.8 17 250 M M 4 3 22 240
19 92 73 83 10 0 18 0.38 M M 9.2 24 260 M M 3 13 29 250
20 86 71 79 6 0 14 0.69 0.0 0 5.8 20 230 M M 4 13 26 220
21 88 73 81 8 0 16 0.04 0.0 0 6.1 17 290 M M 5 1 20 290
22 87 72 80 6 0 15 T M M 7.6 14 60 M M 5 16 60
23 85 72 79 5 0 14 T 0.0 0 12.6 23 90 M M 4 28 90
24 88 77 83 9 0 18 0.00 0.0 0 10.8 21 140 M M 4 27 140
25 93 75 84 10 0 19 0.00 0.0 0 10.0 22 260 M M 1 28 280
26 88 72 80 6 0 15 0.02 0.0 0 9.4 21 90 M M 2 1 24 90
27 85 71 78 4 0 13 T 0.0 0 13.0 25 80 M M 3 30 80
28 85 69 77 3 0 12 0.00 M M 9.6 18 110 M M 1 21 100
29 89 73 81 7 0 16 T M M 9.4 18 120 M M 2 25 120
30 90 72 81 6 0 16 1.85 M M 5.5 21 140 M M 5 138 28 140
================================================================================
SM 2597 2019 0 367 4.60 0.0 263.4 M 80
================================================================================
AV 86.6 67.3 8.8 FASTST M M 3 MAX(MPH)
MISC ----> 45 10 54 10
================================================================================
NOTES:
# LAST OF SEVERAL OCCURRENCES
COLUMN 17 PEAK WIND IN M.P.H.
PRELIMINARY LOCAL CLIMATOLOGICAL DATA (WS FORM: F-6) , PAGE 2
STATION: KENDALL-TAMIAMI EXEC ARPT
MONTH: APRIL
YEAR: 2021
LATITUDE: 25 38 N
LONGITUDE: 80 26 W
[TEMPERATURE DATA] [PRECIPITATION DATA] SYMBOLS USED IN COLUMN 16
AVERAGE MONTHLY: 76.9 TOTAL FOR MONTH: 4.60 1 = FOG OR MIST
DPTR FM NORMAL: 4.2 DPTR FM NORMAL: 1.72 2 = FOG REDUCING VISIBILITY
HIGHEST: 93 ON 25,18 GRTST 24HR 1.85 ON 30-30 TO 1/4 MILE OR LESS
LOWEST: 58 ON 7, 6 3 = THUNDER
SNOW, ICE PELLETS, HAIL 4 = ICE PELLETS
TOTAL MONTH: 0.0 INCH 5 = HAIL
GRTST 24HR 0.0 6 = FREEZING RAIN OR DRIZZLE
GRTST DEPTH: 0 7 = DUSTSTORM OR SANDSTORM:
VSBY 1/2 MILE OR LESS
8 = SMOKE OR HAZE
[NO. OF DAYS WITH] [WEATHER - DAYS WITH] 9 = BLOWING SNOW
X = TORNADO
MAX 32 OR BELOW: 0 0.01 INCH OR MORE: 8
MAX 90 OR ABOVE: 9 0.10 INCH OR MORE: 5
MIN 32 OR BELOW: 0 0.50 INCH OR MORE: 3
MIN 0 OR BELOW: 0 1.00 INCH OR MORE: 2
[HDD (BASE 65) ]
TOTAL THIS MO. 0 CLEAR (SCALE 0-3) 19
DPTR FM NORMAL -5 PTCLDY (SCALE 4-7) 11
TOTAL FM JUL 1 162 CLOUDY (SCALE 8-10) 0
DPTR FM NORMAL -35
[CDD (BASE 65) ]
TOTAL THIS MO. 367
DPTR FM NORMAL 131 [PRESSURE DATA]
TOTAL FM JAN 1 1061 HIGHEST SLP 30.27 ON 3
DPTR FM NORMAL 435 LOWEST SLP 29.74 ON 11
[REMARKS]
#FINAL-04-21#