000
CXUS55 KCYS 011610
CF6TOR
PRELIMINARY LOCAL CLIMATOLOGICAL DATA (WS FORM: F-6)
STATION: TORRINGTON WY AIRPORT
MONTH: MARCH
YEAR: 2023
LATITUDE: 42 3 N
LONGITUDE: 104 9 W
TEMPERATURE IN F: :PCPN: SNOW: WIND :SUNSHINE: SKY :PK WND
================================================================================
1 2 3 4 5 6A 6B 7 8 9 10 11 12 13 14 15 16 17 18
12Z AVG MX 2MIN
DY MAX MIN AVG DEP HDD CDD WTR SNW DPTH SPD SPD DIR MIN PSBL S-S WX SPD DR
================================================================================
1 40 15 28 -6 37 0 0.00 M M 8.8 22 160 M M 4 30 150
2 47 19 33 -1 32 0 0.00 M M 10.3 24 270 M M 0 33 270
3 42 29 36 1 29 0 T M M 13.2 26 280 M M 5 38 260
4 43 16 30 -5 35 0 0.00 M M 11.5 25 150 M M 3 32 150
5 50 24 37 1 28 0 T M M 11.9 30 270 M M 2 41 270
6 38 24 31 -5 34 0 T M M 11.4 25 110 M M 8 18 32 110
7 41 21 31 -5 34 0 T M M 9.5 20 60 M M 8 1 25 60
8 33 21 27 -10 38 0 0.00 M M 14.5 22 120 M M 9 1 31 100
9 41 21 31 -6 34 0 T M M 11.4 20 360 M M 5 1 27 110
10 50 22 36 -1 29 0 0.00 M M 13.3 23 140 M M 2 31 140
11 50 22 36 -2 29 0 0.00 M M 12.8 25 340 M M 1 39 360
12 39 18 29 -9 36 0 0.00 M M 9.6 20 320 M M 1 29 320
13 58 20 39 1 26 0 0.00 M M 9.3 20 260 M M 4 24 250
14 64 26 45 6 20 0 0.00 M M 12.1 33 270 M M 0 47 240
15 66 32 49 10 16 0 0.00 M M 11.8 33 270 M M 4 46 270
16 38 23 31 -9 34 0 T M M 16.8 31 330 M M 6 45 350
17 37 16 27 -13 38 0 0.00 M M 16.0 39 330 M M 3 55 320
18 43 15 29 -11 36 0 0.00 M M 9.6 21 360 M M 0 29 340
19 56 10 33 -7 32 0 0.00 M M 11.8 33 290 M M 0 43 270
20 54 21 38 -3 27 0 0.00 M M 8.3 26 200 M M 3 34 200
21 52 26 39 -2 26 0 T M M 15.4 39 260 M M 2 1 54 260
22 42 28 35 -6 30 0 T M M 11.0 21 100 M M 8 1 28 90
23 54 21 38 -4 27 0 0.00 M M 8.7 25 260 M M 4 12 38 260
24 56 25 41 -1 24 0 0.00 M M 8.6 20 30 M M 3 27 340
25 38 27 33 -9 32 0 T M M 13.1 26 290 M M 9 8 38 280
26 45 19 32 -10 33 0 0.00 M M 8.5 20 310 M M 2 28 310
27 37 14 26 -16 39 0 0.00 M M 9.5 24 320 M M 7 32 330
28 53 8 31 -12 34 0 0.00 M M 10.6 25 270 M M 2 12 34 280
29 40 23 32 -11 33 0 0.00 M M 13.3 23 130 M M 4 1 30 110
30 64 21 43 0 22 0 T M M 10.9 35 280 M M 3 1 50 280
31 42 25 34 -9 31 0 T M M 16.8 39 310 M M 7 18 54 320
================================================================================
SM 1453 652 955 0 T M 360.3 M 119
================================================================================
AV 46.9 21.0 11.6 FASTST M M 4 MAX(MPH)
MISC ----> # 39 330 55 320
================================================================================
NOTES:
# LAST OF SEVERAL OCCURRENCES
COLUMN 17 PEAK WIND IN M.P.H.
PRELIMINARY LOCAL CLIMATOLOGICAL DATA (WS FORM: F-6) , PAGE 2
STATION: TORRINGTON WY AIRPORT
MONTH: MARCH
YEAR: 2023
LATITUDE: 42 3 N
LONGITUDE: 104 9 W
[TEMPERATURE DATA] [PRECIPITATION DATA] SYMBOLS USED IN COLUMN 16
AVERAGE MONTHLY: 34.0 TOTAL FOR MONTH: T 1 = FOG OR MIST
DPTR FM NORMAL: -5.2 DPTR FM NORMAL: -0.66 2 = FOG REDUCING VISIBILITY
HIGHEST: 66 ON 15 GRTST 24HR T ON 3- 3 TO 1/4 MILE OR LESS
LOWEST: 8 ON 28 3 = THUNDER
SNOW, ICE PELLETS, HAIL 4 = ICE PELLETS
TOTAL MONTH: M 5 = HAIL
GRTST 24HR M ON M 6 = FREEZING RAIN OR DRIZZLE
GRTST DEPTH: M ON M 7 = DUSTSTORM OR SANDSTORM:
VSBY 1/2 MILE OR LESS
8 = SMOKE OR HAZE
[NO. OF DAYS WITH] [WEATHER - DAYS WITH] 9 = BLOWING SNOW
X = TORNADO
MAX 32 OR BELOW: 0 0.01 INCH OR MORE: 0
MAX 90 OR ABOVE: 0 0.10 INCH OR MORE: 0
MIN 32 OR BELOW: 31 0.50 INCH OR MORE: 0
MIN 0 OR BELOW: 0 1.00 INCH OR MORE: 0
[HDD (BASE 65) ]
TOTAL THIS MO. 955 CLEAR (SCALE 0-3) 16
DPTR FM NORMAL 155 PTCLDY (SCALE 4-7) 12
TOTAL FM JUL 1 5954 CLOUDY (SCALE 8-10) 3
DPTR FM NORMAL 391
[CDD (BASE 65) ]
TOTAL THIS MO. 0
DPTR FM NORMAL 0 [PRESSURE DATA]
TOTAL FM JAN 1 0 HIGHEST SLP 30.46 ON 18
DPTR FM NORMAL 0 LOWEST SLP 29.38 ON 30
[REMARKS]
#FINAL-03-23#