000
CXUS55 KCYS 080220
CF6TOR
PRELIMINARY LOCAL CLIMATOLOGICAL DATA (WS FORM: F-6)
STATION: TORRINGTON WY AIRPORT
MONTH: MARCH
YEAR: 2021
LATITUDE: 42 3 N
LONGITUDE: 104 9 W
TEMPERATURE IN F: :PCPN: SNOW: WIND :SUNSHINE: SKY :PK WND
================================================================================
1 2 3 4 5 6A 6B 7 8 9 10 11 12 13 14 15 16 17 18
12Z AVG MX 2MIN
DY MAX MIN AVG DEP HDD CDD WTR SNW DPTH SPD SPD DIR MIN PSBL S-S WX SPD DR
================================================================================
1 53 23 38 4 27 0 0.00 M M 9.0 18 280 M M 0 28 270
2 61 28 45 11 20 0 0.00 M M 10.8 28 280 M M 0 37 280
3 67 23 45 10 20 0 0.00 M M 5.7 16 70 M M 0 19 280
4 60 24 42 7 23 0 0.00 M M 6.4 14 110 M M 0 20 140
5 64 25 45 10 20 0 0.00 M M 4.7 10 360 M M 0 16 240
6 72 22 47 12 18 0 0.00 M M 8.4 25 160 M M 0 8 34 170
7 68 28 48 12 17 0 0.00 M M 6.3 16 160 M M 0 24 240
8 66 27 47 11 18 0 0.00 M M 4.0 12 140 M M 0 15 120
9 62 29 46 10 19 0 0.02 M M 11.9 30 30 M M 2 1 39 30
10 33 14 24 -12 41 0 0.53 M M 5.0 25 60 M M 9 128 33 50
11 36 6 21 -16 44 0 T M M 4.1 10 80 M M 6 12 12 360
12 42 28 35 -2 30 0 T M M 5.8 15 110 M M 10 1 20 110
13 37 32 35 -2 30 0 0.70 M M 12.9 37 50 M M 10 1 46 50
14 37 27 32 -5 33 0 0.21 M M 23.6 37 40 M M 10 12 48 40
15 32 24 28 -10 37 0 0.09 M M 6.5 13 160 M M 10 1 18 150
16 36 25 31 -7 34 0 T M M 4.6 13 320 M M 9 1 19 320
17 39 26 33 -5 32 0 0.00 M M 9.9 15 320 M M 3 20 340
18 36 15 26 -12 39 0 0.00 M M 6.2 13 100 M M 2 12 18 140
19 49 26 38 -1 27 0 0.00 M M 8.7 13 120 M M 0 14 130
20 55 34 45 6 20 0 0.00 M M 9.3 25 330 M M 0 36 330
21 47 28 38 -1 27 0 0.00 M M 11.5 23 320 M M 2 31 310
22 48 23 36 -3 29 0 0.00 M M 6.0 15 210 M M 0 22 220
23 49 25 37 -3 28 0 0.04 M M 11.9 30 10 M M 6 1 38 10
24 44 26 35 -5 30 0 0.00 M M 8.5 20 180 M M 3 26 170
25 54 30 42 2 23 0 0.00 M M 9.6 23 240 M M 1 32 250
26 45 31 38 -2 27 0 0.01 M M 5.5 15 40 M M 8 1 20 40
27 49 29 39 -2 26 0 T M M 11.6 26 320 M M 5 37 320
28 64 22 43 2 22 0 0.00 M M 13.5 32 250 M M 0 47 280
29 70 31 51 10 14 0 0.00 M M 20.4 33 260 M M 1 64 260
30 41 19 30 -12 35 0 0.00 M M 8.5 20 300 M M 3 28 300
31 50 14 32 -10 33 0 0.00 M M 5.6 17 310 M M 1 25 310
================================================================================
SM 1566 764 843 0 1.60 M 276.4 M 101
================================================================================
AV 50.5 24.6 8.9 FASTST M M 3 MAX(MPH)
MISC ----> # 37 50 64 260
================================================================================
NOTES:
# LAST OF SEVERAL OCCURRENCES
COLUMN 17 PEAK WIND IN M.P.H.
PRELIMINARY LOCAL CLIMATOLOGICAL DATA (WS FORM: F-6) , PAGE 2
STATION: TORRINGTON WY AIRPORT
MONTH: MARCH
YEAR: 2021
LATITUDE: 42 3 N
LONGITUDE: 104 9 W
[TEMPERATURE DATA] [PRECIPITATION DATA] SYMBOLS USED IN COLUMN 16
AVERAGE MONTHLY: 37.6 TOTAL FOR MONTH: 1.60 1 = FOG OR MIST
DPTR FM NORMAL: -0.3 DPTR FM NORMAL: 0.85 2 = FOG REDUCING VISIBILITY
HIGHEST: 72 ON 6 GRTST 24HR 0.70 ON 13-13 TO 1/4 MILE OR LESS
LOWEST: 6 ON 11 3 = THUNDER
SNOW, ICE PELLETS, HAIL 4 = ICE PELLETS
TOTAL MONTH: M 5 = HAIL
GRTST 24HR M ON M 6 = FREEZING RAIN OR DRIZZLE
GRTST DEPTH: M ON M 7 = DUSTSTORM OR SANDSTORM:
VSBY 1/2 MILE OR LESS
8 = SMOKE OR HAZE
[NO. OF DAYS WITH] [WEATHER - DAYS WITH] 9 = BLOWING SNOW
X = TORNADO
MAX 32 OR BELOW: 1 0.01 INCH OR MORE: 7
MAX 90 OR ABOVE: 0 0.10 INCH OR MORE: 3
MIN 32 OR BELOW: 30 0.50 INCH OR MORE: 2
MIN 0 OR BELOW: 0 1.00 INCH OR MORE: 0
[HDD (BASE 65) ]
TOTAL THIS MO. 843 CLEAR (SCALE 0-3) 20
DPTR FM NORMAL 3 PTCLDY (SCALE 4-7) 4
TOTAL FM JUL 1 5746 CLOUDY (SCALE 8-10) 7
DPTR FM NORMAL 62
[CDD (BASE 65) ]
TOTAL THIS MO. 0
DPTR FM NORMAL 0 [PRESSURE DATA]
TOTAL FM JAN 1 0 HIGHEST SLP 30.52 ON 31
DPTR FM NORMAL 0 LOWEST SLP 29.38 ON 29
[REMARKS]
#FINAL-03-21#