000
CXUS52 KTBW 011336
CF6TPA
PRELIMINARY LOCAL CLIMATOLOGICAL DATA (WS FORM: F-6)
STATION: TAMPA
MONTH: MAY
YEAR: 2022
LATITUDE: 27 58 N
LONGITUDE: 82 32 W
TEMPERATURE IN F: :PCPN: SNOW: WIND :SUNSHINE: SKY :PK WND
================================================================================
1 2 3 4 5 6A 6B 7 8 9 10 11 12 13 14 15 16 17 18
12Z AVG MX 2MIN
DY MAX MIN AVG DEP HDD CDD WTR SNW DPTH SPD SPD DIR MIN PSBL S-S WX SPD DR
================================================================================
1 86 69 78 1 0 13 0.03 0.0 0 4.7 14 360 M M 4 3 22 130
2 87 71 79 2 0 14 0.00 0.0 0 6.4 14 270 M M 5 19 270
3 88 71 80 3 0 15 0.62 0.0 0 7.1 20 200 M M 6 138 29 170
4 88 73 81 3 0 16 0.00 0.0 0 5.1 14 260 M M 3 18 260
5 90 76 83 5 0 18 0.00 0.0 0 5.6 14 260 M M 1 18 260
6 89 76 83 5 0 18 0.00 0.0 0 9.4 17 220 M M 5 25 220
7 87 74 81 3 0 16 0.15 0.0 0 12.5 28 290 M M 6 38 40 280
8 89 75 82 4 0 17 0.00 0.0 0 6.9 16 270 M M 2 22 260
9 90 71 81 3 0 16 0.00 0.0 0 6.9 14 50 M M 3 27 50
10 87 65 76 -2 0 11 0.00 0.0 0 7.0 14 40 M M 1 22 30
11 86 64 75 -4 0 10 0.00 0.0 0 8.7 18 350 M M 1 27 340
12 87 66 77 -2 0 12 0.00 0.0 0 7.0 17 350 M M 3 26 360
13 86 70 78 -1 0 13 0.00 0.0 0 5.0 13 280 M M 5 18 270
14 88 72 80 1 0 15 0.00 0.0 0 6.5 15 290 M M 3 22 320
15 88 72 80 1 0 15 0.00 0.0 0 6.8 17 270 M M 3 3 23 260
16 87 73 80 0 0 15 0.00 0.0 0 7.4 15 270 M M 2 21 250
17 89 75 82 2 0 17 0.00 0.0 0 7.1 15 290 M M 3 20 290
18 91 76 84 4 0 19 0.00 0.0 0 5.7 14 260 M M 3 3 20 180
19 90 77 84 4 0 19 0.00 0.0 0 2.9 12 270 M M 5 14 250
20 88 75 82 2 0 17 0.17 0.0 0 8.2 20 140 M M 6 13 33 150
21 90 74 82 2 0 17 T 0.0 0 6.7 20 300 M M 8 31 110
22 96 74 85 5 0 20 0.00 0.0 0 6.9 16 350 M M 7 138 25 160
23 92 79 86 5 0 21 T 0.0 0 7.8 14 250 M M 6 3 21 110
24 94 79 87 6 0 22 0.01 0.0 0 7.2 14 150 M M 7 21 120
25 95 77 86 5 0 21 0.00 0.0 0 8.3 15 130 M M 6 24 110
26 92 78 85 4 0 20 0.00 0.0 0 9.3 17 130 M M 6 22 320
27 89 78 84 3 0 19 0.00 0.0 0 9.2 17 220 M M 7 25 230
28 92 77 85 4 0 20 0.00 0.0 0 7.3 14 270 M M 3 19 260
29 92 72 82 1 0 17 0.00 0.0 0 7.1 20 120 M M 2 25 120
30 96 73 85 3 0 20 1.65 0.0 0 6.8 20 150 M M 4 138 32 130
31 93 73 83 1 0 18 0.08 0.0 0 5.5 20 260 M M 4 38 26 270
================================================================================
SM 2782 2275 0 521 2.71 0.0 219.0 M 130
================================================================================
AV 89.7 73.4 7.1 FASTST M M 4 MAX(MPH)
MISC ----> 28 290 40 280
================================================================================
NOTES:
# LAST OF SEVERAL OCCURRENCES
COLUMN 17 PEAK WIND IN M.P.H.
PRELIMINARY LOCAL CLIMATOLOGICAL DATA (WS FORM: F-6) , PAGE 2
STATION: TAMPA
MONTH: MAY
YEAR: 2022
LATITUDE: 27 58 N
LONGITUDE: 82 32 W
[TEMPERATURE DATA] [PRECIPITATION DATA] SYMBOLS USED IN COLUMN 16
AVERAGE MONTHLY: 81.6 TOTAL FOR MONTH: 2.71 1 = FOG OR MIST
DPTR FM NORMAL: 2.1 DPTR FM NORMAL: 0.11 2 = FOG REDUCING VISIBILITY
HIGHEST: 96 ON 30,22 GRTST 24HR 1.70 ON 30-31 TO 1/4 MILE OR LESS
LOWEST: 64 ON 11 3 = THUNDER
SNOW, ICE PELLETS, HAIL 4 = ICE PELLETS
TOTAL MONTH: 0.0 INCH 5 = HAIL
GRTST 24HR 0.0 6 = FREEZING RAIN OR DRIZZLE
GRTST DEPTH: 0 7 = DUSTSTORM OR SANDSTORM:
VSBY 1/2 MILE OR LESS
8 = SMOKE OR HAZE
[NO. OF DAYS WITH] [WEATHER - DAYS WITH] 9 = BLOWING SNOW
X = TORNADO
MAX 32 OR BELOW: 0 0.01 INCH OR MORE: 7
MAX 90 OR ABOVE: 14 0.10 INCH OR MORE: 4
MIN 32 OR BELOW: 0 0.50 INCH OR MORE: 2
MIN 0 OR BELOW: 0 1.00 INCH OR MORE: 1
[HDD (BASE 65) ]
TOTAL THIS MO. 0 CLEAR (SCALE 0-3) 11
DPTR FM NORMAL 0 PTCLDY (SCALE 4-7) 20
TOTAL FM JUL 1 218 CLOUDY (SCALE 8-10) 0
DPTR FM NORMAL -215
[CDD (BASE 65) ]
TOTAL THIS MO. 521
DPTR FM NORMAL 73 [PRESSURE DATA]
TOTAL FM JAN 1 1392 HIGHEST SLP 30.22 ON 21
DPTR FM NORMAL 374 LOWEST SLP 29.77 ON 7
[REMARKS]
#FINAL-05-22#