000
CXUS54 KTSA 010950
CF6TUL
PRELIMINARY LOCAL CLIMATOLOGICAL DATA (WS FORM: F-6)
STATION: TULSA OKLAHOMA
MONTH: DECEMBER
YEAR: 2020
LATITUDE: 36 12 N
LONGITUDE: 95 54 W
TEMPERATURE IN F: :PCPN: SNOW: WIND :SUNSHINE: SKY :PK WND
================================================================================
1 2 3 4 5 6A 6B 7 8 9 10 11 12 13 14 15 16 17 18
12Z AVG MX 2MIN
DY MAX MIN AVG DEP HDD CDD WTR SNW DPTH SPD SPD DIR MIN PSBL S-S WX SPD DR
================================================================================
1 58 29 44 1 21 0 0.00 0.0 0 11.5 23 170 M M 1 31 150
2 46 38 42 -1 23 0 0.68 0.0 0 7.4 20 70 M M 9 1 29 70
3 43 34 39 -3 26 0 0.07 0.0 0 6.7 14 340 M M 10 1 18 330
4 56 29 43 1 22 0 0.00 0.0 0 4.7 13 270 M M 0 16 270
5 61 30 46 4 19 0 0.00 0.0 0 4.1 14 320 M M 1 17 310
6 55 31 43 1 22 0 0.00 0.0 0 5.8 14 360 M M 1 21 340
7 62 31 47 6 18 0 0.00 0.0 0 4.5 13 280 M M 0 20 270
8 65 34 50 9 15 0 0.00 0.0 0 5.2 12 320 M M 2 16 320
9 72 37 55 14 10 0 0.00 0.0 0 2.9 8 180 M M 1 8 10 190
10 75 32 54 14 11 0 0.00 0.0 0 7.2 18 170 M M 1 26 170
11 59 42 51 11 14 0 0.08 0.0 0 9.7 17 270 M M 8 24 280
12 44 35 40 0 25 0 0.00 0.0 0 9.3 21 280 M M 8 26 290
13 39 26 33 -7 32 0 0.72 5.0 1 8.3 16 340 M M 8 12 21 10
14 36 20 28 -11 37 0 0.00 0.0 4 5.8 12 100 M M 4 1 17 110
15 35 28 32 -7 33 0 0.01 0.2 4 6.7 13 100 M M 10 1 16 100
16 35 26 31 -8 34 0 T T 3 6.4 12 260 M M 9 18 14 270
17 47 25 36 -3 29 0 0.00 0.0 3 5.2 12 170 M M 1 1 14 170
18 55 38 47 8 18 0 0.00 0.0 1 12.7 29 170 M M 7 37 180
19 53 32 43 5 22 0 T 0.0 0 6.2 16 330 M M 3 20 330
20 58 28 43 5 22 0 0.00 0.0 0 6.2 16 290 M M 3 20 300
21 65 35 50 12 15 0 0.00 0.0 0 4.1 10 10 M M 4 14 50
22 68 33 51 13 14 0 0.00 0.0 0 12.5 28 170 M M 4 39 160
23 61 28 45 7 20 0 0.00 0.0 0 19.0 33 310 M M 3 45 320
24 41 25 33 -5 32 0 0.00 0.0 0 10.7 18 300 M M 2 27 300
25 48 20 34 -4 31 0 0.00 0.0 0 6.1 13 180 M M 0 17 180
26 69 32 51 13 14 0 0.00 0.0 0 10.5 21 170 M M 1 28 170
27 62 38 50 12 15 0 0.00 0.0 0 13.4 25 180 M M 3 34 170
28 47 30 39 1 26 0 0.00 0.0 0 8.0 15 40 M M 7 22 10
29 53 40 47 9 18 0 0.08 0.0 0 13.6 25 160 M M 10 18 36 140
30 51 27 39 1 26 0 0.88 0.5 T 9.0 20 340 M M 10 1 25 360
31 37 23 30 -7 35 0 0.82 0.0 0 10.3 23 40 M M 7 1 33 50
================================================================================
SM 1656 956 699 0 3.34 5.7 253.7 M 138
================================================================================
AV 53.4 30.8 8.2 FASTST M M 4 MAX(MPH)
MISC ----> 33 310 45 320
================================================================================
NOTES:
# LAST OF SEVERAL OCCURRENCES
COLUMN 17 PEAK WIND IN M.P.H.
PRELIMINARY LOCAL CLIMATOLOGICAL DATA (WS FORM: F-6) , PAGE 2
STATION: TULSA OKLAHOMA
MONTH: DECEMBER
YEAR: 2020
LATITUDE: 36 12 N
LONGITUDE: 95 54 W
[TEMPERATURE DATA] [PRECIPITATION DATA] SYMBOLS USED IN COLUMN 16
AVERAGE MONTHLY: 42.1 TOTAL FOR MONTH: 3.34 1 = FOG OR MIST
DPTR FM NORMAL: 2.6 DPTR FM NORMAL: 0.85 2 = FOG REDUCING VISIBILITY
HIGHEST: 75 ON 10 GRTST 24HR 0.94 ON 29-30 TO 1/4 MILE OR LESS
LOWEST: 20 ON 25,14 3 = THUNDER
SNOW, ICE PELLETS, HAIL 4 = ICE PELLETS
TOTAL MONTH: 5.7 INCHES 5 = HAIL
GRTST 24HR 5.0 ON 13-13 6 = FREEZING RAIN OR DRIZZLE
GRTST DEPTH: 4 ON 15,14 7 = DUSTSTORM OR SANDSTORM:
VSBY 1/2 MILE OR LESS
8 = SMOKE OR HAZE
[NO. OF DAYS WITH] [WEATHER - DAYS WITH] 9 = BLOWING SNOW
X = TORNADO
MAX 32 OR BELOW: 0 0.01 INCH OR MORE: 8
MAX 90 OR ABOVE: 0 0.10 INCH OR MORE: 4
MIN 32 OR BELOW: 20 0.50 INCH OR MORE: 4
MIN 0 OR BELOW: 0 1.00 INCH OR MORE: 0
[HDD (BASE 65) ]
TOTAL THIS MO. 699 CLEAR (SCALE 0-3) 15
DPTR FM NORMAL -93 PTCLDY (SCALE 4-7) 9
TOTAL FM JUL 1 1277 CLOUDY (SCALE 8-10) 7
DPTR FM NORMAL -151
[CDD (BASE 65) ]
TOTAL THIS MO. 0
DPTR FM NORMAL 0 [PRESSURE DATA]
TOTAL FM JAN 1 2046 HIGHEST SLP 30.43 ON 28
DPTR FM NORMAL 10 LOWEST SLP 29.62 ON 23
[REMARKS]
#FINAL-12-20#