000
CXUS54 KMEG 010900
CF6TUP
PRELIMINARY LOCAL CLIMATOLOGICAL DATA (WS FORM: F-6)
STATION: TUPELO
MONTH: MARCH
YEAR: 2022
LATITUDE: 34 16 N
LONGITUDE: 88 46 W
TEMPERATURE IN F: :PCPN: SNOW: WIND :SUNSHINE: SKY :PK WND
================================================================================
1 2 3 4 5 6A 6B 7 8 9 10 11 12 13 14 15 16 17 18
12Z AVG MX 2MIN
DY MAX MIN AVG DEP HDD CDD WTR SNW DPTH SPD SPD DIR MIN PSBL S-S WX SPD DR
================================================================================
1 72 34 53 2 12 0 0.00 0.0 0 3.0 10 220 M M 0 14 250
2 79 38 59 8 6 0 0.00 0.0 0 2.3 12 230 M M 0 8 17 240
3 82 40 61 9 4 0 0.00 0.0 0 2.7 10 190 M M 0 8 14 240
4 81 42 62 10 3 0 0.00 0.0 0 4.3 15 160 M M 0 18 19 190
5 79 50 65 13 0 0 0.00 0.0 0 11.0 21 180 M M 5 28 180
6 85 63 74 22 0 9 0.00 0.0 0 12.2 22 160 M M 5 29 170
7 73 44 59 6 6 0 0.59 0.0 0 11.7 22 330 M M 8 1 29 330
8 52 39 46 -7 19 0 0.75 0.0 0 8.6 18 50 M M 9 1 22 30
9 57 42 50 -3 15 0 0.03 0.0 0 6.5 16 360 M M 5 1 21 340
10 66 37 52 -2 13 0 0.00 0.0 0 3.9 10 350 M M 0 17 50
11 72 30 51 -3 14 0 0.12 1.1 0 9.6 35 360 M M 4 12 48 360
12 40 27 34 -20 31 0 0.12 1.1 2 9.6 24 340 M M 2 18 32 350
13 60 24 42 -12 23 0 0.00 0.0 0 7.1 16 160 M M 0 20 170
14 68 35 52 -2 13 0 T 0.0 0 8.3 22 170 M M 3 27 170
15 62 50 56 1 9 0 1.59 0.0 0 5.6 14 60 M M 10 1 18 80
16 72 53 63 8 2 0 0.01 0.0 0 3.9 10 60 M M 6 1 13 60
17 74 49 62 7 3 0 0.00 0.0 0 5.0 14 190 M M 4 12 20 170
18 77 54 66 10 0 1 0.56 0.0 0 9.9 23 240 M M 7 13 32 230
19 66 44 55 -1 10 0 0.00 0.0 0 7.1 16 330 M M 5 24 290
20 77 40 59 3 6 0 0.00 0.0 0 2.0 10 320 M M 0 8 14 330
21 78 44 61 5 4 0 0.00 0.0 0 8.4 20 170 M M 1 18 26 170
22 73 60 67 10 0 2 1.14 0.0 0 11.7 35 190 M M 8 13 45 180
23 62 42 52 -5 13 0 T 0.0 0 7.7 21 210 M M 7 1 28 240
24 67 39 53 -4 12 0 0.00 0.0 0 6.7 23 250 M M 1 34 210
25 65 43 54 -3 11 0 0.00 0.0 0 4.8 15 330 M M 3 21 330
26 69 44 57 -1 8 0 0.00 0.0 0 7.3 17 320 M M 0 25 320
27 64 40 52 -6 13 0 0.00 0.0 0 8.1 16 10 M M 1 20 20
28 71 42 57 -1 8 0 0.00 0.0 0 5.2 10 60 M M 3 14 60
29 80 47 64 6 1 0 0.00 0.0 0 9.7 24 170 M M 4 31 180
30 79 60 70 11 0 5 M 0.0 0 15.7 33 160 M M 5 13 53 140
31 65 45 55 -4 10 0 0.00 0.0 0 7.9 23 350 M M 7 18 27 350
================================================================================
SM 2167 1341 269 17 4.91 2.2 227.5 M 113
================================================================================
AV 69.9 43.3 7.3 FASTST M M 4 MAX(MPH)
MISC ----> # 35 360 53 140
================================================================================
NOTES:
# LAST OF SEVERAL OCCURRENCES
COLUMN 17 PEAK WIND IN M.P.H.
PRELIMINARY LOCAL CLIMATOLOGICAL DATA (WS FORM: F-6) , PAGE 2
STATION: TUPELO
MONTH: MARCH
YEAR: 2022
LATITUDE: 34 16 N
LONGITUDE: 88 46 W
[TEMPERATURE DATA] [PRECIPITATION DATA] SYMBOLS USED IN COLUMN 16
AVERAGE MONTHLY: 56.6 TOTAL FOR MONTH: 4.91 1 = FOG OR MIST
DPTR FM NORMAL: 1.5 DPTR FM NORMAL: -0.46 2 = FOG REDUCING VISIBILITY
HIGHEST: 85 ON 6 GRTST 24HR 1.60 ON 15-16 TO 1/4 MILE OR LESS
LOWEST: 24 ON 13 3 = THUNDER
SNOW, ICE PELLETS, HAIL 4 = ICE PELLETS
TOTAL MONTH: 2.2 INCHES 5 = HAIL
GRTST 24HR 1.1 ON 11-11 6 = FREEZING RAIN OR DRIZZLE
GRTST DEPTH: 2 ON 12 7 = DUSTSTORM OR SANDSTORM:
VSBY 1/2 MILE OR LESS
8 = SMOKE OR HAZE
[NO. OF DAYS WITH] [WEATHER - DAYS WITH] 9 = BLOWING SNOW
X = TORNADO
MAX 32 OR BELOW: 0 0.01 INCH OR MORE: 9
MAX 90 OR ABOVE: 0 0.10 INCH OR MORE: 7
MIN 32 OR BELOW: 3 0.50 INCH OR MORE: 5
MIN 0 OR BELOW: 0 1.00 INCH OR MORE: 2
[HDD (BASE 65) ]
TOTAL THIS MO. 269 CLEAR (SCALE 0-3) 14
DPTR FM NORMAL -59 PTCLDY (SCALE 4-7) 13
TOTAL FM JUL 1 2234 CLOUDY (SCALE 8-10) 4
DPTR FM NORMAL -349
[CDD (BASE 65) ]
TOTAL THIS MO. 17
DPTR FM NORMAL -2 [PRESSURE DATA]
TOTAL FM JAN 1 29 HIGHEST SLP 30.45 ON 13
DPTR FM NORMAL 6 LOWEST SLP 29.40 ON 30
[REMARKS]
#FINAL-03-22#