000
CXUS53 KAPX 010730
CF6TVC
PRELIMINARY LOCAL CLIMATOLOGICAL DATA (WS FORM: F-6)
STATION: TRAVERSE CITY MI
MONTH: MAY
YEAR: 2022
LATITUDE: 44 44 N
LONGITUDE: 85 34 W
TEMPERATURE IN F: :PCPN: SNOW: WIND :SUNSHINE: SKY :PK WND
================================================================================
1 2 3 4 5 6A 6B 7 8 9 10 11 12 13 14 15 16 17 18
12Z AVG MX 2MIN
DY MAX MIN AVG DEP HDD CDD WTR SNW DPTH SPD SPD DIR MIN PSBL S-S WX SPD DR
================================================================================
1 61 46 54 5 11 0 0.10 M M 9.2 24 120 M M 9 38 140
2 52 47 50 0 15 0 T M M 7.0 17 270 M M 10 1 22 280
3 48 41 45 -5 20 0 0.02 M M 5.7 15 10 M M 10 1 26 360
4 54 32 43 -8 22 0 0.00 M M 4.6 13 20 M M 3 19 360
5 65 36 51 0 14 0 0.00 M M 3.9 14 30 M M 6 19 30
6 71 38 55 4 10 0 0.00 M M 5.9 21 60 M M 5 29 50
7 63 31 47 -5 18 0 0.00 M M 3.9 14 320 M M 0 19 310
8 72 40 56 4 9 0 0.00 M M 5.9 16 130 M M 4 25 150
9 81 55 68 15 0 3 0.00 M M 12.3 24 150 M M 4 43 170
10 92 52 72 19 0 7 T M M 7.7 21 10 M M 7 138 29 140
11 84 46 65 12 0 0 0.00 M M 3.2 17 20 M M 7 1 23 20
12 96 58 77 23 0 12 T M M 7.1 22 180 M M 5 33 130
13 94 54 74 20 0 9 0.00 M M 6.1 17 180 M M 4 24 190
14 79 53 66 11 0 1 0.02 M M 3.7 16 20 M M 4 1 20 20
15 73 51 62 7 3 0 0.00 M M 4.2 10 360 M M 5 16 20
16 71 43 57 2 8 0 0.00 M M 7.4 21 300 M M 4 29 300
17 58 35 47 -9 18 0 0.00 M M 6.1 17 330 M M 2 28 330
18 70 38 54 -2 11 0 T M M 3.8 14 140 M M 5 21 180
19 75 53 64 8 1 0 T M M 8.3 16 260 M M 9 23 230
20 83 59 71 14 0 6 0.15 M M 9.3 24 180 M M 7 13 41 200
21 59 46 53 -4 12 0 0.00 M M 6.7 16 40 M M 7 22 50
22 54 43 49 -9 16 0 0.00 M M 5.7 13 20 M M 9 19 350
23 60 35 48 -10 17 0 0.00 M M 4.0 10 30 M M 4 M M
24 64 34 49 -9 16 0 0.00 M M 4.6 14 30 M M 4 20 360
25 67 50 59 0 6 0 0.75 M M 7.0 17 100 M M 8 1 28 100
26 78 50 64 5 1 0 0.05 M M 7.9 17 260 M M 9 1 24 240
27 63 45 54 -6 11 0 T M M 4.7 14 330 M M 7 1 20 320
28 68 40 54 -6 11 0 T M M 2.9 12 20 M M 6 15 30
29 86 49 68 8 0 3 0.00 M M 7.0 17 180 M M 5 25 170
30 92 72 82 21 0 17 0.00 M M 10.3 21 170 M M 5 34 200
31 88 74 81 20 0 16 0.00 M M 10.6 23 230 M M 6 35 210
================================================================================
SM 2221 1446 250 74 1.09 M 196.7 M 180
================================================================================
AV 71.6 46.6 6.3 FASTST M M 6 MAX(MPH)
MISC ----> # 24 120 43 170
================================================================================
NOTES:
# LAST OF SEVERAL OCCURRENCES
COLUMN 17 PEAK WIND IN M.P.H.
PRELIMINARY LOCAL CLIMATOLOGICAL DATA (WS FORM: F-6) , PAGE 2
STATION: TRAVERSE CITY MI
MONTH: MAY
YEAR: 2022
LATITUDE: 44 44 N
LONGITUDE: 85 34 W
[TEMPERATURE DATA] [PRECIPITATION DATA] SYMBOLS USED IN COLUMN 16
AVERAGE MONTHLY: 59.1 TOTAL FOR MONTH: 1.09 1 = FOG OR MIST
DPTR FM NORMAL: 3.8 DPTR FM NORMAL: -1.75 2 = FOG REDUCING VISIBILITY
HIGHEST: 96 ON 12 GRTST 24HR 0.80 ON 25-26 TO 1/4 MILE OR LESS
LOWEST: 31 ON 7 3 = THUNDER
SNOW, ICE PELLETS, HAIL 4 = ICE PELLETS
TOTAL MONTH: M 5 = HAIL
GRTST 24HR M ON M 6 = FREEZING RAIN OR DRIZZLE
GRTST DEPTH: M ON M 7 = DUSTSTORM OR SANDSTORM:
VSBY 1/2 MILE OR LESS
8 = SMOKE OR HAZE
[NO. OF DAYS WITH] [WEATHER - DAYS WITH] 9 = BLOWING SNOW
X = TORNADO
MAX 32 OR BELOW: 0 0.01 INCH OR MORE: 6
MAX 90 OR ABOVE: 4 0.10 INCH OR MORE: 3
MIN 32 OR BELOW: 2 0.50 INCH OR MORE: 1
MIN 0 OR BELOW: 0 1.00 INCH OR MORE: 0
[HDD (BASE 65) ]
TOTAL THIS MO. 250 CLEAR (SCALE 0-3) 2
DPTR FM NORMAL -77 PTCLDY (SCALE 4-7) 23
TOTAL FM JUL 1 6687 CLOUDY (SCALE 8-10) 6
DPTR FM NORMAL -334
[CDD (BASE 65) ]
TOTAL THIS MO. 74
DPTR FM NORMAL 47 [PRESSURE DATA]
TOTAL FM JAN 1 74 HIGHEST SLP 30.43 ON 23
DPTR FM NORMAL 44 LOWEST SLP 29.24 ON 20
[REMARKS]
#FINAL-05-22#