000
CXUS53 KAPX 021513
CF6TVC
PRELIMINARY LOCAL CLIMATOLOGICAL DATA (WS FORM: F-6)
STATION: TRAVERSE CITY MI
MONTH: MARCH
YEAR: 2022
LATITUDE: 44 44 N
LONGITUDE: 85 34 W
TEMPERATURE IN F: :PCPN: SNOW: WIND :SUNSHINE: SKY :PK WND
================================================================================
1 2 3 4 5 6A 6B 7 8 9 10 11 12 13 14 15 16 17 18
12Z AVG MX 2MIN
DY MAX MIN AVG DEP HDD CDD WTR SNW DPTH SPD SPD DIR MIN PSBL S-S WX SPD DR
================================================================================
1 34 19 27 0 38 0 0.00 M M 5.4 16 340 M M 7 18 22 320
2 33 12 23 -5 42 0 T M M 8.0 21 260 M M 7 18 32 10
3 26 8 17 -11 48 0 T M M 7.4 16 310 M M 6 24 10
4 36 7 22 -6 43 0 0.00 M M 4.6 13 270 M M 6 16 270
5 49 27 38 10 27 0 1.00 M M 4.7 16 170 M M 10 13 27 150
6 52 32 42 13 23 0 0.14 M M 11.8 28 240 M M 10 148 51 230
7 32 20 26 -3 39 0 0.20 M M 7.3 20 350 M M 10 189 26 340
8 37 13 25 -4 40 0 0.00 M 999 7.4 18 210 M M 1 18 29 190
9 34 27 31 1 34 0 T M M 11.1 22 260 M M 6 31 260
10 28 18 23 -7 42 0 T M M 8.8 16 280 M M 8 21 320
11 32 14 23 -7 42 0 T M M 11.5 28 280 M M 6 89 39 300
12 18 11 15 -16 50 0 T M M 13.5 23 310 M M 9 1 30 290
13 36 12 24 -7 41 0 T M M 7.0 21 270 M M 8 1 26 280
14 34 18 26 -5 39 0 T M M 2.5 10 20 M M 8 1 14 10
15 51 31 41 9 24 0 0.00 M M 4.2 13 270 M M 6 12 16 250
16 63 32 48 16 17 0 0.00 M M 6.7 17 200 M M 5 8 29 230
17 58 38 48 16 17 0 0.00 M M 5.5 12 20 M M 7 16 200
18 39 33 36 3 29 0 0.36 M M 6.8 13 30 M M 9 14 17 30
19 39 32 36 3 29 0 0.25 M M 8.2 15 350 M M 10 1 22 340
20 57 29 43 9 22 0 0.00 M M 4.5 16 280 M M 2 21 260
21 40 27 34 0 31 0 0.64 M M 1.9 12 80 M M 7 1 15 80
22 43 36 40 6 25 0 T M M 10.4 21 110 M M 9 33 90
23 42 35 39 4 26 0 0.70 M M 9.2 18 110 M M 10 1 33 100
24 36 34 35 0 30 0 0.16 M M 5.8 10 30 M M 10 15 14 30
25 50 34 42 7 23 0 T M M 8.9 21 280 M M 8 27 270
26 36 23 30 -6 35 0 0.02 M M 15.0 23 320 M M 10 19 35 330
27 24 18 21 -15 44 0 T M M 16.6 26 330 M M 10 19 43 330
28 26 13 20 -16 45 0 0.01 M M 6.8 21 310 M M 7 18 27 300
29 46 11 29 -8 36 0 0.00 M M 5.3 14 120 M M 4 18 23 110
30 43 33 38 1 27 0 0.53 M M 7.6 17 140 M M 10 168 33 110
31 38 31 35 -3 30 0 0.77 M M 12.2 21 300 M M 10 15 34 350
================================================================================
SM 1212 728 1038 0 4.78 M 246.6 M 236
================================================================================
AV 39.1 23.5 8.0 FASTST M M 8 MAX(MPH)
MISC ----> # 28 240 51 230
================================================================================
NOTES:
# LAST OF SEVERAL OCCURRENCES
COLUMN 17 PEAK WIND IN M.P.H.
PRELIMINARY LOCAL CLIMATOLOGICAL DATA (WS FORM: F-6) , PAGE 2
STATION: TRAVERSE CITY MI
MONTH: MARCH
YEAR: 2022
LATITUDE: 44 44 N
LONGITUDE: 85 34 W
[TEMPERATURE DATA] [PRECIPITATION DATA] SYMBOLS USED IN COLUMN 16
AVERAGE MONTHLY: 31.3 TOTAL FOR MONTH: 4.78 1 = FOG OR MIST
DPTR FM NORMAL: -0.9 DPTR FM NORMAL: 3.23 2 = FOG REDUCING VISIBILITY
HIGHEST: 63 ON 16 GRTST 24HR 1.14 ON 5- 6 TO 1/4 MILE OR LESS
LOWEST: 7 ON 4 3 = THUNDER
SNOW, ICE PELLETS, HAIL 4 = ICE PELLETS
TOTAL MONTH: M 5 = HAIL
GRTST 24HR M ON M 6 = FREEZING RAIN OR DRIZZLE
GRTST DEPTH: 999 ON 8 7 = DUSTSTORM OR SANDSTORM:
VSBY 1/2 MILE OR LESS
8 = SMOKE OR HAZE
[NO. OF DAYS WITH] [WEATHER - DAYS WITH] 9 = BLOWING SNOW
X = TORNADO
MAX 32 OR BELOW: 7 0.01 INCH OR MORE: 12
MAX 90 OR ABOVE: 0 0.10 INCH OR MORE: 10
MIN 32 OR BELOW: 24 0.50 INCH OR MORE: 5
MIN 0 OR BELOW: 0 1.00 INCH OR MORE: 1
[HDD (BASE 65) ]
TOTAL THIS MO. 1038 CLEAR (SCALE 0-3) 2
DPTR FM NORMAL 20 PTCLDY (SCALE 4-7) 14
TOTAL FM JUL 1 5750 CLOUDY (SCALE 8-10) 15
DPTR FM NORMAL -295
[CDD (BASE 65) ]
TOTAL THIS MO. 0
DPTR FM NORMAL -1 [PRESSURE DATA]
TOTAL FM JAN 1 0 HIGHEST SLP 30.47 ON 3
DPTR FM NORMAL -1 LOWEST SLP 29.00 ON 31
[REMARKS]
#FINAL-03-22#