000
CXUS55 KREV 011119
CF6TVL
PRELIMINARY LOCAL CLIMATOLOGICAL DATA (WS FORM: F-6)
STATION: SOUTH LAKE TAHOE CA
MONTH: DECEMBER
YEAR: 2023
LATITUDE: 38 53 N
LONGITUDE: 119 60 W
TEMPERATURE IN F: :PCPN: SNOW: WIND :SUNSHINE: SKY :PK WND
================================================================================
1 2 3 4 5 6A 6B 7 8 9 10 11 12 13 14 15 16 17 18
12Z AVG MX 2MIN
DY MAX MIN AVG DEP HDD CDD WTR SNW DPTH SPD SPD DIR MIN PSBL S-S WX SPD DR
================================================================================
1 41 21 31 -1 34 0 0.00 M M 4.6 15 190 M M 6 22 200
2 39 31 35 3 30 0 0.01 M M 11.2 20 180 M M 7 28 190
3 46 30 38 6 27 0 T M M 6.7 17 190 M M 5 22 200
4 51 24 38 6 27 0 0.00 M M 1.7 9 20 M M 1 12 30
5 54 22 38 6 27 0 0.00 M M 1.4 8 20 M M 0 12 30
6 52 24 38 7 27 0 0.54 M M 9.1 35 190 M M 4 128 56 190
7 36 18 27 -4 38 0 0.01 M M 10.2 28 190 M M 5 18 42 180
8 36 8 22 -9 43 0 0.00 M M 2.2 8 40 M M 0 12 30
9 40 9 25 -6 40 0 0.00 M M 2.2 10 20 M M 0 12 30
10 43 15 29 -2 36 0 0.00 M M 1.4 9 20 M M 2 12 12 20
11 43 14 29 -1 36 0 0.00 M M 2.1 9 30 M M 2 12 10 30
12 44 15 30 0 35 0 0.00 M M 3.1 17 80 M M 0 28 50
13 43 12 28 -2 37 0 0.00 M M 2.4 8 20 M M 0 1 12 20
14 42 13 28 -2 37 0 0.00 M M 2.5 8 30 M M 0 11 30
15 46 18 32 2 33 0 0.00 M M 1.8 7 30 M M 0 18 9 10
16 50 19 35 5 30 0 0.00 M M 2.0 8 30 M M 0 10 30
17 49 21 35 5 30 0 T M M 1.5 7 190 M M 2 8 200
18 45 31 38 8 27 0 0.52 M M 8.1 26 180 M M 7 1 40 190
19 43 32 38 8 27 0 0.51 M M 4.7 26 190 M M 10 1 50 180
20 44 31 38 8 27 0 0.00 M M 0.9 8 30 M M 7 12 10 20
21 48 27 38 8 27 0 0.00 M M 1.1 9 20 M M 5 1 12 20
22 49 24 37 7 28 0 0.00 M M 1.1 6 180 M M 1 1 10 200
23 43 18 31 1 34 0 0.00 M M 1.4 8 20 M M 0 12 10
24 48 18 33 3 32 0 0.00 M M 2.2 12 30 M M 3 15 20
25 51 30 41 11 24 0 0.00 M M 1.1 9 40 M M 6 13 20
26 51 29 40 10 25 0 0.00 M M 2.3 15 180 M M 5 21 190
27 54 27 41 11 24 0 0.01 M M 7.9 29 190 M M 3 48 210
28 51 27 39 9 26 0 T M M 2.2 12 190 M M 3 12 17 200
29 54 25 40 10 25 0 0.00 M M 9.7 26 180 M M 1 39 190
30 42 23 33 3 32 0 T M M 3.6 12 180 M M 6 16 190
31 39 17 28 -2 37 0 0.00 M M 1.7 6 20 M M 1 8 40
================================================================================
SM 1417 673 962 0 1.60 M 114.1 M 92
================================================================================
AV 45.7 21.7 3.7 FASTST M M 3 MAX(MPH)
MISC ----> 35 190 56 190
================================================================================
NOTES:
# LAST OF SEVERAL OCCURRENCES
COLUMN 17 PEAK WIND IN M.P.H.
PRELIMINARY LOCAL CLIMATOLOGICAL DATA (WS FORM: F-6) , PAGE 2
STATION: SOUTH LAKE TAHOE CA
MONTH: DECEMBER
YEAR: 2023
LATITUDE: 38 53 N
LONGITUDE: 119 60 W
[TEMPERATURE DATA] [PRECIPITATION DATA] SYMBOLS USED IN COLUMN 16
AVERAGE MONTHLY: 33.7 TOTAL FOR MONTH: 1.60 1 = FOG OR MIST
DPTR FM NORMAL: 3.3 DPTR FM NORMAL: -1.89 2 = FOG REDUCING VISIBILITY
HIGHEST: 54 ON 29,27 GRTST 24HR 0.67 ON 18-19 TO 1/4 MILE OR LESS
LOWEST: 8 ON 8 3 = THUNDER
SNOW, ICE PELLETS, HAIL 4 = ICE PELLETS
TOTAL MONTH: M 5 = HAIL
GRTST 24HR M ON M 6 = FREEZING RAIN OR DRIZZLE
GRTST DEPTH: M ON M 7 = DUSTSTORM OR SANDSTORM:
VSBY 1/2 MILE OR LESS
8 = SMOKE OR HAZE
[NO. OF DAYS WITH] [WEATHER - DAYS WITH] 9 = BLOWING SNOW
X = TORNADO
MAX 32 OR BELOW: 0 0.01 INCH OR MORE: 6
MAX 90 OR ABOVE: 0 0.10 INCH OR MORE: 3
MIN 32 OR BELOW: 31 0.50 INCH OR MORE: 3
MIN 0 OR BELOW: 0 1.00 INCH OR MORE: 0
[HDD (BASE 65) ]
TOTAL THIS MO. 962 CLEAR (SCALE 0-3) 17
DPTR FM NORMAL -110 PTCLDY (SCALE 4-7) 13
TOTAL FM JUL 1 2895 CLOUDY (SCALE 8-10) 1
DPTR FM NORMAL -208
[CDD (BASE 65) ]
TOTAL THIS MO. 0
DPTR FM NORMAL 0 [PRESSURE DATA]
TOTAL FM JAN 1 49 HIGHEST SLP 30.60 ON 9
DPTR FM NORMAL 21 LOWEST SLP 29.71 ON 18
[REMARKS]
#FINAL-12-23#