000
CXUS55 KBOI 281002
CF6TWF
PRELIMINARY LOCAL CLIMATOLOGICAL DATA (WS FORM: F-6)
STATION: TWIN FALLS ID
MONTH: FEBRUARY
YEAR: 2023
LATITUDE: 42 28 N
LONGITUDE: 114 29 W
TEMPERATURE IN F: :PCPN: SNOW: WIND :SUNSHINE: SKY :PK WND
================================================================================
1 2 3 4 5 6A 6B 7 8 9 10 11 12 13 14 15 16 17 18
12Z AVG MX 2MIN
DY MAX MIN AVG DEP HDD CDD WTR SNW DPTH SPD SPD DIR MIN PSBL S-S WX SPD DR
================================================================================
1 26 6 16 -14 49 0 0.00 M M 7.4 12 90 M M 3 14 90
2 32 8 20 -10 45 0 0.00 M M 9.0 14 80 M M 0 17 90
3 37 14 26 -4 39 0 0.00 M M 7.3 17 100 M M 2 21 210
4 42 26 34 4 31 0 0.00 M M 6.7 18 210 M M 2 22 210
5 43 29 36 6 29 0 T M M 8.7 22 250 M M 8 29 270
6 40 31 36 5 29 0 0.00 M M 20.1 37 280 M M 6 54 280
7 46 28 37 6 28 0 0.00 M M 11.6 20 230 M M 1 26 230
8 39 24 32 1 33 0 T M M 16.3 30 290 M M 3 44 290
9 38 21 30 -1 35 0 0.00 M M 7.3 15 210 M M 0 20 210
10 41 16 29 -2 36 0 0.00 M M 7.7 16 70 M M 0 21 60
11 38 20 29 -3 36 0 0.00 M M 5.2 12 210 M M 0 15 200
12 43 22 33 1 32 0 0.00 M M 6.6 12 210 M M 0 17 200
13 44 17 31 -1 34 0 0.03 M M 8.9 32 290 M M 2 1 50 290
14 27 21 24 -8 41 0 T M M 19.6 33 270 M M 7 18 48 290
15 34 16 25 -8 40 0 0.00 M M 12.0 17 210 M M 2 23 300
16 38 15 27 -6 38 0 0.00 M M 10.4 18 200 M M 0 25 200
17 38 9 24 -9 41 0 0.00 M M 5.1 9 110 M M 0 13 90
18 39 11 25 -8 40 0 0.00 M M 5.4 13 260 M M 4 17 240
19 44 23 34 0 31 0 0.00 M M 11.9 23 270 M M 3 34 230
20 51 38 45 11 20 0 0.00 M M 16.5 30 280 M M 6 44 280
21 48 26 37 3 28 0 0.10 M M 16.1 36 300 M M 8 1 59 290
22 33 14 24 -11 41 0 0.01 M M 16.0 29 290 M M 6 1 40 290
23 33 10 22 -13 43 0 T M M 12.1 26 180 M M 3 1 36 180
24 38 12 25 -10 40 0 0.00 M M 10.4 28 180 M M 2 35 180
25 48 19 34 -2 31 0 0.00 M M 8.1 17 70 M M 0 22 80
26 44 23 34 -2 31 0 0.07 M M 10.7 29 280 M M 8 12 43 280
27 41 24 33 -3 32 0 0.08 M M 9.5 22 260 M M 8 128 29 270
================================================================================
SM 1065 523 953 0 0.29 M 286.6 M 84
================================================================================
AV 39.4 19.4 10.6 FASTST M M 3 MAX(MPH)
MISC ----> 37 280 59 290
================================================================================
NOTES:
# LAST OF SEVERAL OCCURRENCES
COLUMN 17 PEAK WIND IN M.P.H.
PRELIMINARY LOCAL CLIMATOLOGICAL DATA (WS FORM: F-6) , PAGE 2
STATION: TWIN FALLS ID
MONTH: FEBRUARY
YEAR: 2023
LATITUDE: 42 28 N
LONGITUDE: 114 29 W
[TEMPERATURE DATA] [PRECIPITATION DATA] SYMBOLS USED IN COLUMN 16
AVERAGE MONTHLY: 29.4 TOTAL FOR MONTH: 0.29 1 = FOG OR MIST
DPTR FM NORMAL: -3.2 DPTR FM NORMAL: -0.37 2 = FOG REDUCING VISIBILITY
HIGHEST: 51 ON 20 GRTST 24HR 0.10 ON 21-21 TO 1/4 MILE OR LESS
LOWEST: 6 ON 1 3 = THUNDER
SNOW, ICE PELLETS, HAIL 4 = ICE PELLETS
TOTAL MONTH: M 5 = HAIL
GRTST 24HR M ON M 6 = FREEZING RAIN OR DRIZZLE
GRTST DEPTH: M ON M 7 = DUSTSTORM OR SANDSTORM:
VSBY 1/2 MILE OR LESS
8 = SMOKE OR HAZE
[NO. OF DAYS WITH] [WEATHER - DAYS WITH] 9 = BLOWING SNOW
X = TORNADO
MAX 32 OR BELOW: 3 0.01 INCH OR MORE: 5
MAX 90 OR ABOVE: 0 0.10 INCH OR MORE: 1
MIN 32 OR BELOW: 26 0.50 INCH OR MORE: 0
MIN 0 OR BELOW: 0 1.00 INCH OR MORE: 0
[HDD (BASE 65) ]
TOTAL THIS MO. 953 CLEAR (SCALE 0-3) 17
DPTR FM NORMAL 79 PTCLDY (SCALE 4-7) 10
TOTAL FM JUL 1 4636 CLOUDY (SCALE 8-10) 0
DPTR FM NORMAL -1
[CDD (BASE 65) ]
TOTAL THIS MO. 0
DPTR FM NORMAL 0 [PRESSURE DATA]
TOTAL FM JAN 1 0 HIGHEST SLP M ON M
DPTR FM NORMAL 0 LOWEST SLP 29.27 ON 22
[REMARKS]