000
CXUS54 KSHV 011300
CF6TXK
PRELIMINARY LOCAL CLIMATOLOGICAL DATA (WS FORM: F-6)
STATION: TEXARKANA
MONTH: MARCH
YEAR: 2022
LATITUDE: 33 27 N
LONGITUDE: 94 0 W
TEMPERATURE IN F: :PCPN: SNOW: WIND :SUNSHINE: SKY :PK WND
================================================================================
1 2 3 4 5 6A 6B 7 8 9 10 11 12 13 14 15 16 17 18
12Z AVG MX 2MIN
DY MAX MIN AVG DEP HDD CDD WTR SNW DPTH SPD SPD DIR MIN PSBL S-S WX SPD DR
================================================================================
1 73 37 55 3 10 0 0.00 0.0 0 4.6 13 200 M M 0 8 16 210
2 77 40 59 7 6 0 0.00 0.0 0 2.5 12 250 M M 0 8 14 250
3 78 45 62 10 3 0 0.00 0.0 0 4.6 13 250 M M 0 8 17 240
4 77 48 63 11 2 0 0.00 0.0 0 7.1 20 200 M M 1 25 210
5 78 62 70 17 0 5 T 0.0 0 10.4 23 190 M M 8 1 32 200
6 81 69 75 22 0 10 T 0.0 0 11.2 21 190 M M 8 29 140
7 74 38 56 3 9 0 0.01 0.0 0 10.0 28 290 M M 8 33 280
8 45 34 40 -14 25 0 0.16 0.0 0 6.8 20 50 M M 6 1 26 60
9 58 36 47 -7 18 0 0.00 0.0 0 3.3 13 20 M M 4 12 17 40
10 66 37 52 -2 13 0 0.00 0.0 0 4.0 12 150 M M 0 1 15 160
11 57 32 45 -10 20 0 0.29 T 0 9.2 23 360 M M 9 1 30 360
12 52 28 40 -15 25 0 0.00 0.0 0 6.8 14 360 M M 0 19 360
13 65 35 50 -5 15 0 0.00 0.0 0 10.5 17 160 M M 1 23 160
14 69 45 57 2 8 0 0.80 0.0 0 10.6 24 140 M M 8 13 29 150
15 66 51 59 3 6 0 0.15 0.0 0 6.9 16 30 M M 8 1 22 40
16 76 46 61 5 4 0 0.00 0.0 0 3.8 13 160 M M 0 1 16 160
17 78 54 66 10 0 1 0.04 0.0 0 9.5 22 140 M M 2 3 28 140
18 64 46 55 -2 10 0 T 0.0 0 15.4 30 290 M M 7 38 260
19 73 40 57 0 8 0 0.00 0.0 0 6.2 16 280 M M 0 25 270
20 80 47 64 7 1 0 0.00 0.0 0 8.8 18 160 M M 0 24 170
21 72 57 65 8 0 0 1.71 0.0 0 11.3 29 260 M M 8 138 36 260
22 64 49 57 -1 8 0 1.33 0.0 0 11.2 24 280 M M 10 13 30 280
23 63 45 54 -4 11 0 0.00 0.0 0 12.7 26 250 M M 3 34 250
24 65 37 51 -7 14 0 0.00 0.0 0 7.8 21 280 M M 0 28 290
25 75 44 60 2 5 0 0.00 0.0 0 5.5 15 360 M M 0 23 360
26 78 50 64 5 1 0 0.00 0.0 0 6.1 15 140 M M 0 19 170
27 79 50 65 6 0 0 0.00 0.0 0 9.1 16 70 M M 0 23 80
28 81 58 70 11 0 5 0.00 0.0 0 9.4 18 140 M M 2 23 150
29 81 65 73 13 0 8 T 0.0 0 14.4 25 180 M M 4 37 160
30 75 46 61 1 4 0 0.62 0.0 0 13.8 31 160 M M 8 13 47 170
31 67 40 54 -6 11 0 0.00 0.0 0 8.4 23 300 M M 1 32 290
================================================================================
SM 2187 1411 237 29 5.11 T 261.9 M 106
================================================================================
AV 70.5 45.5 8.4 FASTST M M 3 MAX(MPH)
MISC ----> 31 160 47 170
================================================================================
NOTES:
# LAST OF SEVERAL OCCURRENCES
COLUMN 17 PEAK WIND IN M.P.H.
PRELIMINARY LOCAL CLIMATOLOGICAL DATA (WS FORM: F-6) , PAGE 2
STATION: TEXARKANA
MONTH: MARCH
YEAR: 2022
LATITUDE: 33 27 N
LONGITUDE: 94 0 W
[TEMPERATURE DATA] [PRECIPITATION DATA] SYMBOLS USED IN COLUMN 16
AVERAGE MONTHLY: 58.0 TOTAL FOR MONTH: 5.11 1 = FOG OR MIST
DPTR FM NORMAL: 2.0 DPTR FM NORMAL: 0.66 2 = FOG REDUCING VISIBILITY
HIGHEST: 81 ON 29,28 GRTST 24HR 3.03 ON 21-22 TO 1/4 MILE OR LESS
LOWEST: 28 ON 12 3 = THUNDER
SNOW, ICE PELLETS, HAIL 4 = ICE PELLETS
TOTAL MONTH: T 5 = HAIL
GRTST 24HR T ON 11-11 6 = FREEZING RAIN OR DRIZZLE
GRTST DEPTH: 0 7 = DUSTSTORM OR SANDSTORM:
VSBY 1/2 MILE OR LESS
8 = SMOKE OR HAZE
[NO. OF DAYS WITH] [WEATHER - DAYS WITH] 9 = BLOWING SNOW
X = TORNADO
MAX 32 OR BELOW: 0 0.01 INCH OR MORE: 9
MAX 90 OR ABOVE: 0 0.10 INCH OR MORE: 7
MIN 32 OR BELOW: 2 0.50 INCH OR MORE: 4
MIN 0 OR BELOW: 0 1.00 INCH OR MORE: 2
[HDD (BASE 65) ]
TOTAL THIS MO. 237 CLEAR (SCALE 0-3) 18
DPTR FM NORMAL -64 PTCLDY (SCALE 4-7) 8
TOTAL FM JUL 1 1824 CLOUDY (SCALE 8-10) 5
DPTR FM NORMAL -623
[CDD (BASE 65) ]
TOTAL THIS MO. 29
DPTR FM NORMAL 8 [PRESSURE DATA]
TOTAL FM JAN 1 33 HIGHEST SLP 29.99 ON 31
DPTR FM NORMAL 6 LOWEST SLP 29.40 ON 30
[REMARKS]
#FINAL-03-22#