000
CXUS54 KSHV 030506
CF6TYR
PRELIMINARY LOCAL CLIMATOLOGICAL DATA (WS FORM: F-6)
STATION: TYLER
MONTH: SEPTEMBER
YEAR: 2021
LATITUDE: 32 22 N
LONGITUDE: 95 24 W
TEMPERATURE IN F: :PCPN: SNOW: WIND :SUNSHINE: SKY :PK WND
================================================================================
1 2 3 4 5 6A 6B 7 8 9 10 11 12 13 14 15 16 17 18
12Z AVG MX 2MIN
DY MAX MIN AVG DEP HDD CDD WTR SNW DPTH SPD SPD DIR MIN PSBL S-S WX SPD DR
================================================================================
1 97 76 87 5 0 22 T 0.0 0 5.9 13 230 M M 0 16 220
2 95 75 85 3 0 20 0.00 0.0 0 5.9 13 100 M M 0 18 14 110
3 95 75 85 4 0 20 0.00 0.0 0 5.8 13 180 M M 1 16 180
4 95 75 85 4 0 20 0.00 0.0 0 5.9 14 240 M M 1 18 230
5 98 77 88 7 0 23 0.00 0.0 0 7.1 14 80 M M 2 17 250
6 93 72 83 2 0 18 0.00 0.0 0 6.5 14 80 M M 1 19 70
7 93 65 79 -1 0 14 0.00 0.0 0 3.7 9 60 M M 0 13 110
8 94 64 79 -1 0 14 0.00 0.0 0 3.9 17 340 M M 0 24 360
9 92 66 79 -1 0 14 0.00 0.0 0 6.3 15 80 M M 0 20 60
10 91 62 77 -3 0 12 0.00 0.0 0 4.8 14 130 M M 0 18 140
11 90 63 77 -2 0 12 0.00 0.0 0 4.7 7 130 M M 0 M M
12 90 64 77 -2 0 12 0.00 0.0 0 5.9 15 130 M M 1 20 160
13 89 74 82 3 0 17 0.00 0.0 0 7.5 15 160 M M 5 19 160
14 78 73 76 -3 0 11 0.09 0.0 0 9.4 20 80 M M 9 1 28 80
15 90 69 80 2 0 15 0.00 0.0 0 7.5 18 60 M M 6 23 50
16 89 69 79 1 0 14 0.00 0.0 0 6.2 15 70 M M 1 19 70
17 91 70 81 3 0 16 0.00 0.0 0 4.3 10 50 M M 5 13 60
18 91 74 83 6 0 18 0.06 0.0 0 4.9 16 50 M M 3 21 60
19 94 71 83 6 0 18 0.05 0.0 0 4.5 13 100 M M 2 18 17 110
20 97 73 85 8 0 20 0.00 0.0 0 8.8 15 170 M M 1 18 19 170
21 88 71 80 4 0 15 0.00 0.0 0 10.9 18 340 M M 2 25 330
22 84 57 71 -5 0 6 0.00 0.0 0 7.4 20 350 M M 0 25 340
23 85 52 69 -7 0 4 0.00 0.0 0 1.9 10 350 M M 0 14 350
24 85 56 71 -5 0 6 0.00 0.0 0 4.4 12 250 M M 0 15 260
25 89 57 73 -2 0 8 0.00 0.0 0 4.0 10 40 M M 0 13 70
26 90 60 75 0 0 10 0.00 0.0 0 6.7 12 150 M M 0 17 150
27 87 63 75 1 0 10 0.00 0.0 0 5.8 13 160 M M 1 17 180
28 93 67 80 6 0 15 0.00 0.0 0 7.6 16 140 M M 1 18 20 120
29 83 71 77 3 0 12 T 0.0 0 8.1 18 140 M M 3 23 140
30 92 68 80 6 0 15 0.45 0.0 0 4.4 20 10 M M 6 138 24 20
================================================================================
SM 2718 2029 0 431 0.65 0.0 180.7 M 51
================================================================================
AV 90.6 67.6 6.0 FASTST M M 2 MAX(MPH)
MISC ----> # 20 80 28 80
================================================================================
NOTES:
# LAST OF SEVERAL OCCURRENCES
COLUMN 17 PEAK WIND IN M.P.H.
PRELIMINARY LOCAL CLIMATOLOGICAL DATA (WS FORM: F-6) , PAGE 2
STATION: TYLER
MONTH: SEPTEMBER
YEAR: 2021
LATITUDE: 32 22 N
LONGITUDE: 95 24 W
[TEMPERATURE DATA] [PRECIPITATION DATA] SYMBOLS USED IN COLUMN 16
AVERAGE MONTHLY: 79.1 TOTAL FOR MONTH: 0.65 1 = FOG OR MIST
DPTR FM NORMAL: 1.1 DPTR FM NORMAL: -2.42 2 = FOG REDUCING VISIBILITY
HIGHEST: 98 ON 5 GRTST 24HR 0.45 ON 30-30 TO 1/4 MILE OR LESS
LOWEST: 52 ON 23 3 = THUNDER
SNOW, ICE PELLETS, HAIL 4 = ICE PELLETS
TOTAL MONTH: 0.0 INCH 5 = HAIL
GRTST 24HR 0.0 6 = FREEZING RAIN OR DRIZZLE
GRTST DEPTH: 0 7 = DUSTSTORM OR SANDSTORM:
VSBY 1/2 MILE OR LESS
8 = SMOKE OR HAZE
[NO. OF DAYS WITH] [WEATHER - DAYS WITH] 9 = BLOWING SNOW
X = TORNADO
MAX 32 OR BELOW: 0 0.01 INCH OR MORE: 4
MAX 90 OR ABOVE: 20 0.10 INCH OR MORE: 1
MIN 32 OR BELOW: 0 0.50 INCH OR MORE: 0
MIN 0 OR BELOW: 0 1.00 INCH OR MORE: 0
[HDD (BASE 65) ]
TOTAL THIS MO. 0 CLEAR (SCALE 0-3) 23
DPTR FM NORMAL -2 PTCLDY (SCALE 4-7) 6
TOTAL FM JUL 1 0 CLOUDY (SCALE 8-10) 1
DPTR FM NORMAL 0
[CDD (BASE 65) ]
TOTAL THIS MO. 431
DPTR FM NORMAL 39 [PRESSURE DATA]
TOTAL FM JAN 1 2441 HIGHEST SLP M ON M
DPTR FM NORMAL -57 LOWEST SLP 29.75 ON 1
[REMARKS]
#FINAL-09-21#