000
CXUS53 KUNR 071805
CF6UNR
PRELIMINARY LOCAL CLIMATOLOGICAL DATA (WS FORM: F-6)
STATION: EAST RAPID CITY SD
MONTH: DECEMBER
YEAR: 2023
LATITUDE: 44 4 N
LONGITUDE: 103 13 W
TEMPERATURE IN F: :PCPN: SNOW: WIND :SUNSHINE: SKY :PK WND
================================================================================
1 2 3 4 5 6A 6B 7 8 9 10 11 12 13 14 15 16 17 18
12Z AVG MX 2MIN
DY MAX MIN AVG DEP HDD CDD WTR SNW DPTH SPD SPD DIR MIN PSBL S-S WX SPD DR
================================================================================
1 35 20 28 -3 37 0 0.00 0.0 0 5.7 15 140 M M M 21 150
2 46 22 34 3 31 0 0.00 0.0 0 4.3 16 330 M M M 21 320
3 41 29 35 5 30 0 0.00 0.0 0 9.6 28 300 M M M 39 300
4 49 28 39 9 26 0 0.00 0.0 0 14.0 34 330 M M M 54 330
5 55 24 40 10 25 0 0.00 0.0 0 4.1 10 150 M M M 15 150
6 66 42 54 24 11 0 0.00 0.0 0 4.7 13 290 M M M 15 290
7 62 37 50 21 15 0 T 0.0 0 8.2 25 330 M M M 54 330
8 44 30 37 8 28 0 T T 0 15.5 29 320 M M M 46 320
9 37 22 30 1 35 0 0.00 0.0 0 11.9 28 320 M M M 40 320
10 45 20 33 4 32 0 0.00 0.0 0 4.4 16 340 M M M 22 340
11 50 28 39 11 26 0 0.00 0.0 0 9.1 29 360 M M M 40 360
12 38 22 30 2 35 0 0.00 0.0 0 7.1 18 150 M M M 28 150
13 43 28 36 8 29 0 0.00 0.0 0 6.3 16 180 M M M 23 180
14 48 30 39 11 26 0 0.00 0.0 0 9.2 22 160 M M M 31 160
15 44 20 32 4 33 0 0.00 0.0 0 7.7 22 10 M M M 30 360
16 53 16 35 7 30 0 0.00 0.0 0 4.7 12 140 M M M 14 290
17 52 27 40 12 25 0 0.00 0.0 0 9.2 30 330 M M M 44 330
18 51 18 35 8 30 0 0.00 0.0 0 6.0 13 150 M M M 16 140
19 59 35 47 20 18 0 0.00 0.0 0 4.6 10 280 M M M 15 280
20 46 28 37 10 28 0 0.00 0.0 0 2.6 7 360 M M M 9 340
21 60 32 46 19 19 0 0.00 0.0 0 6.1 21 360 M M M 28 360
22 57 38 48 21 17 0 0.00 0.0 0 4.6 10 270 M M M 16 260
23 51 31 41 14 24 0 0.00 0.0 0 9.9 31 320 M M M 46 330
24 31 22 27 0 38 0 T T 0 20.8 34 320 M M M 52 330
25 29 21 25 -2 40 0 0.13 1.5 0 18.6 39 330 M M M 61 340
26 35 23 29 2 36 0 0.16 1.9 3 24.0 37 330 M M M 55 330
27 39 31 35 8 30 0 T T 2 11.1 22 330 M M M 33 330
28 42 26 34 7 31 0 0.00 0.0 2 4.6 10 280 M M M 14 270
29 51 33 42 15 23 0 0.00 0.0 1 5.1 12 280 M M M 17 290
30 41 23 32 5 33 0 0.00 0.0 T 6.8 20 10 M M M 24 360
31 34 14 24 -3 41 0 0.00 0.0 T 6.2 17 130 M M M 22 150
================================================================================
SM 1434 820 882 0 0.29 3.4 266.7 M M
================================================================================
AV 46.3 26.5 8.6 FASTST M M M MAX(MPH)
MISC ----> 39 330 61 340
================================================================================
NOTES:
# LAST OF SEVERAL OCCURRENCES
COLUMN 17 PEAK WIND IN M.P.H.
PRELIMINARY LOCAL CLIMATOLOGICAL DATA (WS FORM: F-6) , PAGE 2
STATION: EAST RAPID CITY SD
MONTH: DECEMBER
YEAR: 2023
LATITUDE: 44 4 N
LONGITUDE: 103 13 W
[TEMPERATURE DATA] [PRECIPITATION DATA] SYMBOLS USED IN COLUMN 16
AVERAGE MONTHLY: 36.4 TOTAL FOR MONTH: 0.29 1 = FOG OR MIST
DPTR FM NORMAL: 8.3 DPTR FM NORMAL: -0.08 2 = FOG REDUCING VISIBILITY
HIGHEST: 66 ON 6 GRTST 24HR 0.16 ON 26-26 TO 1/4 MILE OR LESS
LOWEST: 14 ON 31 3 = THUNDER
SNOW, ICE PELLETS, HAIL 4 = ICE PELLETS
TOTAL MONTH: 3.4 INCHES 5 = HAIL
GRTST 24HR 1.9 ON 26-26 6 = FREEZING RAIN OR DRIZZLE
GRTST DEPTH: 3 ON 26 7 = DUSTSTORM OR SANDSTORM:
VSBY 1/2 MILE OR LESS
8 = SMOKE OR HAZE
[NO. OF DAYS WITH] [WEATHER - DAYS WITH] 9 = BLOWING SNOW
X = TORNADO
MAX 32 OR BELOW: 2 0.01 INCH OR MORE: 2
MAX 90 OR ABOVE: 0 0.10 INCH OR MORE: 2
MIN 32 OR BELOW: 26 0.50 INCH OR MORE: 0
MIN 0 OR BELOW: 0 1.00 INCH OR MORE: 0
[HDD (BASE 65) ]
TOTAL THIS MO. 882 CLEAR (SCALE 0-3) 0
DPTR FM NORMAL -262 PTCLDY (SCALE 4-7) 0
TOTAL FM JUL 1 2182 CLOUDY (SCALE 8-10) 31
DPTR FM NORMAL -513
[CDD (BASE 65) ]
TOTAL THIS MO. 0
DPTR FM NORMAL 0 [PRESSURE DATA]
TOTAL FM JAN 1 767 HIGHEST SLP M ON M
DPTR FM NORMAL 88 LOWEST SLP 26.72 ON 1
[REMARKS]
#FINAL-12-23#