953
CXUS53 KGJT 011433
CLAVEL
CLIMATE REPORT
NATIONAL WEATHER SERVICE GRAND JUNCTION CO
642 AM MST WED JAN 1 2020
...................................
...THE VERNAL UT CLIMATE SUMMARY FOR THE YEAR OF 2019...
CLIMATE NORMAL PERIOD 1981 TO 2010
CLIMATE RECORD PERIOD 9999 TO 9999
WEATHER OBSERVED NORMAL DEPART LAST YEAR`S
VALUE DATE(S) VALUE FROM VALUE DATE(S)
NORMAL
................................................................
TEMPERATURE (F)
RECORD
HIGH MM MM
LOW MM MM
HIGHEST 98 07/22 MM MM 101 07/19
07/10
LOWEST -11 02/10 MM MM -3 02/25
02/08 02/21
02/09
AVG. MAXIMUM 59.3 59.0 0.3 64.7
AVG. MINIMUM 31.4 34.2 -2.8 35.8
MEAN 45.4 46.6 -1.2 50.3
DAYS MAX >= 90 48 20.5 27.5 71
DAYS MAX <= 32 62 48.2 13.8 23
DAYS MIN <= 32 180 163.0 17.0 164
DAYS MIN <= 0 20 10.4 9.6 4
PRECIPITATION (INCHES)
RECORD
MAXIMUM MM MM
MINIMUM MM MM
TOTALS 10.34 9.31 1.03 5.50
DAILY AVG. 0.03 0.03 0.00 T
DAYS >= .01 79 63.2 15.8 55
DAYS >= .10 29 28.4 0.6 16
DAYS >= .50 2 3.6 -1.6 1
DAYS >= 1.00 0 0.3 -0.3 0
GREATEST
24 HR. TOTAL 0.83 MM
SNOWFALL (INCHES)
RECORDS
TOTAL MM MM
24 HR TOTAL MM
SNOW DEPTH MM MM
TOTALS MM MM MM MM
LIQUID EQUIV MM MM MM MM
SINCE 7/1 MM MM MM MM
LIQUID 7/1 MM MM MM MM
SNOWDEPTH AVG. MM MM MM MM
DAYS >= TRACE MM MM MM MM
DAYS >= 1.0 MM MM MM MM
GREATEST
SNOW DEPTH MM MM MM
24 HR TOTAL MM MM
STORM TOTAL MM MM
DEGREE_DAYS
HEATING TOTAL 7695 7222 473 6284
SINCE 7/1 2996 2971 25 2851
COOLING TOTAL 671 512 159 1033
SINCE 1/1 671 511 160 1033
FREEZE DATES
RECORD
EARLIEST MM
LATEST MM
EARLIEST MM
LATEST MM
.................................................................
WIND (MPH)
AVERAGE WIND SPEED 4.8
RESULTANT WIND SPEED/DIRECTION 1/276
HIGHEST WIND SPEED/DIRECTION 46/260 DATE 06/20
HIGHEST GUST SPEED/DIRECTION 64/260 DATE 06/20
SKY COVER
POSSIBLE SUNSHINE (PERCENT) MM
AVERAGE SKY COVER 0.30
NUMBER OF DAYS FAIR 240
NUMBER OF DAYS PC 80
NUMBER OF DAYS CLOUDY 45
AVERAGE RH (PERCENT) 55
WEATHER CONDITIONS. NUMBER OF DAYS WITH
THUNDERSTORM 30 MIXED PRECIP 0
HEAVY RAIN 8 RAIN 12
LIGHT RAIN 84 FREEZING RAIN 1
LT FREEZING RAIN 1 HAIL 0
HEAVY SNOW 4 SNOW 14
LIGHT SNOW 60 SLEET 0
FOG 89 FOG W/VIS <= 1/4 MILE 29
HAZE 72
- INDICATES NEGATIVE NUMBERS.
R INDICATES RECORD WAS SET OR TIED.
MM INDICATES DATA IS MISSING.
T INDICATES TRACE AMOUNT.
$$