000
CXUS55 KVEF 010910
CF6VGT
PRELIMINARY LOCAL CLIMATOLOGICAL DATA (WS FORM: F-6)
STATION: NORTH_LAS_VEGAS NV
MONTH: OCTOBER
YEAR: 2022
LATITUDE: 36 12 N
LONGITUDE: 115 12 W
TEMPERATURE IN F: :PCPN: SNOW: WIND :SUNSHINE: SKY :PK WND
================================================================================
1 2 3 4 5 6A 6B 7 8 9 10 11 12 13 14 15 16 17 18
12Z AVG MX 2MIN
DY MAX MIN AVG DEP HDD CDD WTR SNW DPTH SPD SPD DIR MIN PSBL S-S WX SPD DR
================================================================================
1 95 69 82 6 0 17 0.00 M M 6.1 15 190 M M 0 22 190
2 95 71 83 8 0 18 0.00 M M 5.9 16 200 M M 0 28 210
3 93 70 82 7 0 17 0.00 M M 4.8 15 90 M M 0 23 70
4 92 74 83 9 0 18 0.00 M M 4.2 9 150 M M 0 12 90
5 93 69 81 7 0 16 0.00 M M 3.7 10 80 M M 0 15 80
6 93 68 81 8 0 16 0.00 M M 4.9 13 110 M M 0 19 90
7 92 67 80 7 0 15 0.00 M M 5.7 17 70 M M 0 26 90
8 93 69 81 9 0 16 0.00 M M 3.4 9 110 M M 0 13 120
9 89 68 79 7 0 14 0.00 M M 4.1 12 130 M M 0 16 130
10 89 68 79 7 0 14 0.00 M M 5.0 16 330 M M 0 20 310
11 92 68 80 9 0 15 0.00 M M 4.5 12 310 M M 0 15 320
12 91 67 79 8 0 14 0.00 M M 5.1 15 350 M M 0 19 350
13 92 67 80 10 0 15 0.00 M M 4.8 15 300 M M 0 20 320
14 91 66 79 9 0 14 0.00 M M 4.5 14 330 M M 0 19 340
15 88 64 76 7 0 11 0.00 M M 6.2 23 140 M M 0 8 28 130
16 84 65 75 6 0 10 0.00 M M 2.8 13 140 M M 0 16 140
17 86 62 74 6 0 9 0.00 M M 4.5 10 120 M M 0 M M
18 88 62 75 7 0 10 0.00 M M 3.7 10 100 M M 0 14 100
19 88 63 76 8 0 11 0.00 M M 5.2 18 80 M M 0 8 25 90
20 86 62 74 7 0 9 0.00 M M 3.9 12 320 M M 0 15 330
21 86 60 73 6 0 8 0.00 M M 5.0 14 140 M M 0 19 130
22 86 60 73 7 0 8 T M M 17.5 36 210 M M 4 8 52 220
23 67 54 61 -5 4 0 T M M 15.6 29 340 M M 3 40 320
24 65 49 57 -9 8 0 0.00 M M 8.3 23 310 M M 0 32 320
25 70 47 59 -6 6 0 0.00 M M 3.2 8 310 M M 0 10 310
26 74 49 62 -3 3 0 0.00 M M 6.8 25 320 M M 0 33 310
27 68 52 60 -4 5 0 0.00 M M 6.4 26 320 M M 0 36 330
28 69 46 58 -6 7 0 0.00 M M 4.6 10 100 M M 0 16 110
29 76 50 63 -1 2 0 0.00 M M 4.7 13 320 M M 0 16 310
30 80 52 66 3 0 1 0.00 M M 6.1 17 310 M M 0 24 310
31 76 53 65 2 0 0 0.00 M M 3.4 12 310 M M 0 16 310
================================================================================
SM 2627 1911 35 296 T M 174.6 M 7
================================================================================
AV 84.7 61.6 5.6 FASTST M M 0 MAX(MPH)
MISC ----> 36 210 52 220
================================================================================
NOTES:
# LAST OF SEVERAL OCCURRENCES
COLUMN 17 PEAK WIND IN M.P.H.
PRELIMINARY LOCAL CLIMATOLOGICAL DATA (WS FORM: F-6) , PAGE 2
STATION: NORTH_LAS_VEGAS NV
MONTH: OCTOBER
YEAR: 2022
LATITUDE: 36 12 N
LONGITUDE: 115 12 W
[TEMPERATURE DATA] [PRECIPITATION DATA] SYMBOLS USED IN COLUMN 16
AVERAGE MONTHLY: 73.2 TOTAL FOR MONTH: T 1 = FOG OR MIST
DPTR FM NORMAL: 4.2 DPTR FM NORMAL: -0.35 2 = FOG REDUCING VISIBILITY
HIGHEST: 95 ON 2, 1 GRTST 24HR T ON 22-22 TO 1/4 MILE OR LESS
LOWEST: 46 ON 28 3 = THUNDER
SNOW, ICE PELLETS, HAIL 4 = ICE PELLETS
TOTAL MONTH: M 5 = HAIL
GRTST 24HR M ON M 6 = FREEZING RAIN OR DRIZZLE
GRTST DEPTH: M ON M 7 = DUSTSTORM OR SANDSTORM:
VSBY 1/2 MILE OR LESS
8 = SMOKE OR HAZE
[NO. OF DAYS WITH] [WEATHER - DAYS WITH] 9 = BLOWING SNOW
X = TORNADO
MAX 32 OR BELOW: 0 0.01 INCH OR MORE: 0
MAX 90 OR ABOVE: 12 0.10 INCH OR MORE: 0
MIN 32 OR BELOW: 0 0.50 INCH OR MORE: 0
MIN 0 OR BELOW: 0 1.00 INCH OR MORE: 0
[HDD (BASE 65) ]
TOTAL THIS MO. 35 CLEAR (SCALE 0-3) 30
DPTR FM NORMAL -6 PTCLDY (SCALE 4-7) 1
TOTAL FM JUL 1 35 CLOUDY (SCALE 8-10) 0
DPTR FM NORMAL -5
[CDD (BASE 65) ]
TOTAL THIS MO. 296
DPTR FM NORMAL 131 [PRESSURE DATA]
TOTAL FM JAN 1 4149 HIGHEST SLP M ON M
DPTR FM NORMAL 751 LOWEST SLP 29.36 ON 22
[REMARKS]
#FINAL-10-22#