000
CXUS53 KSGF 010710
CF6VIH
PRELIMINARY LOCAL CLIMATOLOGICAL DATA (WS FORM: F-6)
STATION: VICHY-ROLLA MO
MONTH: AUGUST
YEAR: 2022
LATITUDE: 38 7 N
LONGITUDE: 91 46 W
TEMPERATURE IN F: :PCPN: SNOW: WIND :SUNSHINE: SKY :PK WND
================================================================================
1 2 3 4 5 6A 6B 7 8 9 10 11 12 13 14 15 16 17 18
12Z AVG MX 2MIN
DY MAX MIN AVG DEP HDD CDD WTR SNW DPTH SPD SPD DIR MIN PSBL S-S WX SPD DR
================================================================================
1 98 71 85 7 0 20 0.00 M M 9.0 18 210 M M 0 25 210
2 97 74 86 8 0 21 0.03 M M 9.8 15 190 M M 2 3 21 190
3 98 75 87 9 0 22 0.10 M M 11.1 18 190 M M 2 13 25 180
4 87 71 79 1 0 14 0.68 M M 6.6 14 210 M M 5 13 17 240
5 93 73 83 5 0 18 0.00 M M 6.0 16 150 M M 2 3 22 150
6 93 75 84 6 0 19 0.00 M M 9.6 15 190 M M 0 20 190
7 93 75 84 6 0 19 0.05 M M 9.6 15 320 M M 1 3 21 310
8 85 74 80 2 0 15 0.00 M M 10.0 15 220 M M 0 3 19 210
9 M M M M M M M M M M M M M M M M M
10 M M M M M M M M M M M M M M M M M
11 M M M M M M M M M M M M M M M M M
12 M M M M M M M M M M M M M M M M M
13 90 63 77 0 0 12 0.00 M M 9.4 15 200 M M 0 22 190
14 89 69 79 2 0 14 0.00 M M 9.0 15 310 M M 0 22 280
15 83 65 74 -3 0 9 0.00 M M 7.3 14 60 M M 3 1 19 80
16 70 64 67 -10 0 2 2.17 M M 6.1 16 90 M M 10 13 22 90
17 83 62 73 -3 0 8 0.00 M M 5.9 14 30 M M 2 1 21 40
18 83 60 72 -4 0 7 0.00 M M 2.5 8 150 M M 2 12 110
19 84 62 73 -3 0 8 0.00 M M 7.3 15 190 M M 1 20 190
20 85 68 77 1 0 12 T M M 7.4 16 260 M M 4 21 260
21 83 63 73 -3 0 8 0.00 M M 5.8 14 340 M M 2 22 300
22 84 60 72 -4 0 7 0.00 M M 3.3 9 30 M M 3 1 12 40
23 84 65 75 0 0 10 0.00 M M 5.0 9 130 M M 3 12 100
24 85 62 74 -1 0 9 0.00 M M 5.4 9 90 M M 3 14 70
25 88 61 75 0 0 10 0.00 M M 5.0 10 320 M M 0 15 320
26 89 65 77 2 0 12 0.00 M M 4.7 14 310 M M 1 1 19 330
27 91 67 79 5 0 14 0.00 M M 6.7 15 170 M M 1 19 170
28 86 71 79 5 0 14 1.14 M M 8.6 26 210 M M 2 123 33 220
29 86 65 76 2 0 11 0.00 M M 9.4 20 200 M M 2 3 25 200
30 86 62 74 0 0 9 0.00 M M 5.4 14 320 M M 0 21 340
31 85 55 70 -4 0 5 0.00 M M 2.1 9 310 M M 0 13 140
================================================================================
SM 2358 1797 0 329 4.17 M 188.0 M 51
================================================================================
AV 87.3 66.6 7.0 FASTST M M 2 MAX(MPH)
MISC ----> 26 210 33 220
================================================================================
NOTES:
# LAST OF SEVERAL OCCURRENCES
COLUMN 17 PEAK WIND IN M.P.H.
PRELIMINARY LOCAL CLIMATOLOGICAL DATA (WS FORM: F-6) , PAGE 2
STATION: VICHY-ROLLA MO
MONTH: AUGUST
YEAR: 2022
LATITUDE: 38 7 N
LONGITUDE: 91 46 W
[TEMPERATURE DATA] [PRECIPITATION DATA] SYMBOLS USED IN COLUMN 16
AVERAGE MONTHLY: 76.9 TOTAL FOR MONTH: 4.17 1 = FOG OR MIST
DPTR FM NORMAL: 0.6 DPTR FM NORMAL: 0.51 2 = FOG REDUCING VISIBILITY
HIGHEST: 98 ON 3, 1 GRTST 24HR 2.17 ON 16-16 TO 1/4 MILE OR LESS
LOWEST: 55 ON 31 3 = THUNDER
SNOW, ICE PELLETS, HAIL 4 = ICE PELLETS
TOTAL MONTH: M 5 = HAIL
GRTST 24HR M ON M 6 = FREEZING RAIN OR DRIZZLE
GRTST DEPTH: M ON M 7 = DUSTSTORM OR SANDSTORM:
VSBY 1/2 MILE OR LESS
8 = SMOKE OR HAZE
[NO. OF DAYS WITH] [WEATHER - DAYS WITH] 9 = BLOWING SNOW
X = TORNADO
MAX 32 OR BELOW: 0 0.01 INCH OR MORE: 6
MAX 90 OR ABOVE: 8 0.10 INCH OR MORE: 4
MIN 32 OR BELOW: 0 0.50 INCH OR MORE: 3
MIN 0 OR BELOW: 0 1.00 INCH OR MORE: 2
[HDD (BASE 65) ]
TOTAL THIS MO. 0 CLEAR (SCALE 0-3) 23
DPTR FM NORMAL -2 PTCLDY (SCALE 4-7) 3
TOTAL FM JUL 1 0 CLOUDY (SCALE 8-10) 5
DPTR FM NORMAL 0
[CDD (BASE 65) ]
TOTAL THIS MO. 329
DPTR FM NORMAL -23 [PRESSURE DATA]
TOTAL FM JAN 1 1311 HIGHEST SLP M ON M
DPTR FM NORMAL 194 LOWEST SLP 29.80 ON 28
[REMARKS]
#FINAL-08-22#