000
CXUS52 KTAE 010800
CF6VLD
PRELIMINARY LOCAL CLIMATOLOGICAL DATA (WS FORM: F-6)
STATION: VALDOSTA
MONTH: JULY
YEAR: 2023
LATITUDE: 30 46 N
LONGITUDE: 83 17 W
TEMPERATURE IN F: :PCPN: SNOW: WIND :SUNSHINE: SKY :PK WND
================================================================================
1 2 3 4 5 6A 6B 7 8 9 10 11 12 13 14 15 16 17 18
12Z AVG MX 2MIN
DY MAX MIN AVG DEP HDD CDD WTR SNW DPTH SPD SPD DIR MIN PSBL S-S WX SPD DR
================================================================================
1 97 72 85 5 0 20 0.00 0.0 M 2.3 12 10 M M 2 18 14 10
2 97 77 87 6 0 22 0.07 0.0 M 2.9 23 100 M M 3 138 33 90
3 97 75 86 5 0 21 0.00 0.0 0 2.2 9 150 M M 2 1 14 320
4 97 75 86 5 0 21 0.00 0.0 0 1.2 6 240 M M 1 1 12 280
5 97 74 86 5 0 21 0.43 0.0 0 1.2 9 280 M M 2 123 20 290
6 96 74 85 4 0 20 0.00 0.0 0 1.5 7 310 M M 1 1 13 320
7 97 75 86 5 0 21 0.02 0.0 0 1.7 13 160 M M 1 3 15 250
8 96 75 86 5 0 21 0.00 0.0 0 1.2 7 300 M M 1 13 300
9 94 73 84 3 0 19 0.10 M M 3.7 12 250 M M 2 138 21 260
10 87 75 81 0 0 16 0.29 M M 3.1 10 280 M M 3 13 19 270
11 93 73 83 2 0 18 0.00 M M 1.3 7 350 M M 3 12 13 10
12 96 75 86 5 0 21 0.00 M M 1.5 8 180 M M 2 1 14 260
13 95 73 84 3 0 19 0.09 M M 1.3 14 210 M M 1 13 25 220
14 90 73 82 1 0 17 0.29 0.0 M 2.1 12 180 M M 4 138 15 170
15 93 75 84 3 0 19 1.18 0.0 M 2.4 13 190 M M 6 123 18 210
16 93 75 84 3 0 19 0.01 0.0 0 2.3 13 190 M M 4 13 24 210
17 95 75 85 4 0 20 0.00 0.0 0 1.8 12 10 M M 3 12 16 10
18 95 73 84 3 0 19 0.00 M M 0.8 7 10 M M 1 18 10 360
19 96 73 85 4 0 20 0.00 M M 0.6 7 210 M M 2 18 12 330
20 96 74 85 4 0 20 0.00 0.0 0 1.7 7 200 M M 0 1 10 350
21 98 76 87 6 0 22 0.00 0.0 0 2.3 7 200 M M 1 18 12 260
22 96 72 84 3 0 19 1.58 0.0 0 2.7 30 360 M M 3 123 36 360
23 86 73 80 -1 0 15 0.44 0.0 0 2.4 12 180 M M 5 13 17 240
24 93 74 84 3 0 19 0.00 0.0 0 1.6 10 190 M M 5 3 14 200
25 94 73 84 3 0 19 0.00 0.0 0 1.0 7 300 M M 1 10 310
26 96 73 85 3 0 20 0.00 0.0 0 2.1 9 40 M M 1 1 14 80
27 95 73 84 2 0 19 0.00 0.0 0 3.3 10 160 M M 1 13 15 160
28 88 77 83 1 0 18 0.03 0.0 M 2.1 14 20 M M 3 13 20 30
29 92 74 83 1 0 18 0.06 0.0 M 1.3 24 10 M M 3 13 33 10
30 98 73 86 4 0 21 3.43 0.0 0 1.7 20 200 M M 1 1238 34 180
31 94 72 83 1 0 18 T 0.0 0 1.7 14 70 M M 2 1 22 70
================================================================================
SM 2927 2294 0 602 8.02 0.0 59.0 M 70
================================================================================
AV 94.4 74.0 1.9 FASTST M M 2 MAX(MPH)
MISC ----> 30 360 36 360
================================================================================
NOTES:
# LAST OF SEVERAL OCCURRENCES
COLUMN 17 PEAK WIND IN M.P.H.
PRELIMINARY LOCAL CLIMATOLOGICAL DATA (WS FORM: F-6) , PAGE 2
STATION: VALDOSTA
MONTH: JULY
YEAR: 2023
LATITUDE: 30 46 N
LONGITUDE: 83 17 W
[TEMPERATURE DATA] [PRECIPITATION DATA] SYMBOLS USED IN COLUMN 16
AVERAGE MONTHLY: 84.2 TOTAL FOR MONTH: 8.02 1 = FOG OR MIST
DPTR FM NORMAL: 3.1 DPTR FM NORMAL: 2.69 2 = FOG REDUCING VISIBILITY
HIGHEST: 98 ON 30,21 GRTST 24HR 3.43 ON 30-30 TO 1/4 MILE OR LESS
LOWEST: 72 ON 31,22 3 = THUNDER
SNOW, ICE PELLETS, HAIL 4 = ICE PELLETS
TOTAL MONTH: 0.0 INCH 5 = HAIL
GRTST 24HR 0.0 6 = FREEZING RAIN OR DRIZZLE
GRTST DEPTH: 0 7 = DUSTSTORM OR SANDSTORM:
VSBY 1/2 MILE OR LESS
8 = SMOKE OR HAZE
[NO. OF DAYS WITH] [WEATHER - DAYS WITH] 9 = BLOWING SNOW
X = TORNADO
MAX 32 OR BELOW: 0 0.01 INCH OR MORE: 14
MAX 90 OR ABOVE: 28 0.10 INCH OR MORE: 8
MIN 32 OR BELOW: 0 0.50 INCH OR MORE: 3
MIN 0 OR BELOW: 0 1.00 INCH OR MORE: 3
[HDD (BASE 65) ]
TOTAL THIS MO. 0 CLEAR (SCALE 0-3) 23
DPTR FM NORMAL 0 PTCLDY (SCALE 4-7) 8
TOTAL FM JUL 1 0 CLOUDY (SCALE 8-10) 0
DPTR FM NORMAL 0
[CDD (BASE 65) ]
TOTAL THIS MO. 602
DPTR FM NORMAL 103 [PRESSURE DATA]
TOTAL FM JAN 1 1744 HIGHEST SLP 30.17 ON 25
DPTR FM NORMAL 406 LOWEST SLP 29.86 ON 8
[REMARKS]
#FINAL-07-23#