000
CXUS56 KLOX 011155
CF6VNY
PRELIMINARY LOCAL CLIMATOLOGICAL DATA (WS FORM: F-6)
STATION: VAN NUYS AIRPORT CA
MONTH: JULY
YEAR: 2023
LATITUDE: 34 13 N
LONGITUDE: 118 29 W
TEMPERATURE IN F: :PCPN: SNOW: WIND :SUNSHINE: SKY :PK WND
================================================================================
1 2 3 4 5 6A 6B 7 8 9 10 11 12 13 14 15 16 17 18
12Z AVG MX 2MIN
DY MAX MIN AVG DEP HDD CDD WTR SNW DPTH SPD SPD DIR MIN PSBL S-S WX SPD DR
================================================================================
1 99 62 81 5 0 16 0.00 M M 5.5 14 120 M M 0 8 17 80
2 94 64 79 3 0 14 0.00 M M 4.7 13 140 M M 0 8 17 150
3 94 64 79 3 0 14 0.00 M M 5.7 16 150 M M 0 19 140
4 90 61 76 0 0 11 0.00 M M 6.3 14 150 M M 1 18 19 150
5 91 59 75 -1 0 10 0.00 M M 6.0 14 150 M M 3 18 18 170
6 84 60 72 -5 0 7 0.00 M M 6.5 16 140 M M 0 8 21 140
7 84 60 72 -5 0 7 0.00 M M 5.7 15 140 M M 3 8 20 150
8 85 60 73 -4 0 8 0.00 M M 6.4 15 150 M M 1 8 20 150
9 88 60 74 -3 0 9 0.00 M M 4.2 13 140 M M 2 8 17 140
10 96 61 79 2 0 14 0.00 M M 4.9 14 150 M M 0 17 160
11 97 65 81 3 0 16 0.00 M M 4.7 14 150 M M 0 19 140
12 97 71 84 6 0 19 0.00 M M 4.1 14 150 M M 0 20 140
13 99 72 86 8 0 21 0.00 M M 5.1 14 110 M M 0 19 120
14 101 67 84 6 0 19 0.00 M M 4.6 10 130 M M 0 15 120
15 100 70 85 7 0 20 0.00 M M 4.6 15 130 M M 0 24 90
16 98 70 84 6 0 19 0.00 M M 5.6 15 160 M M 0 19 110
17 100 73 87 9 0 22 0.00 M M 5.8 16 160 M M 0 20 160
18 99 72 86 8 0 21 0.00 M M 5.3 15 140 M M 0 19 130
19 102 72 87 9 0 22 0.00 M M 4.0 14 150 M M 0 19 150
20 102 72 87 9 0 22 0.00 M M 4.7 14 160 M M 0 8 18 140
21 96 71 84 6 0 19 0.00 M M 5.0 17 160 M M 0 21 160
22 99 68 84 6 0 19 0.00 M M 5.3 13 110 M M 0 18 120
23 98 68 83 5 0 18 0.00 M M 5.1 15 150 M M 0 18 150
24 103 69 86 7 0 21 0.00 M M 5.4 15 140 M M 0 19 130
25 104 73 89 10 0 24 0.00 M M 5.1 13 110 M M 0 18 140
26 103 74 89 10 0 24 0.00 M M 4.1 13 110 M M 0 17 130
27 102 73 88 9 0 23 0.00 M M 5.2 13 130 M M 0 17 160
28 99 71 85 6 0 20 0.00 M M 5.2 17 140 M M 0 24 140
29 101 70 86 7 0 21 0.00 M M 4.5 15 160 M M 0 19 170
30 98 72 85 6 0 20 0.00 M M 5.3 15 110 M M 0 21 130
31 98 73 86 7 0 21 0.00 M M 4.8 16 140 M M 2 8 19 130
================================================================================
SM 3001 2097 0 541 0.00 M 159.4 M 12
================================================================================
AV 96.8 67.6 5.1 FASTST M M 0 MAX(MPH)
MISC ----> # 17 160 # 24 90
================================================================================
NOTES:
# LAST OF SEVERAL OCCURRENCES
COLUMN 17 PEAK WIND IN M.P.H.
PRELIMINARY LOCAL CLIMATOLOGICAL DATA (WS FORM: F-6) , PAGE 2
STATION: VAN NUYS AIRPORT CA
MONTH: JULY
YEAR: 2023
LATITUDE: 34 13 N
LONGITUDE: 118 29 W
[TEMPERATURE DATA] [PRECIPITATION DATA] SYMBOLS USED IN COLUMN 16
AVERAGE MONTHLY: 82.2 TOTAL FOR MONTH: 0.00 1 = FOG OR MIST
DPTR FM NORMAL: 4.4 DPTR FM NORMAL: 0.00 2 = FOG REDUCING VISIBILITY
HIGHEST: 104 ON 25 GRTST 24HR 0.00 ON 1- 1 TO 1/4 MILE OR LESS
LOWEST: 59 ON 5 3 = THUNDER
SNOW, ICE PELLETS, HAIL 4 = ICE PELLETS
TOTAL MONTH: M 5 = HAIL
GRTST 24HR M ON M 6 = FREEZING RAIN OR DRIZZLE
GRTST DEPTH: M ON M 7 = DUSTSTORM OR SANDSTORM:
VSBY 1/2 MILE OR LESS
8 = SMOKE OR HAZE
[NO. OF DAYS WITH] [WEATHER - DAYS WITH] 9 = BLOWING SNOW
X = TORNADO
MAX 32 OR BELOW: 0 0.01 INCH OR MORE: 0
MAX 90 OR ABOVE: 27 0.10 INCH OR MORE: 0
MIN 32 OR BELOW: 0 0.50 INCH OR MORE: 0
MIN 0 OR BELOW: 0 1.00 INCH OR MORE: 0
[HDD (BASE 65) ]
TOTAL THIS MO. 0 CLEAR (SCALE 0-3) 30
DPTR FM NORMAL 0 PTCLDY (SCALE 4-7) 1
TOTAL FM JUL 1 0 CLOUDY (SCALE 8-10) 0
DPTR FM NORMAL 0
[CDD (BASE 65) ]
TOTAL THIS MO. 541
DPTR FM NORMAL 146 [PRESSURE DATA]
TOTAL FM JAN 1 815 HIGHEST SLP M ON M
DPTR FM NORMAL -19 LOWEST SLP 29.75 ON 7
[REMARKS]
#FINAL-07-23#