000
CXUS52 KFFC 011010
CF6VPC
PRELIMINARY LOCAL CLIMATOLOGICAL DATA (WS FORM: F-6)
STATION: CARTERSVILLE
MONTH: APRIL
YEAR: 2021
LATITUDE: 34 7 N
LONGITUDE: 84 51 W
TEMPERATURE IN F: :PCPN: SNOW: WIND :SUNSHINE: SKY :PK WND
================================================================================
1 2 3 4 5 6A 6B 7 8 9 10 11 12 13 14 15 16 17 18
12Z AVG MX 2MIN
DY MAX MIN AVG DEP HDD CDD WTR SNW DPTH SPD SPD DIR MIN PSBL S-S WX SPD DR
================================================================================
1 54 39 47 -9 18 0 0.00 M M 7.4 22 360 M M 0 29 360
2 55 32 44 -12 21 0 0.00 M M 4.9 15 360 M M 0 24 20
3 66 28 47 -9 18 0 0.00 M M 1.4 9 160 M M 0 12 170
4 74 31 53 -3 12 0 0.00 M M 0.7 9 180 M M 0 13 350
5 79 38 59 3 6 0 0.00 M M 0.8 8 200 M M 0 11 350
6 81 43 62 5 3 0 0.00 M M 1.2 7 350 M M 0 10 320
7 82 48 65 8 0 0 0.00 M M 1.9 10 160 M M 1 14 160
8 81 59 70 13 0 5 T M M 6.4 15 190 M M 4 22 180
9 83 54 69 12 0 4 0.00 M M 4.7 18 160 M M 2 1 27 160
10 74 61 68 10 0 3 0.20 M M 4.9 13 120 M M 7 1 18 110
11 75 51 63 5 2 0 0.00 M M 2.0 9 220 M M 2 14 230
12 84 44 64 6 1 0 0.00 M M 1.1 9 30 M M 0 15 220
13 84 49 67 9 0 2 0.00 M M 1.4 8 260 M M 0 21 260
14 81 50 66 7 0 1 0.00 M M 3.1 10 250 M M 5 18 21 250
15 M M M M M M M M M 5.4 12 270 M M 10 1 M M
16 M M M M M M 0.00 M M 2.7 10 280 M M 1 15 99
17 70 50 60 0 5 0 0.00 M M 4.4 12 280 M M 7 23 280
18 70 43 57 -3 8 0 0.00 M M 3.9 15 270 M M 4 21 270
19 70 46 58 -2 7 0 0.00 M M 5.4 14 290 M M 3 29 310
20 75 45 60 0 5 0 0.00 M M 3.2 13 150 M M 3 1 22 150
21 54 41 48 -13 17 0 0.00 M M 5.9 15 280 M M 3 18 26 300
22 63 30 47 -14 18 0 0.00 M M 2.1 10 280 M M 1 16 310
23 68 37 53 -8 12 0 0.00 M M 2.3 8 70 M M 5 8 12 80
24 73 50 62 1 3 0 1.38 M M 5.7 12 310 M M 8 1 21 110
25 66 50 58 -4 7 0 0.00 M M 6.6 10 300 M M 5 24 350
26 81 45 63 1 2 0 0.00 M M 3.6 12 140 M M 0 17 110
27 82 55 69 7 0 4 0.00 M M 3.8 13 180 M M 3 18 16 180
28 84 63 74 11 0 9 0.00 M M 2.7 8 180 M M 5 8 15 170
29 77 59 68 5 0 3 0.05 M M 4.2 14 260 M M 7 23 260
30 75 59 67 4 0 2 0.01 M M 6.1 10 280 M M 2 18 280
================================================================================
SM 2061 1300 165 33 1.64 M 109.9 M 88
================================================================================
AV 73.6 46.4 3.7 FASTST M M 3 MAX(MPH)
MISC ----> 22 360 29 360
================================================================================
NOTES:
# LAST OF SEVERAL OCCURRENCES
COLUMN 17 PEAK WIND IN M.P.H.
PRELIMINARY LOCAL CLIMATOLOGICAL DATA (WS FORM: F-6) , PAGE 2
STATION: CARTERSVILLE
MONTH: APRIL
YEAR: 2021
LATITUDE: 34 7 N
LONGITUDE: 84 51 W
[TEMPERATURE DATA] [PRECIPITATION DATA] SYMBOLS USED IN COLUMN 16
AVERAGE MONTHLY: 60.0 TOTAL FOR MONTH: 1.64 1 = FOG OR MIST
DPTR FM NORMAL: 0.8 DPTR FM NORMAL: -2.27 2 = FOG REDUCING VISIBILITY
HIGHEST: 84 ON 28,13 GRTST 24HR 1.38 ON 24-24 TO 1/4 MILE OR LESS
LOWEST: 28 ON 3 3 = THUNDER
SNOW, ICE PELLETS, HAIL 4 = ICE PELLETS
TOTAL MONTH: 0.0 INCH 5 = HAIL
GRTST 24HR M ON M 6 = FREEZING RAIN OR DRIZZLE
GRTST DEPTH: M ON M 7 = DUSTSTORM OR SANDSTORM:
VSBY 1/2 MILE OR LESS
8 = SMOKE OR HAZE
[NO. OF DAYS WITH] [WEATHER - DAYS WITH] 9 = BLOWING SNOW
X = TORNADO
MAX 32 OR BELOW: 0 0.01 INCH OR MORE: 4
MAX 90 OR ABOVE: 0 0.10 INCH OR MORE: 2
MIN 32 OR BELOW: 4 0.50 INCH OR MORE: 1
MIN 0 OR BELOW: 0 1.00 INCH OR MORE: 1
[HDD (BASE 65) ]
TOTAL THIS MO. 165 CLEAR (SCALE 0-3) 18
DPTR FM NORMAL -31 PTCLDY (SCALE 4-7) 11
TOTAL FM JUL 1 2559 CLOUDY (SCALE 8-10) 1
DPTR FM NORMAL -666
[CDD (BASE 65) ]
TOTAL THIS MO. 33
DPTR FM NORMAL 12 [PRESSURE DATA]
TOTAL FM JAN 1 57 HIGHEST SLP M ON M
DPTR FM NORMAL 32 LOWEST SLP 29.60 ON 10
[REMARKS]
#FINAL-04-21#