000
CXUS55 KRIW 011913
CLMWRL
CLIMATE REPORT
NATIONAL WEATHER SERVICE RIVERTON WY
113 PM MDT MON APR 01 2024
...................................
...THE WORLAND WY CLIMATE SUMMARY FOR THE MONTH OF MARCH 2024...
CLIMATE NORMAL PERIOD: 1991 TO 2020
CLIMATE RECORD PERIOD: 1947 TO 2024
WEATHER OBSERVED NORMAL DEPART LAST YEAR`S
VALUE DATE(S) VALUE FROM VALUE
NORMAL
..............................................................
TEMPERATURE (F)
RECORD
HIGH 81 03/28/1986
LOW -28 03/04/1989
HIGHEST 66 03/18
LOWEST 13 03/05
AVG. MAXIMUM 50.5 51.1 -0.6
AVG. MINIMUM 22.2 21.6 0.6
MEAN 36.4 36.4 -0.0
DAYS MAX >= 90 0
DAYS MAX <= 32 1
DAYS MIN <= 32 31
DAYS MIN <= 0 0
PRECIPITATION (INCHES)
RECORD
MAXIMUM 2.19 1998
MINIMUM 0.00 2004
TOTALS 0.30 0.44 -0.14 0.44
DAILY AVG. 0.01 0.01 -0.00
DAYS >= .01 1
DAYS >= .10 1
DAYS >= .50 0
DAYS >= 1.00 0
GREATEST
24 HR. TOTAL 0.30 03/31 TO 03/31
STORM TOTAL 0.30
DEGREE DAYS
HEATING TOTAL 879 888 -9
SINCE 7/1 6458 6927 -469
COOLING TOTAL 0 0 0
SINCE 1/1 0 0 0
..............................................................
WIND (MPH)
AVERAGE WIND SPEED 6.6
RESULTANT WIND SPEED/DIRECTION 0/290
HIGHEST WIND SPEED/DIRECTION 39/310 DATE 03/28
HIGHEST GUST SPEED/DIRECTION 59/330 DATE 03/28
SKY COVER
POSSIBLE SUNSHINE (PERCENT) MM
AVERAGE SKY COVER 0.33
NUMBER OF DAYS FAIR 20
NUMBER OF DAYS PC 6
NUMBER OF DAYS CLOUDY 5
AVERAGE RH (PERCENT) 60
WEATHER CONDITIONS. NUMBER OF DAYS WITH
THUNDERSTORM 0 MIXED PRECIP 0
HEAVY RAIN 0 RAIN 0
LIGHT RAIN 3 FREEZING RAIN 0
LT FREEZING RAIN 0 HAIL 0
HEAVY SNOW 0 SNOW 1
LIGHT SNOW 3 SLEET 0
FOG 4 FOG W/VIS <= 1/4 MILE 1
HAZE 1
- INDICATES NEGATIVE NUMBERS.
R INDICATES RECORD WAS SET OR TIED.
MM INDICATES DATA IS MISSING.
T INDICATES TRACE AMOUNT.
$$