000
CXUS54 KFWD 010830
CF6XBP
PRELIMINARY LOCAL CLIMATOLOGICAL DATA (WS FORM: F-6)
STATION: BRIDGEPORT
MONTH: JANUARY
YEAR: 2021
LATITUDE: 33 10 N
LONGITUDE: 96 30 W
TEMPERATURE IN F: :PCPN: SNOW: WIND :SUNSHINE: SKY :PK WND
================================================================================
1 2 3 4 5 6A 6B 7 8 9 10 11 12 13 14 15 16 17 18
12Z AVG MX 2MIN
DY MAX MIN AVG DEP HDD CDD WTR SNW DPTH SPD SPD DIR MIN PSBL S-S WX SPD DR
================================================================================
1 38 33 36 -6 29 0 0.01 M M 10.2 15 320 M M 9 1 26 340
2 56 33 45 3 20 0 0.00 M M 3.8 8 170 M M 4 M M
3 61 29 45 3 20 0 0.00 M M 4.0 10 230 M M 0 18 240
4 64 29 47 5 18 0 0.00 M M 1.5 9 330 M M 0 16 330
5 65 29 47 5 18 0 0.00 M M 4.7 12 160 M M 0 20 160
6 59 47 53 11 12 0 0.00 M M 10.5 20 320 M M 9 27 320
7 50 40 45 3 20 0 0.00 M M 11.1 17 340 M M 9 25 340
8 49 28 39 -3 26 0 0.00 M M 6.6 10 360 M M 5 16 20
9 48 22 35 -7 30 0 0.00 M M 2.2 8 90 M M 0 1 M M
10 38 33 36 -6 29 0 0.02 M M 6.3 13 320 M M 9 21 320
11 47 31 39 -3 26 0 0.00 M M 5.2 9 340 M M 3 16 320
12 54 26 40 -2 25 0 0.00 M M 5.3 10 250 M M 0 17 240
13 63 32 48 6 17 0 0.00 M M 6.4 12 200 M M 0 M M
14 60 35 48 6 17 0 0.00 M M 10.6 24 350 M M 0 33 350
15 53 40 47 5 18 0 0.00 M M 12.3 24 320 M M 0 38 320
16 57 29 43 1 22 0 0.00 M M 4.8 10 320 M M 1 M M
17 59 32 46 4 19 0 0.00 M M 5.1 13 330 M M 0 16 330
18 68 26 47 5 18 0 0.00 M M 4.7 15 190 M M 1 23 190
19 57 47 52 10 13 0 0.00 M M 9.3 15 40 M M 10 22 40
20 47 42 45 3 20 0 0.21 M M 2.2 6 40 M M 8 M M
21 60 42 51 9 14 0 0.00 M M 3.0 7 230 M M 2 12 M M
22 50 42 46 3 19 0 0.00 M M 3.8 9 50 M M 10 12 M M
23 53 39 46 3 19 0 0.00 M M 3.8 12 160 M M 10 12 M M
24 56 52 54 11 11 0 0.02 M M 3.8 10 120 M M 10 12 M M
25 66 44 55 12 10 0 0.19 M M 9.7 16 320 M M 2 3 33 320
26 55 34 45 2 20 0 M M M 4.5 9 340 M M 2 17 340
27 46 27 37 -6 28 0 0.00 M M 7.0 16 350 M M 1 23 350
28 49 22 36 -7 29 0 0.00 M M 2.9 7 180 M M 0 M M
29 62 30 46 3 19 0 0.00 M M 5.8 13 170 M M 0 21 170
30 71 53 62 19 3 0 0.00 M M 15.1 29 280 M M 4 8 39 280
31 55 39 47 4 18 0 0.00 M M 10.8 17 340 M M 0 26 340
================================================================================
SM 1716 1087 607 0 0.45 M 197.2 M 109
================================================================================
AV 55.4 35.1 6.4 FASTST M M 4 MAX(MPH)
MISC ----> 29 280 39 280
================================================================================
NOTES:
# LAST OF SEVERAL OCCURRENCES
COLUMN 17 PEAK WIND IN M.P.H.
PRELIMINARY LOCAL CLIMATOLOGICAL DATA (WS FORM: F-6) , PAGE 2
STATION: BRIDGEPORT
MONTH: JANUARY
YEAR: 2021
LATITUDE: 33 10 N
LONGITUDE: 96 30 W
[TEMPERATURE DATA] [PRECIPITATION DATA] SYMBOLS USED IN COLUMN 16
AVERAGE MONTHLY: 45.2 TOTAL FOR MONTH: 0.45 1 = FOG OR MIST
DPTR FM NORMAL: 2.9 DPTR FM NORMAL: -1.10 2 = FOG REDUCING VISIBILITY
HIGHEST: 71 ON 30 GRTST 24HR 0.43 ON 20-20 TO 1/4 MILE OR LESS
LOWEST: 22 ON 28, 9 3 = THUNDER
SNOW, ICE PELLETS, HAIL 4 = ICE PELLETS
TOTAL MONTH: M 5 = HAIL
GRTST 24HR M ON M 6 = FREEZING RAIN OR DRIZZLE
GRTST DEPTH: M ON M 7 = DUSTSTORM OR SANDSTORM:
VSBY 1/2 MILE OR LESS
8 = SMOKE OR HAZE
[NO. OF DAYS WITH] [WEATHER - DAYS WITH] 9 = BLOWING SNOW
X = TORNADO
MAX 32 OR BELOW: 0 0.01 INCH OR MORE: 5
MAX 90 OR ABOVE: 0 0.10 INCH OR MORE: 2
MIN 32 OR BELOW: 14 0.50 INCH OR MORE: 0
MIN 0 OR BELOW: 0 1.00 INCH OR MORE: 0
[HDD (BASE 65) ]
TOTAL THIS MO. 607 CLEAR (SCALE 0-3) 19
DPTR FM NORMAL -97 PTCLDY (SCALE 4-7) 3
TOTAL FM JUL 1 1621 CLOUDY (SCALE 8-10) 9
DPTR FM NORMAL -256
[CDD (BASE 65) ]
TOTAL THIS MO. 0
DPTR FM NORMAL 0 [PRESSURE DATA]
TOTAL FM JAN 1 0 HIGHEST SLP M ON M
DPTR FM NORMAL 0 LOWEST SLP M ON M
[REMARKS]
#FINAL-01-21#