000
CXUS54 KTSA 010850
CF6XNA
PRELIMINARY LOCAL CLIMATOLOGICAL DATA (WS FORM: F-6)
STATION: HIGHFILL ARKANSAS
MONTH: MARCH
YEAR: 2023
LATITUDE: 36 16 N
LONGITUDE: 94 19 W
TEMPERATURE IN F: :PCPN: SNOW: WIND :SUNSHINE: SKY :PK WND
================================================================================
1 2 3 4 5 6A 6B 7 8 9 10 11 12 13 14 15 16 17 18
12Z AVG MX 2MIN
DY MAX MIN AVG DEP HDD CDD WTR SNW DPTH SPD SPD DIR MIN PSBL S-S WX SPD DR
================================================================================
1 64 46 55 10 10 0 0.00 0.0 M 8.6 18 360 M M 0 23 10
2 58 44 51 6 14 0 1.00 0.0 M 11.4 20 30 M M 8 13 27 50
3 49 35 42 -4 23 0 0.69 0.0 M 8.9 22 300 M M 8 1 32 290
4 63 31 47 1 18 0 0.00 0.0 M 2.8 9 80 M M 0 12 16 80
5 72 42 57 11 8 0 0.00 0.0 M 12.4 28 170 M M 0 37 200
6 76 54 65 18 0 0 0.00 0.0 M 11.3 21 190 M M 0 30 190
7 66 47 57 10 8 0 0.50 0.0 M 11.2 20 80 M M 4 13 33 80
8 55 47 51 4 14 0 1.11 0.0 M 5.9 22 130 M M 9 13 28 110
9 53 41 47 -1 18 0 0.33 0.0 M 7.1 18 350 M M 9 1 25 330
10 54 34 44 -4 21 0 0.00 0.0 M 7.3 14 360 M M 2 20 90
11 51 43 47 -1 18 0 0.03 0.0 M 9.6 21 350 M M 9 1 25 350
12 53 36 45 -3 20 0 0.00 0.0 M 11.5 21 10 M M 6 32 60
13 47 26 37 -12 28 0 0.00 0.0 M 8.1 15 330 M M 0 21 310
14 53 26 40 -9 25 0 0.00 0.0 M 4.6 10 120 M M 1 17 80
15 61 33 47 -2 18 0 0.00 0.0 M 13.6 25 170 M M 1 34 170
16 59 35 47 -3 18 0 0.54 0.0 M 16.6 28 180 M M 9 13 37 170
17 48 28 38 -12 27 0 0.00 0.0 M 12.6 25 340 M M 2 34 330
18 38 23 31 -19 34 0 0.00 0.0 M 12.0 21 300 M M 1 34 310
19 43 20 32 -18 33 0 0.00 0.0 M 4.8 10 320 M M 0 19 360
20 56 25 41 -10 24 0 T 0.0 M 13.0 28 170 M M 3 40 170
21 56 41 49 -2 16 0 0.25 0.0 M 11.8 21 170 M M 10 1 27 170
22 75 56 66 15 0 1 T 0.0 M 16.8 28 200 M M 7 39 220
23 69 51 60 8 5 0 2.20 0.0 M 10.7 21 210 M M 8 123 31 210
24 55 44 50 -2 15 0 1.17 0.0 M 8.1 20 60 M M 10 13 24 260
25 63 43 53 1 12 0 0.00 0.0 M 4.4 15 270 M M 5 20 260
26 67 40 54 1 11 0 0.00 0.0 M 8.4 21 350 M M 2 1 27 350
27 59 33 46 -7 19 0 0.00 0.0 M 8.1 15 10 M M 1 25 70
28 55 36 46 -7 19 0 0.00 0.0 M 8.4 21 360 M M 2 26 360
29 64 31 48 -5 17 0 0.00 0.0 M 7.2 18 220 M M 1 25 160
30 70 45 58 4 7 0 0.46 0.0 M 12.0 23 150 M M 9 13 31 170
31 80 59 70 16 0 5 0.01 0.0 M 17.9 39 250 M M 8 55 240
================================================================================
SM 1832 1195 500 6 8.29 0.0 307.1 M 135
================================================================================
AV 59.1 38.5 9.9 FASTST M M 4 MAX(MPH)
MISC ----> 39 250 55 240
================================================================================
NOTES:
# LAST OF SEVERAL OCCURRENCES
COLUMN 17 PEAK WIND IN M.P.H.
PRELIMINARY LOCAL CLIMATOLOGICAL DATA (WS FORM: F-6) , PAGE 2
STATION: HIGHFILL ARKANSAS
MONTH: MARCH
YEAR: 2023
LATITUDE: 36 16 N
LONGITUDE: 94 19 W
[TEMPERATURE DATA] [PRECIPITATION DATA] SYMBOLS USED IN COLUMN 16
AVERAGE MONTHLY: 48.8 TOTAL FOR MONTH: 8.29 1 = FOG OR MIST
DPTR FM NORMAL: -0.8 DPTR FM NORMAL: 4.76 2 = FOG REDUCING VISIBILITY
HIGHEST: 80 ON 31 GRTST 24HR 3.34 ON 23-24 TO 1/4 MILE OR LESS
LOWEST: 20 ON 19 3 = THUNDER
SNOW, ICE PELLETS, HAIL 4 = ICE PELLETS
TOTAL MONTH: 0.0 INCH 5 = HAIL
GRTST 24HR 0.0 6 = FREEZING RAIN OR DRIZZLE
GRTST DEPTH: M ON M 7 = DUSTSTORM OR SANDSTORM:
VSBY 1/2 MILE OR LESS
8 = SMOKE OR HAZE
[NO. OF DAYS WITH] [WEATHER - DAYS WITH] 9 = BLOWING SNOW
X = TORNADO
MAX 32 OR BELOW: 0 0.01 INCH OR MORE: 12
MAX 90 OR ABOVE: 0 0.10 INCH OR MORE: 10
MIN 32 OR BELOW: 8 0.50 INCH OR MORE: 7
MIN 0 OR BELOW: 0 1.00 INCH OR MORE: 4
[HDD (BASE 65) ]
TOTAL THIS MO. 500 CLEAR (SCALE 0-3) 16
DPTR FM NORMAL 17 PTCLDY (SCALE 4-7) 8
TOTAL FM JUL 1 3284 CLOUDY (SCALE 8-10) 7
DPTR FM NORMAL -264
[CDD (BASE 65) ]
TOTAL THIS MO. 6
DPTR FM NORMAL 0 [PRESSURE DATA]
TOTAL FM JAN 1 6 HIGHEST SLP M ON M
DPTR FM NORMAL -1 LOWEST SLP 29.29 ON 3
[REMARKS]
#FINAL-03-23#