000
CXUS54 KTSA 051224
CF6XNA
PRELIMINARY LOCAL CLIMATOLOGICAL DATA (WS FORM: F-6)
STATION: HIGHFILL ARKANSAS
MONTH: NOVEMBER
YEAR: 2022
LATITUDE: 36 16 N
LONGITUDE: 94 19 W
TEMPERATURE IN F: :PCPN: SNOW: WIND :SUNSHINE: SKY :PK WND
================================================================================
1 2 3 4 5 6A 6B 7 8 9 10 11 12 13 14 15 16 17 18
12Z AVG MX 2MIN
DY MAX MIN AVG DEP HDD CDD WTR SNW DPTH SPD SPD DIR MIN PSBL S-S WX SPD DR
================================================================================
1 76 42 59 5 6 0 0.00 0.0 M 3.9 13 190 M M 0 19 150
2 73 44 59 5 6 0 0.00 0.0 M 7.8 20 180 M M 1 28 180
3 76 52 64 11 1 0 0.00 0.0 M 14.0 25 170 M M 4 34 170
4 77 45 61 8 4 0 2.51 0.0 M 15.9 28 170 M M 8 13 37 180
5 58 42 50 -2 15 0 T 0.0 M 10.9 18 250 M M 5 1 28 240
6 73 46 60 8 5 0 0.00 0.0 M 8.9 21 170 M M 0 29 170
7 72 51 62 10 3 0 T 0.0 M 9.8 20 80 M M 2 31 70
8 78 60 69 18 0 4 0.00 0.0 M 8.2 17 200 M M 6 22 200
9 81 58 70 19 0 5 0.00 0.0 M 10.4 21 170 M M 2 1 28 210
10 76 60 68 18 0 3 0.00 0.0 M 10.4 21 180 M M 4 28 150
11 62 34 48 -2 17 0 0.38 0.0 M 15.7 23 360 M M 8 13 31 330
12 40 23 32 -18 33 0 0.00 0.0 M 7.2 17 320 M M 0 24 310
13 48 21 35 -14 30 0 0.00 0.0 M 5.2 10 120 M M 0 15 90
14 45 29 37 -12 28 0 0.20 M M 5.4 13 60 M M 8 1 20 60
15 38 28 33 -16 32 0 0.00 0.0 M 6.3 14 310 M M 7 1 22 310
16 41 21 31 -17 34 0 T M M 8.1 22 330 M M 1 30 340
17 51 19 35 -13 30 0 T M M 7.4 24 360 M M 2 1 33 360
18 33 25 29 -19 36 0 0.02 M M 6.9 20 360 M M 10 1 25 360
19 44 20 32 -15 33 0 0.00 0.0 M 7.2 18 270 M M 2 24 300
20 47 18 33 -14 32 0 0.00 0.0 M 3.6 10 190 M M 0 13 200
21 55 22 39 -7 26 0 0.00 0.0 M 5.6 16 200 M M 0 21 190
22 59 28 44 -2 21 0 0.00 0.0 M 4.7 14 200 M M 0 18 210
23 61 32 47 1 18 0 0.20 0.0 M 7.1 22 160 M M 5 13 27 160
24 52 48 50 5 15 0 1.16 0.0 M 6.7 22 170 M M 10 13 27 180
25 59 40 50 5 15 0 0.00 0.0 M 6.6 15 30 M M 4 1 20 30
26 52 36 44 -1 21 0 0.92 0.0 M 6.4 16 80 M M 7 1 20 70
27 50 37 44 0 21 0 0.04 0.0 M 8.8 24 260 M M 9 1 31 260
28 60 29 45 1 20 0 0.00 0.0 M 8.0 21 180 M M 1 12 25 170
29 72 32 52 8 13 0 0.00 0.0 M 17.8 29 200 M M 5 41 210
30 44 22 33 -10 32 0 T M M 7.4 22 330 M M 1 34 330
================================================================================
SM 1753 1064 547 12 5.43 0.0 252.3 M 112
================================================================================
AV 58.4 35.5 8.4 FASTST M M 4 MAX(MPH)
MISC ----> 29 200 41 210
================================================================================
NOTES:
# LAST OF SEVERAL OCCURRENCES
COLUMN 17 PEAK WIND IN M.P.H.
PRELIMINARY LOCAL CLIMATOLOGICAL DATA (WS FORM: F-6) , PAGE 2
STATION: HIGHFILL ARKANSAS
MONTH: NOVEMBER
YEAR: 2022
LATITUDE: 36 16 N
LONGITUDE: 94 19 W
[TEMPERATURE DATA] [PRECIPITATION DATA] SYMBOLS USED IN COLUMN 16
AVERAGE MONTHLY: 47.0 TOTAL FOR MONTH: 5.43 1 = FOG OR MIST
DPTR FM NORMAL: -1.5 DPTR FM NORMAL: 1.69 2 = FOG REDUCING VISIBILITY
HIGHEST: 81 ON 9 GRTST 24HR 2.51 ON 4- 4 TO 1/4 MILE OR LESS
LOWEST: 18 ON 20 3 = THUNDER
SNOW, ICE PELLETS, HAIL 4 = ICE PELLETS
TOTAL MONTH: 0.0 INCH 5 = HAIL
GRTST 24HR 0.0 6 = FREEZING RAIN OR DRIZZLE
GRTST DEPTH: M ON M 7 = DUSTSTORM OR SANDSTORM:
VSBY 1/2 MILE OR LESS
8 = SMOKE OR HAZE
[NO. OF DAYS WITH] [WEATHER - DAYS WITH] 9 = BLOWING SNOW
X = TORNADO
MAX 32 OR BELOW: 0 0.01 INCH OR MORE: 8
MAX 90 OR ABOVE: 0 0.10 INCH OR MORE: 6
MIN 32 OR BELOW: 15 0.50 INCH OR MORE: 3
MIN 0 OR BELOW: 0 1.00 INCH OR MORE: 2
[HDD (BASE 65) ]
TOTAL THIS MO. 547 CLEAR (SCALE 0-3) 15
DPTR FM NORMAL 49 PTCLDY (SCALE 4-7) 11
TOTAL FM JUL 1 736 CLOUDY (SCALE 8-10) 4
DPTR FM NORMAL -7
[CDD (BASE 65) ]
TOTAL THIS MO. 12
DPTR FM NORMAL 9 [PRESSURE DATA]
TOTAL FM JAN 1 1911 HIGHEST SLP M ON M
DPTR FM NORMAL 352 LOWEST SLP 29.48 ON 26
[REMARKS]
#FINAL-11-22#