000
CXAK56 PAJK 011410
CF6YAK
PRELIMINARY LOCAL CLIMATOLOGICAL DATA (WS FORM: F-6)
STATION: YAKUTAT
MONTH: NOVEMBER
YEAR: 2020
LATITUDE: 59 31 N
LONGITUDE: 139 40 W
TEMPERATURE IN F: :PCPN: SNOW: WIND :SUNSHINE: SKY :PK WND
================================================================================
1 2 3 4 5 6A 6B 7 8 9 10 11 12 13 14 15 16 17 18
12Z AVG MX 2MIN
DY MAX MIN AVG DEP HDD CDD WTR SNW DPTH SPD SPD DIR MIN PSBL S-S WX SPD DR
================================================================================
1 34 30 32 -4 33 0 0.02 M M 6.0 20 60 M M 6 1 27 40
2 32 24 28 -7 37 0 0.01 M M 6.5 23 60 M M 6 8 29 50
3 29 24 27 -8 38 0 0.30 M M 8.1 14 90 M M 9 128 19 80
4 30 16 23 -12 42 0 0.35 M M 3.3 13 80 M M 5 12 16 80
5 30 9 20 -14 45 0 0.00 M M 1.6 8 80 M M 2 1 11 70
6 34 21 28 -6 37 0 T M M 1.2 8 80 M M 9 128 11 70
7 31 16 24 -10 41 0 0.05 M M 2.3 10 60 M M 5 168 12 70
8 46 31 39 5 26 0 1.82 M M 13.4 32 110 M M 10 16 49 110
9 44 28 36 3 29 0 0.03 M M 0.9 8 40 M M 7 128 9 300
10 38 26 32 -1 33 0 0.01 M M 2.4 8 50 M M 3 11 60
11 44 33 39 6 26 0 0.74 M M 10.7 29 130 M M 10 16 44 110
12 38 36 37 4 28 0 0.42 M M 8.4 14 90 M M 10 1 22 90
13 38 32 35 3 30 0 0.31 M M 4.6 10 70 M M 9 18 15 100
14 36 26 31 -1 34 0 0.24 M M 6.2 14 80 M M 7 1 21 90
15 32 18 25 -7 40 0 0.00 M M 1.5 6 110 M M 0 1 8 100
16 33 14 24 -8 41 0 0.00 M M 0.4 6 80 M M 0 1 7 90
17 36 10 23 -9 42 0 0.00 M M 2.1 15 20 M M 0 8 18 20
18 35 21 28 -4 37 0 0.00 M M 7.9 22 70 M M 2 28 70
19 29 12 21 -10 44 0 0.00 M M 0.6 5 110 M M 5 6 100
20 31 10 21 -10 44 0 T M M 3.1 10 60 M M 2 13 50
21 40 31 36 5 29 0 0.91 M M 9.5 21 70 M M 9 1 29 80
22 35 26 31 0 34 0 M M M 2.7 12 130 M M 5 12 15 130
23 38 27 33 2 32 0 1.23 M M 11.9 22 80 M M 8 1 33 70
24 39 29 34 3 31 0 T M M 2.0 8 300 M M 6 1 11 300
25 41 29 35 4 30 0 1.11 M M 9.2 28 100 M M 9 1 44 110
26 39 33 36 5 29 0 0.23 M M 5.0 20 260 M M 8 1 27 270
27 37 33 35 4 30 0 0.40 M M 8.0 20 120 M M 10 1 28 120
28 43 33 38 7 27 0 0.91 M M 16.8 39 120 M M 10 1 64 120
29 43 30 37 6 28 0 0.31 M M 9.3 26 160 M M 8 1 41 160
30 41 28 35 5 30 0 0.93 M M 12.1 37 120 M M 9 63 110
================================================================================
SM 1096 736 1027 0 10.33 M 177.7 M 189
================================================================================
AV 36.5 24.5 5.9 FASTST M M 6 MAX(MPH)
MISC ----> 39 120 64 120
================================================================================
NOTES:
# LAST OF SEVERAL OCCURRENCES
COLUMN 17 PEAK WIND IN M.P.H.
PRELIMINARY LOCAL CLIMATOLOGICAL DATA (WS FORM: F-6) , PAGE 2
STATION: YAKUTAT
MONTH: NOVEMBER
YEAR: 2020
LATITUDE: 59 31 N
LONGITUDE: 139 40 W
[TEMPERATURE DATA] [PRECIPITATION DATA] SYMBOLS USED IN COLUMN 16
AVERAGE MONTHLY: 30.5 TOTAL FOR MONTH: 10.33 1 = FOG OR MIST
DPTR FM NORMAL: -1.8 DPTR FM NORMAL: -4.12 2 = FOG REDUCING VISIBILITY
HIGHEST: 46 ON 8 GRTST 24HR 1.85 ON 7- 8 TO 1/4 MILE OR LESS
LOWEST: 9 ON 5 3 = THUNDER
SNOW, ICE PELLETS, HAIL 4 = ICE PELLETS
TOTAL MONTH: M 5 = HAIL
GRTST 24HR M ON M 6 = FREEZING RAIN OR DRIZZLE
GRTST DEPTH: M ON M 7 = DUSTSTORM OR SANDSTORM:
VSBY 1/2 MILE OR LESS
8 = SMOKE OR HAZE
[NO. OF DAYS WITH] [WEATHER - DAYS WITH] 9 = BLOWING SNOW
X = TORNADO
MAX 32 OR BELOW: 8 0.01 INCH OR MORE: 20
MAX 90 OR ABOVE: 0 0.10 INCH OR MORE: 15
MIN 32 OR BELOW: 25 0.50 INCH OR MORE: 7
MIN 0 OR BELOW: 0 1.00 INCH OR MORE: 3
[HDD (BASE 65) ]
TOTAL THIS MO. 1027 CLEAR (SCALE 0-3) 6
DPTR FM NORMAL 48 PTCLDY (SCALE 4-7) 11
TOTAL FM JUL 1 2816 CLOUDY (SCALE 8-10) 13
DPTR FM NORMAL -70
[CDD (BASE 65) ]
TOTAL THIS MO. 0
DPTR FM NORMAL 0 [PRESSURE DATA]
TOTAL FM JAN 1 0 HIGHEST SLP M ON M
DPTR FM NORMAL 0 LOWEST SLP 28.92 ON 23
[REMARKS]
#FINAL-11-20#