000
CXAK56 PAJK 061318
CF6YAK
PRELIMINARY LOCAL CLIMATOLOGICAL DATA (WS FORM: F-6)
STATION: YAKUTAT
MONTH: JUNE
YEAR: 2020
LATITUDE: 59 31 N
LONGITUDE: 139 40 W
TEMPERATURE IN F: :PCPN: SNOW: WIND :SUNSHINE: SKY :PK WND
================================================================================
1 2 3 4 5 6A 6B 7 8 9 10 11 12 13 14 15 16 17 18
12Z AVG MX 2MIN
DY MAX MIN AVG DEP HDD CDD WTR SNW DPTH SPD SPD DIR MIN PSBL S-S WX SPD DR
================================================================================
1 51 46 49 1 16 0 0.40 M M 7.8 18 120 M M 10 18 26 80
2 51 45 48 0 17 0 0.35 M M 7.6 14 80 M M 10 18 18 70
3 53 38 46 -3 19 0 0.38 M M 7.6 17 160 M M 6 1 24 150
4 58 35 47 -2 18 0 0.01 M M 3.7 10 40 M M 5 13 220
5 59 36 48 -1 17 0 0.00 M M 6.9 16 270 M M 0 19 270
6 57 48 53 4 12 0 T M M 8.1 18 290 M M 8 23 290
7 53 48 51 1 14 0 0.05 M M 4.4 9 160 M M 10 1 14 190
8 53 38 46 -4 19 0 0.09 M M 3.9 14 200 M M 9 1 17 200
9 61 34 48 -2 17 0 0.00 M M 4.4 14 290 M M 3 28 17 280
10 60 45 53 3 12 0 0.01 M M 6.5 15 350 M M 6 1 20 120
11 64 37 51 1 14 0 0.00 M M 3.8 10 220 M M 0 1 14 180
12 64 43 54 4 11 0 0.00 M M 4.8 14 270 M M 2 2 18 280
13 58 50 54 4 11 0 0.00 M M 6.2 13 220 M M 9 1 16 270
14 54 50 52 1 13 0 0.28 M M 2.5 7 180 M M 10 1 8 200
15 58 49 54 3 11 0 0.00 M M 4.9 15 280 M M 10 1 19 260
16 56 50 53 2 12 0 0.13 M M 5.5 15 230 M M 10 1 18 210
17 54 49 52 1 13 0 0.16 M M 7.6 14 90 M M 10 1 20 110
18 56 49 53 2 12 0 0.13 M M 3.1 8 360 M M 10 1 9 220
19 58 50 54 3 11 0 0.01 M M 6.2 10 280 M M 7 1 16 130
20 52 48 50 -2 15 0 0.08 M M 5.2 13 270 M M 10 1 16 270
21 54 47 51 -1 14 0 0.45 M M 5.7 14 150 M M 10 1 19 160
22 58 46 52 0 13 0 0.00 M M 4.1 13 220 M M 9 17 230
23 57 46 52 0 13 0 0.18 M M 4.7 15 220 M M 10 1 21 240
24 52 47 50 -2 15 0 0.86 M M 6.5 13 130 M M 10 1 18 120
25 52 47 50 -2 15 0 0.46 M M 7.3 15 80 M M 10 1 20 140
26 58 46 52 0 13 0 T M M 3.8 12 210 M M 7 14 210
27 62 43 53 1 12 0 0.00 M M 5.2 16 240 M M 3 1 19 230
28 55 43 49 -4 16 0 0.22 M M 3.4 9 200 M M 9 1 13 170
29 59 48 54 1 11 0 0.02 M M 5.8 15 240 M M 8 1 19 240
30 57 51 54 1 11 0 0.08 M M 3.2 12 240 M M 10 1 14 230
================================================================================
SM 1694 1352 417 0 4.35 M 160.4 M 231
================================================================================
AV 56.5 45.1 5.3 FASTST M M 8 MAX(MPH)
MISC ----> # 18 120 # 26 80
================================================================================
NOTES:
# LAST OF SEVERAL OCCURRENCES
COLUMN 17 PEAK WIND IN M.P.H.
PRELIMINARY LOCAL CLIMATOLOGICAL DATA (WS FORM: F-6) , PAGE 2
STATION: YAKUTAT
MONTH: JUNE
YEAR: 2020
LATITUDE: 59 31 N
LONGITUDE: 139 40 W
[TEMPERATURE DATA] [PRECIPITATION DATA] SYMBOLS USED IN COLUMN 16
AVERAGE MONTHLY: 50.8 TOTAL FOR MONTH: 4.35 1 = FOG OR MIST
DPTR FM NORMAL: -0.0 DPTR FM NORMAL: -2.04 2 = FOG REDUCING VISIBILITY
HIGHEST: 64 ON 12,11 GRTST 24HR 0.86 ON 24-24 TO 1/4 MILE OR LESS
LOWEST: 34 ON 9 3 = THUNDER
SNOW, ICE PELLETS, HAIL 4 = ICE PELLETS
TOTAL MONTH: M 5 = HAIL
GRTST 24HR M ON M 6 = FREEZING RAIN OR DRIZZLE
GRTST DEPTH: M ON M 7 = DUSTSTORM OR SANDSTORM:
VSBY 1/2 MILE OR LESS
8 = SMOKE OR HAZE
[NO. OF DAYS WITH] [WEATHER - DAYS WITH] 9 = BLOWING SNOW
X = TORNADO
MAX 32 OR BELOW: 0 0.01 INCH OR MORE: 20
MAX 90 OR ABOVE: 0 0.10 INCH OR MORE: 12
MIN 32 OR BELOW: 0 0.50 INCH OR MORE: 1
MIN 0 OR BELOW: 0 1.00 INCH OR MORE: 0
[HDD (BASE 65) ]
TOTAL THIS MO. 417 CLEAR (SCALE 0-3) 5
DPTR FM NORMAL -9 PTCLDY (SCALE 4-7) 6
TOTAL FM JUL 1 7968 CLOUDY (SCALE 8-10) 19
DPTR FM NORMAL -1041
[CDD (BASE 65) ]
TOTAL THIS MO. 0
DPTR FM NORMAL 0 [PRESSURE DATA]
TOTAL FM JAN 1 0 HIGHEST SLP 30.21 ON 28
DPTR FM NORMAL 0 LOWEST SLP 29.62 ON 20
[REMARKS]
#FINAL-06-20#