000
CXUS51 KCLE 041811
CLSYNG
CLIMATE REPORT
NATIONAL WEATHER SERVICE CLEVELAND, OH
111 PM EST MON DEC 04 2023
...................................
...THE YOUNGSTOWN OH CLIMATE SUMMARY FOR THE SEASON, FROM
9/1/2023 TO 11/30/2023...
CLIMATE NORMAL PERIOD 1991 TO 2020
CLIMATE RECORD PERIOD 1897 TO 2023
WEATHER OBSERVED NORMAL DEPART
VALUE DATE(S) VALUE FROM
NORMAL
................................................
TEMPERATURE (F)
RECORD
HIGH 99 09/05/1954
LOW 1 11/30/1976
11/30/1958
HIGHEST 90 09/05
LOWEST 16 11/29
AVG. MAXIMUM 63.3 62.0 1.3
AVG. MINIMUM 44.0 42.6 1.4
MEAN 53.7 52.3 1.4
DAYS MAX >= 90 1 0.7
DAYS MAX <= 32 2 1.7
DAYS MIN <= 32 19 18.8
DAYS MIN <= 0 0 0.0
PRECIPITATION (INCHES)
RECORD
MAXIMUM 15.85 2018
MINIMUM 3.08 1960
TOTALS 6.18 10.14 -3.96
DAYS >= .01 30 36.7
DAYS >= .10 15 21.2
DAYS >= .50 4 6.0
DAYS >= 1.00 0 1.9
SNOWFALL (INCHES)
RECORDS
TOTAL 30.6 1950
TOTALS 1.8 5.2
DAYS >= TRACE 5
DAYS >= 1.0 1 1.7
DEGREE DAYS
HEATING TOTAL 1107 1232 -125
COOLING TOTAL 98 74 24
................................................
WIND (MPH)
HIGHEST GUST SPEED/DIRECTION 37/260 DATE 11/27
SKY COVER
POSSIBLE SUNSHINE (PERCENT) MM
NUMBER OF DAYS FAIR 15
NUMBER OF DAYS PC 33
NUMBER OF DAYS CLOUDY 43
WEATHER CONDITIONS. NUMBER OF DAYS WITH
THUNDERSTORM 2 MIXED PRECIP 0
HEAVY RAIN 1 RAIN 6
LIGHT RAIN 35 FREEZING RAIN 0
LT FREEZING RAIN 0 HAIL 0
HEAVY SNOW 0 SNOW 1
LIGHT SNOW 5 SLEET 0
FOG 42 FOG W/VIS <= 1/4 MILE 7
HAZE 6
- INDICATES NEGATIVE NUMBERS.
R INDICATES RECORD WAS SET OR TIED.
MM INDICATES DATA IS MISSING.
T INDICATES TRACE AMOUNT.
$$