000
CXUS51 KPBZ 010730
CF6ZZV
PRELIMINARY LOCAL CLIMATOLOGICAL DATA (WS FORM: F-6)
STATION: ZANESVILLE OH
MONTH: MAY
YEAR: 2021
LATITUDE: 39 56 N
LONGITUDE: 81 54 W
TEMPERATURE IN F: :PCPN: SNOW: WIND :SUNSHINE: SKY :PK WND
================================================================================
1 2 3 4 5 6A 6B 7 8 9 10 11 12 13 14 15 16 17 18
12Z AVG MX 2MIN
DY MAX MIN AVG DEP HDD CDD WTR SNW DPTH SPD SPD DIR MIN PSBL S-S WX SPD DR
================================================================================
1 67 32 50 -8 15 0 0.00 M M 6.3 16 200 M M 0 22 250
2 80 50 65 7 0 0 T M M 8.2 18 250 M M 0 24 270
3 73 56 65 6 0 0 0.49 M M 6.2 14 180 M M 9 1 20 220
4 73 59 66 7 0 1 0.37 M M 7.6 23 260 M M 8 13 32 270
5 59 38 49 -10 16 0 T M M 6.9 17 340 M M 8 1 26 330
6 61 32 47 -13 18 0 0.00 M M 2.0 9 230 M M 4 12 13 250
7 60 43 52 -8 13 0 0.48 M M 6.4 17 270 M M 9 1 23 320
8 55 38 47 -13 18 0 0.00 M M 5.3 14 290 M M 4 20 280
9 52 41 47 -13 18 0 0.98 M M 6.9 18 340 M M 10 1 26 320
10 61 38 50 -11 15 0 0.00 M M 2.7 10 330 M M 6 15 310
11 58 37 48 -13 17 0 T M M 5.8 20 320 M M 6 25 320
12 63 32 48 -13 17 0 0.00 M M 4.8 14 30 M M 2 19 40
13 67 34 51 -11 14 0 0.00 M M 3.0 16 40 M M 2 21 40
14 68 36 52 -10 13 0 0.00 M M 1.6 10 330 M M 3 13 330
15 72 37 55 -7 10 0 0.00 M M 1.5 9 170 M M 1 13 290
16 72 52 62 0 3 0 0.00 M M 1.8 9 160 M M 5 17 140
17 72 49 61 -2 4 0 0.00 M M 3.1 10 200 M M 0 14 210
18 81 48 65 2 0 0 0.00 M M 1.7 12 130 M M 1 1 14 100
19 84 51 68 5 0 3 0.00 M M 2.8 10 140 M M 1 15 180
20 86 56 71 8 0 6 0.00 M M 4.0 13 150 M M 0 17 150
21 86 55 71 7 0 6 0.00 M M 3.1 12 150 M M 0 18 140
22 85 58 72 8 0 7 0.00 M M 3.5 14 280 M M 1 18 260
23 88 59 74 10 0 9 0.00 M M 4.7 13 290 M M 3 17 270
24 85 68 77 13 0 12 0.00 M M 4.5 13 310 M M 5 16 290
25 88 65 77 12 0 12 0.00 M M 5.8 20 190 M M 2 1 23 200
26 86 64 75 10 0 10 0.31 M M 6.6 30 270 M M 4 13 41 280
27 78 57 68 3 0 3 0.01 M M 2.8 7 100 M M 4 12 10 30
28 70 49 60 -6 5 0 0.39 M M 5.8 18 40 M M 7 1 24 350
29 54 47 51 -15 14 0 0.00 M M 7.8 15 340 M M 10 1 22 20
30 65 49 57 -9 8 0 0.00 M M 4.4 8 40 M M 10 1 M M
31 73 45 59 -7 6 0 0.00 M M 1.6 9 170 M M 2 12 12 170
================================================================================
SM 2222 1475 224 69 3.03 M 139.2 M 127
================================================================================
AV 71.7 47.6 4.5 FASTST M M 4 MAX(MPH)
MISC ----> 30 270 41 280
================================================================================
NOTES:
# LAST OF SEVERAL OCCURRENCES
COLUMN 17 PEAK WIND IN M.P.H.
PRELIMINARY LOCAL CLIMATOLOGICAL DATA (WS FORM: F-6) , PAGE 2
STATION: ZANESVILLE OH
MONTH: MAY
YEAR: 2021
LATITUDE: 39 56 N
LONGITUDE: 81 54 W
[TEMPERATURE DATA] [PRECIPITATION DATA] SYMBOLS USED IN COLUMN 16
AVERAGE MONTHLY: 59.6 TOTAL FOR MONTH: 3.03 1 = FOG OR MIST
DPTR FM NORMAL: -2.7 DPTR FM NORMAL: -0.76 2 = FOG REDUCING VISIBILITY
HIGHEST: 88 ON 25,23 GRTST 24HR 0.98 ON 9- 9 TO 1/4 MILE OR LESS
LOWEST: 32 ON 12, 6 3 = THUNDER
SNOW, ICE PELLETS, HAIL 4 = ICE PELLETS
TOTAL MONTH: M 5 = HAIL
GRTST 24HR M ON M 6 = FREEZING RAIN OR DRIZZLE
GRTST DEPTH: M ON M 7 = DUSTSTORM OR SANDSTORM:
VSBY 1/2 MILE OR LESS
8 = SMOKE OR HAZE
[NO. OF DAYS WITH] [WEATHER - DAYS WITH] 9 = BLOWING SNOW
X = TORNADO
MAX 32 OR BELOW: 0 0.01 INCH OR MORE: 7
MAX 90 OR ABOVE: 0 0.10 INCH OR MORE: 6
MIN 32 OR BELOW: 3 0.50 INCH OR MORE: 1
MIN 0 OR BELOW: 0 1.00 INCH OR MORE: 0
[HDD (BASE 65) ]
TOTAL THIS MO. 224 CLEAR (SCALE 0-3) 14
DPTR FM NORMAL 74 PTCLDY (SCALE 4-7) 12
TOTAL FM JUL 1 5105 CLOUDY (SCALE 8-10) 5
DPTR FM NORMAL -141
[CDD (BASE 65) ]
TOTAL THIS MO. 69
DPTR FM NORMAL 2 [PRESSURE DATA]
TOTAL FM JAN 1 79 HIGHEST SLP 30.47 ON 21
DPTR FM NORMAL 1 LOWEST SLP 29.58 ON 3
[REMARKS]
#FINAL-05-21#