000
CXUS51 KPBZ 010730
CF6ZZV
PRELIMINARY LOCAL CLIMATOLOGICAL DATA (WS FORM: F-6)
STATION: ZANESVILLE OH
MONTH: APRIL
YEAR: 2020
LATITUDE: 39 56 N
LONGITUDE: 81 54 W
TEMPERATURE IN F: :PCPN: SNOW: WIND :SUNSHINE: SKY :PK WND
================================================================================
1 2 3 4 5 6A 6B 7 8 9 10 11 12 13 14 15 16 17 18
12Z AVG MX 2MIN
DY MAX MIN AVG DEP HDD CDD WTR SNW DPTH SPD SPD DIR MIN PSBL S-S WX SPD DR
================================================================================
1 51 42 47 1 18 0 T M M 7.1 15 320 M M 10 1 20 330
2 60 35 48 1 17 0 0.00 M M 7.4 18 320 M M 3 23 310
3 66 29 48 1 17 0 0.00 M M 4.9 17 320 M M 0 23 320
4 68 32 50 2 15 0 0.00 M M 1.4 12 290 M M 2 15 330
5 56 41 49 1 16 0 0.06 M M 4.6 12 330 M M 9 15 340
6 68 32 50 2 15 0 T M M 3.5 9 150 M M 1 1 15 160
7 73 48 61 12 4 0 0.72 M M 5.4 15 190 M M 6 13 24 160
8 73 53 63 14 2 0 0.79 M M 5.8 30 340 M M 4 13 41 340
9 55 39 47 -2 18 0 0.29 M M 14.9 31 320 M M 8 13 43 320
10 48 34 41 -9 24 0 0.00 M M 12.9 25 320 M M 6 35 330
11 55 29 42 -8 23 0 0.00 M M 4.7 16 240 M M 4 23 250
12 67 43 55 5 10 0 0.51 M M 7.4 20 160 M M 8 1 29 170
13 62 40 51 0 14 0 0.32 M M 11.0 31 270 M M 9 1 46 270
14 45 34 40 -11 25 0 0.00 M M 5.5 17 270 M M 7 23 270
15 53 25 39 -12 26 0 0.02 M M 7.0 26 260 M M 3 1 37 270
16 49 27 38 -14 27 0 0.00 M M 7.5 22 250 M M 2 29 240
17 50 32 41 -11 24 0 0.36 M M 4.6 10 250 M M 9 1 M M
18 51 32 42 -10 23 0 0.00 M M 8.2 16 260 M M 6 1 23 220
19 60 35 48 -5 17 0 0.00 M M 7.2 17 180 M M 3 22 210
20 61 39 50 -3 15 0 0.00 M M 6.6 15 280 M M 1 24 250
21 55 35 45 -8 20 0 T M M 14.5 26 290 M M 5 35 280
22 54 26 40 -14 25 0 0.00 M M 4.5 9 80 M M 4 12 70
23 58 40 49 -5 16 0 0.05 M M 3.3 13 150 M M 7 8 15 130
24 67 52 60 6 5 0 0.00 M M 6.8 15 20 M M 9 22 360
25 70 45 58 3 7 0 0.17 M M 6.3 28 160 M M 6 1 35 150
26 57 43 50 -5 15 0 0.98 M M 8.5 17 340 M M 10 1 28 20
27 62 43 53 -2 12 0 T M M 6.2 15 360 M M 4 22 360
28 70 48 59 3 6 0 0.11 M M 5.8 15 180 M M 10 20 180
29 77 52 65 9 0 0 0.36 M M 10.8 29 160 M M 8 1 38 190
30 54 46 50 -6 15 0 0.11 M M 9.3 20 230 M M 10 1 29 230
================================================================================
SM 1795 1151 471 0 4.85 M 213.6 M 174
================================================================================
AV 59.8 38.4 7.1 FASTST M M 6 MAX(MPH)
MISC ----> # 31 320 46 270
================================================================================
NOTES:
# LAST OF SEVERAL OCCURRENCES
COLUMN 17 PEAK WIND IN M.P.H.
PRELIMINARY LOCAL CLIMATOLOGICAL DATA (WS FORM: F-6) , PAGE 2
STATION: ZANESVILLE OH
MONTH: APRIL
YEAR: 2020
LATITUDE: 39 56 N
LONGITUDE: 81 54 W
[TEMPERATURE DATA] [PRECIPITATION DATA] SYMBOLS USED IN COLUMN 16
AVERAGE MONTHLY: 49.1 TOTAL FOR MONTH: 4.85 1 = FOG OR MIST
DPTR FM NORMAL: -2.4 DPTR FM NORMAL: 1.41 2 = FOG REDUCING VISIBILITY
HIGHEST: 77 ON 29 GRTST 24HR 1.32 ON 7- 8 TO 1/4 MILE OR LESS
LOWEST: 25 ON 15 3 = THUNDER
SNOW, ICE PELLETS, HAIL 4 = ICE PELLETS
TOTAL MONTH: M 5 = HAIL
GRTST 24HR M ON M 6 = FREEZING RAIN OR DRIZZLE
GRTST DEPTH: M ON M 7 = DUSTSTORM OR SANDSTORM:
VSBY 1/2 MILE OR LESS
8 = SMOKE OR HAZE
[NO. OF DAYS WITH] [WEATHER - DAYS WITH] 9 = BLOWING SNOW
X = TORNADO
MAX 32 OR BELOW: 0 0.01 INCH OR MORE: 14
MAX 90 OR ABOVE: 0 0.10 INCH OR MORE: 11
MIN 32 OR BELOW: 9 0.50 INCH OR MORE: 4
MIN 0 OR BELOW: 0 1.00 INCH OR MORE: 0
[HDD (BASE 65) ]
TOTAL THIS MO. 471 CLEAR (SCALE 0-3) 7
DPTR FM NORMAL 58 PTCLDY (SCALE 4-7) 14
TOTAL FM JUL 1 4691 CLOUDY (SCALE 8-10) 9
DPTR FM NORMAL -652
[CDD (BASE 65) ]
TOTAL THIS MO. 0
DPTR FM NORMAL -8 [PRESSURE DATA]
TOTAL FM JAN 1 1 HIGHEST SLP 30.31 ON 17
DPTR FM NORMAL -8 LOWEST SLP 29.31 ON 13
[REMARKS]
#FINAL-04-20#