000
CXUS54 KSJT 261000
CF6ABI
PRELIMINARY LOCAL CLIMATOLOGICAL DATA (WS FORM: F-6)

                                          STATION:   ABILENE
                                          MONTH:     MAY
                                          YEAR:      2018
                                          LATITUDE:   32 25 N
                                          LONGITUDE:  99 41 W

  TEMPERATURE IN F:       :PCPN:    SNOW:  WIND      :SUNSHINE: SKY     :PK WND
================================================================================
1   2   3   4   5  6A  6B    7    8   9   10  11  12  13   14  15   16   17  18
                                     12Z  AVG MX 2MIN
DY MAX MIN AVG DEP HDD CDD  WTR  SNW DPTH SPD SPD DIR MIN PSBL S-S WX    SPD DR
================================================================================

 1  86  66  76   7   0  11 0.00  0.0    0 18.1 26 160   M    M   4        38 170
 2  92  69  81  12   0  16 0.01  0.0    0 20.3 31 170   M    M   2 13     43 170
 3  85  62  74   4   0   9 1.20  0.0    0 10.3 38 220   M    M   0 13     49 190
 4  74  57  66  -4   0   1    T  0.0    0  7.6 23 330   M    M   3        27 330
 5  82  54  68  -2   0   3    T  0.0    0  5.9 16 350   M    M   0        21  10
 6  90  56  73   3   0   8 0.00  0.0    0  6.0 12 240   M    M   0        16 250
 7  90  62  76   5   0  11 0.00  0.0    0  9.4 18 170   M    M   0        24 180
 8  93  68  81  10   0  16 0.00  0.0    0 16.4 22 190   M    M   0        35 200
 9  89  66  78   7   0  13 0.00  0.0    0 15.0 24 170   M    M   0        32 170
10  89  63  76   4   0  11 0.00  0.0    0 19.6 28 170   M    M   0        35 160
11  90  66  78   6   0  13 0.00  0.0    0 21.8 31 160   M    M   0        38 180
12  91  66  79   7   0  14 0.00  0.0    0 17.3 28 170   M    M   0        37 170
13  88  71  80   8   0  15 0.00  0.0    0 15.0 24 170   M    M   3        32 190
14  83  66  75   2   0  10 0.01  0.0    0 12.5 25 170   M    M   2        34 180
15  91  61  76   3   0  11 0.08  0.0    0 10.2 25 140   M    M   1 38     38 350
16  89  64  77   4   0  12 0.01  0.0    0  6.6 20  50   M    M   1 3      23  90
17  96  63  80   7   0  15    T  0.0    0 11.0 28  90   M    M   0 3      36  90
18  96  65  81   7   0  16 0.00  0.0    0 14.5 29 170   M    M   0 3      35 180
19  90  70  80   6   0  15 0.00  0.0    0 15.1 24 160   M    M   1        32 200
20  78  61  70  -4   0   5 0.46  0.0    0  9.5 28  20   M    M   4 13     38  30
21  86  62  74   0   0   9 0.00  0.0    0  7.1 17 140   M    M   5 1      20 140
22  86  63  75   0   0  10 0.00  0.0    0  9.8 17 140   M    M   1        21 160
23  90  67  79   4   0  14 0.00  0.0    0 11.3 21 130   M    M   1        26 120
24  92  66  79   4   0  14 0.16  0.0    0 10.2 23 290   M    M   1 13     30 280
25  97  65  81   6   0  16    T  0.0    0 12.0 37  80   M    M   0 3      47  70
================================================================================
SM 2213 1599         0 288  1.93     0.0 312.5          M       29
================================================================================
AV 88.5 64.0                              12.5 FASTST   M    M   1    MAX(MPH)
                                 MISC ---->  # 38 220               # 49  190
================================================================================
NOTES:
# LAST OF SEVERAL OCCURRENCES

COLUMN 17 PEAK WIND IN M.P.H.

PRELIMINARY LOCAL CLIMATOLOGICAL DATA (WS FORM: F-6) , PAGE 2

                                          STATION:  ABILENE
                                          MONTH:    MAY
                                          YEAR:     2018
                                          LATITUDE:   32 25 N
                                          LONGITUDE:  99 41 W

[TEMPERATURE DATA]      [PRECIPITATION DATA]       SYMBOLS USED IN COLUMN 16

AVERAGE MONTHLY: 76.2   TOTAL FOR MONTH:   1.93    1 = FOG OR MIST
DPTR FM NORMAL:   4.0   DPTR FM NORMAL:   -0.49    2 = FOG REDUCING VISIBILITY
HIGHEST:    97 ON 25    GRTST 24HR  1.20 ON  3- 3      TO 1/4 MILE OR LESS
LOWEST:     54 ON  5                               3 = THUNDER
                        SNOW, ICE PELLETS, HAIL    4 = ICE PELLETS
                        TOTAL MONTH:   0.0 INCH    5 = HAIL
                        GRTST 24HR     0.0         6 = FREEZING RAIN OR DRIZZLE
                        GRTST DEPTH:   0           7 = DUSTSTORM OR SANDSTORM:
                                                       VSBY 1/2 MILE OR LESS
                                                   8 = SMOKE OR HAZE
[NO. OF DAYS WITH]      [WEATHER - DAYS WITH]      9 = BLOWING SNOW
                                                   X = TORNADO
MAX 32 OR BELOW:   0    0.01 INCH OR MORE:   7
MAX 90 OR ABOVE:  13    0.10 INCH OR MORE:   3
MIN 32 OR BELOW:   0    0.50 INCH OR MORE:   1
MIN  0 OR BELOW:   0    1.00 INCH OR MORE:   1

[HDD (BASE 65) ]
TOTAL THIS MO.     0    CLEAR  (SCALE 0-3)  22
DPTR FM NORMAL   -13    PTCLDY (SCALE 4-7)   3
TOTAL FM JUL 1  2583    CLOUDY (SCALE 8-10)  0
DPTR FM NORMAL    28

[CDD (BASE 65) ]
TOTAL THIS MO.   288
DPTR FM NORMAL    90    [PRESSURE DATA]
TOTAL FM JAN 1   405    HIGHEST SLP M ON M
DPTR FM NORMAL    74    LOWEST  SLP 29.60 ON 18

[REMARKS]
